000
CXUS54 KSJT 280900
CF6SJT
PRELIMINARY LOCAL CLIMATOLOGICAL DATA (WS FORM: F-6)

                                          STATION:   SAN ANGELO
                                          MONTH:     FEBRUARY
                                          YEAR:      2015
                                          LATITUDE:   31 21 N
                                          LONGITUDE: 100 30 W

  TEMPERATURE IN F:       :PCPN:    SNOW:  WIND      :SUNSHINE: SKY     :PK WND
================================================================================
1   2   3   4   5  6A  6B    7    8   9   10  11  12  13   14  15   16   17  18
                                     12Z  AVG MX 2MIN
DY MAX MIN AVG DEP HDD CDD  WTR  SNW DPTH SPD SPD DIR MIN PSBL S-S WX    SPD DR
================================================================================

 1  57  38  48   0  17   0 0.00  0.0    0  9.8 21  20   M    M   4 1      25  30
 2  52  29  41  -7  24   0 0.00  0.0    0  6.0 18  30   M    M   0        22  30
 3  57  34  46  -2  19   0 0.00  0.0    0  8.7 20 190   M    M   0        26 200
 4  75  36  56   8   9   0 0.00  0.0    0 13.7 37  20   M    M   6        44  30
 5  41  31  36 -12  29   0    T  0.0    0  7.6 21  10   M    M   8 16     24  10
 6  65  27  46  -2  19   0 0.00  0.0    0  8.2 16 220   M    M   2        19 210
 7  75  44  60  11   5   0 0.00  0.0    0 15.9 24 200   M    M   4        29 210
 8  81  48  65  16   0   0 0.00  0.0    0 12.0 24  20   M    M   0        30 200
 9  81  39  60  11   5   0 0.00  0.0    0  4.2 10 200   M    M   0        13 150
10  83  44  64  15   1   0 0.00  0.0    0 11.2 28 200   M    M   0        33 210
11  71  47  59  10   6   0 0.00  0.0    0 14.1 31  10   M    M   1        36  20
12  55  44  50   0  15   0 0.00  0.0    0  9.2 23  30   M    M   9        29  30
13  73  42  58   8   7   0 0.00  0.0    0  5.4 18 230   M    M   3        22 240
14  76  40  58   8   7   0 0.00  0.0    0  6.9 13 190   M    M   0        17 190
15  75  55  65  15   0   0 0.01  0.0    0 14.0 24 180   M    M   4        31 180
16  63  30  47  -3  18   0 0.02    T    0 12.2 25  20   M    M   5 146    29  20
17  51  31  41 -10  24   0 0.08  1.0    1  5.7 20  10   M    M   8 1      22  10
18  68  27  48  -3  17   0 0.00  0.0    0  7.5 18 210   M    M   0        26 200
19  71  40  56   5   9   0 0.00  0.0    0 13.8 24 200   M    M   0        32 160
20  80  54  67  16   0   2 0.00  0.0    0 17.3 26 210   M    M   2        34 200
21  68  49  59   7   6   0 0.00  0.0    0  9.2 22 220   M    M   1        25 220
22  50  26  38 -14  27   0    T  0.0    0 16.2 28  30   M    M   9 16     32  30
23  27  23  25 -27  40   0    T    T    0 12.0 22  20   M    M  10 16     25  20
24  39  25  32 -20  33   0 0.03  0.0    0  5.5 10 230   M    M   8        12 230
25  65  34  50  -3  15   0 0.05  0.0    0 10.5 23 300   M    M   4        28 310
26  44  29  37 -16  28   0 0.04  0.2    0 15.9 28  30   M    M   8 6      33  30
27  29  23  26 -27  39   0 0.04  0.2    0 11.9 18  60   M    M  10 16     22  70
================================================================================
SM 1672  989       419   2  0.27     1.4 284.6          M      106
================================================================================
AV 61.9 36.6                              10.5 FASTST   M    M   4    MAX(MPH)
                                 MISC ---->  # 37  20               # 44   30
================================================================================
NOTES:
# LAST OF SEVERAL OCCURRENCES

COLUMN 17 PEAK WIND IN M.P.H.

PRELIMINARY LOCAL CLIMATOLOGICAL DATA (WS FORM: F-6) , PAGE 2

                                          STATION:  SAN ANGELO
                                          MONTH:    FEBRUARY
                                          YEAR:     2015
                                          LATITUDE:   31 21 N
                                          LONGITUDE: 100 30 W

[TEMPERATURE DATA]      [PRECIPITATION DATA]       SYMBOLS USED IN COLUMN 16

AVERAGE MONTHLY: 49.3   TOTAL FOR MONTH:   0.27    1 = FOG OR MIST
DPTR FM NORMAL:  -0.9   DPTR FM NORMAL:   -1.03    2 = FOG REDUCING VISIBILITY
HIGHEST:    83 ON 10    GRTST 24HR  0.52 ON 31- 1      TO 1/4 MILE OR LESS
LOWEST:     23 ON 27,23                            3 = THUNDER
                        SNOW, ICE PELLETS, HAIL    4 = ICE PELLETS
                        TOTAL MONTH:   1.4 INCHES  5 = HAIL
                        GRTST 24HR   1.0 ON 17-17  6 = FREEZING RAIN OR DRIZZLE
                        GRTST DEPTH:   1 ON 17     7 = DUSTSTORM OR SANDSTORM:
                                                       VSBY 1/2 MILE OR LESS
                                                   8 = SMOKE OR HAZE
[NO. OF DAYS WITH]      [WEATHER - DAYS WITH]      9 = BLOWING SNOW
                                                   X = TORNADO
MAX 32 OR BELOW:   2    0.01 INCH OR MORE:   7
MAX 90 OR ABOVE:   0    0.10 INCH OR MORE:   0
MIN 32 OR BELOW:  11    0.50 INCH OR MORE:   0
MIN  0 OR BELOW:   0    1.00 INCH OR MORE:   0

[HDD (BASE 65) ]
TOTAL THIS MO.   419    CLEAR  (SCALE 0-3)  12
DPTR FM NORMAL    15    PTCLDY (SCALE 4-7)  10
TOTAL FM JUL 1  1810    CLOUDY (SCALE 8-10)  5
DPTR FM NORMAL  -138

[CDD (BASE 65) ]
TOTAL THIS MO.     2
DPTR FM NORMAL     2    [PRESSURE DATA]
TOTAL FM JAN 1     2    HIGHEST SLP M ON M
DPTR FM NORMAL     1    LOWEST  SLP 29.57 ON 20

[REMARKS]
