000
CXUS54 KSJT 230900
CF6SJT
PRELIMINARY LOCAL CLIMATOLOGICAL DATA (WS FORM: F-6)

                                          STATION:   SAN ANGELO
                                          MONTH:     AUGUST
                                          YEAR:      2014
                                          LATITUDE:   31 21 N
                                          LONGITUDE: 100 30 W

  TEMPERATURE IN F:       :PCPN:    SNOW:  WIND      :SUNSHINE: SKY     :PK WND
================================================================================
1   2   3   4   5  6A  6B    7    8   9   10  11  12  13   14  15   16   17  18
                                     12Z  AVG MX 2MIN
DY MAX MIN AVG DEP HDD CDD  WTR  SNW DPTH SPD SPD DIR MIN PSBL S-S WX    SPD DR
================================================================================

 1  91  63  77  -7   0  12 0.00  0.0    0  4.9 15  40   M    M   1        19  80
 2  92  67  80  -4   0  15 0.00  0.0    0  7.7 16  30   M    M   2        25  60
 3  92  63  78  -6   0  13 0.00  0.0    0  5.8 18  30   M    M   0        26  70
 4  94  65  80  -4   0  15 0.00  0.0    0  5.4 15  60   M    M   0        21  80
 5  97  71  84   0   0  19 0.00  0.0    0  6.0 13 120   M    M   0        16 130
 6 101  74  88   4   0  23 0.00  0.0    0  7.8 16 190   M    M   0        22 200
 7 104  74  89   5   0  24 0.00  0.0    0  8.1 16 150   M    M   0        24 150
 8 102  76  89   5   0  24 0.03  0.0    0  9.5 25 250   M    M   2        30 240
 9  99  73  86   2   0  21 0.00  0.0    0  7.9 16 190   M    M   1        25 180
10 101  75  88   4   0  23 0.02  0.0    0  7.0 20 130   M    M   2 3      25 140
11  95  74  85   1   0  20 0.01  0.0    0  6.1 26  10   M    M   2 3      32  10
12  96  72  84   1   0  19 0.00  0.0    0  5.9 17  60   M    M   2        24  50
13  99  65  82  -1   0  17 0.00  0.0    0  5.9 17  80   M    M   1        23 100
14 100  69  85   2   0  20 0.00  0.0    0  7.9 18 100   M    M   0        22  80
15 101  67  84   1   0  19 0.00  0.0    0  7.1 20 180   M    M   0        24 180
16  98  78  88   5   0  23 0.01  0.0    0  8.0 18 190   M    M   3 3      23 190
17  86  72  79  -4   0  14 0.26  0.0    0  7.1 22 330   M    M   5 13     27 170
18  80  71  76  -7   0  11 0.20  0.0    0  7.5 18  80   M    M   7 3      24  70
19  92  71  82  -1   0  17 0.10  0.0    0  8.4 21 210   M    M   3 13     26 210
20  96  72  84   1   0  19 0.00  0.0    0 11.6 22 170   M    M   1        29 170
21  98  76  87   5   0  22 0.00  0.0    0 10.5 21 170   M    M   1        28 140
22  99  76  88   6   0  23 0.00  0.0    0 13.6 23 180   M    M   0        30 160
================================================================================
SM 2113 1564         0 413  0.63     0.0 169.7          M       33
================================================================================
AV 96.0 71.1                               7.7 FASTST   M    M   2    MAX(MPH)
                                 MISC ---->  # 26  10               # 32   10
================================================================================
NOTES:
# LAST OF SEVERAL OCCURRENCES

COLUMN 17 PEAK WIND IN M.P.H.

PRELIMINARY LOCAL CLIMATOLOGICAL DATA (WS FORM: F-6) , PAGE 2

                                          STATION:  SAN ANGELO
                                          MONTH:    AUGUST
                                          YEAR:     2014
                                          LATITUDE:   31 21 N
                                          LONGITUDE: 100 30 W

[TEMPERATURE DATA]      [PRECIPITATION DATA]       SYMBOLS USED IN COLUMN 16

AVERAGE MONTHLY: 83.6   TOTAL FOR MONTH:   0.63    1 = FOG OR MIST
DPTR FM NORMAL:   0.2   DPTR FM NORMAL:   -0.80    2 = FOG REDUCING VISIBILITY
HIGHEST:   104 ON  7    GRTST 24HR  0.29 ON 17-18      TO 1/4 MILE OR LESS
LOWEST:     63 ON  3, 1                            3 = THUNDER
                        SNOW, ICE PELLETS, HAIL    4 = ICE PELLETS
                        TOTAL MONTH:   0.0 INCH    5 = HAIL
                        GRTST 24HR     0.0         6 = FREEZING RAIN OR DRIZZLE
                        GRTST DEPTH:   0           7 = DUSTSTORM OR SANDSTORM:
                                                       VSBY 1/2 MILE OR LESS
                                                   8 = SMOKE OR HAZE
[NO. OF DAYS WITH]      [WEATHER - DAYS WITH]      9 = BLOWING SNOW
                                                   X = TORNADO
MAX 32 OR BELOW:   0    0.01 INCH OR MORE:   7
MAX 90 OR ABOVE:  20    0.10 INCH OR MORE:   3
MIN 32 OR BELOW:   0    0.50 INCH OR MORE:   0
MIN  0 OR BELOW:   0    1.00 INCH OR MORE:   0

[HDD (BASE 65) ]
TOTAL THIS MO.     0    CLEAR  (SCALE 0-3)  20
DPTR FM NORMAL     0    PTCLDY (SCALE 4-7)   2
TOTAL FM JUL 1     0    CLOUDY (SCALE 8-10)  0
DPTR FM NORMAL     0

[CDD (BASE 65) ]
TOTAL THIS MO.   413
DPTR FM NORMAL     9    [PRESSURE DATA]
TOTAL FM JAN 1  2078    HIGHEST SLP M ON M
DPTR FM NORMAL   187    LOWEST  SLP 29.73 ON  7

[REMARKS]
