000
CXUS54 KSJT 301210
CF6SJT
PRELIMINARY LOCAL CLIMATOLOGICAL DATA (WS FORM: F-6)

                                          STATION:   SAN ANGELO
                                          MONTH:     SEPTEMBER
                                          YEAR:      2016
                                          LATITUDE:   31 21 N
                                          LONGITUDE: 100 30 W

  TEMPERATURE IN F:       :PCPN:    SNOW:  WIND      :SUNSHINE: SKY     :PK WND
================================================================================
1   2   3   4   5  6A  6B    7    8   9   10  11  12  13   14  15   16   17  18
                                     12Z  AVG MX 2MIN
DY MAX MIN AVG DEP HDD CDD  WTR  SNW DPTH SPD SPD DIR MIN PSBL S-S WX    SPD DR
================================================================================

 1  86  70  78  -2   0  13 1.55  0.0    0  4.2 24  10   M    M   3 13     31  60
 2  86  68  77  -3   0  12 0.00  0.0    0  3.6 10 100   M    M   5 128    15  80
 3  90  68  79  -1   0  14 0.00  0.0    0  5.4 18 100   M    M   3 128    22 100
 4  92  72  82   3   0  17 0.00  0.0    0  9.6 17 150   M    M   3 1      24 150
 5  91  71  81   2   0  16 0.00  0.0    0 11.6 22 180   M    M   3        30 170
 6  92  75  84   5   0  19 0.00  0.0    0 11.0 21 160   M    M   5        29 160
 7  94  75  85   7   0  20 0.00  0.0    0  9.7 18 190   M    M   5        25 160
 8  97  72  85   7   0  20 0.00  0.0    0 10.0 18 180   M    M   0        26 180
 9  98  73  86   8   0  21 0.00  0.0    0 10.2 20 200   M    M   0        27 210
10  77  64  71  -7   0   6 0.68  0.0    0  6.8 24  60   M    M   4 13     42  60
11  90  60  75  -2   0  10 0.00  0.0    0  5.2 13  80   M    M   0 1      17  80
12  93  67  80   3   0  15 0.00  0.0    0  8.3 20 200   M    M   1        25 200
13  88  71  80   4   0  15    T  0.0    0  5.9 16 150   M    M   4        21 140
14  90  67  79   3   0  14 0.00  0.0    0  5.5 15  60   M    M   2 1      20  60
15  92  68  80   4   0  15    T  0.0    0  5.3 14 110   M    M   2 13     18  90
16  93  70  82   6   0  17    T  0.0    0  8.6 28  10   M    M   5 3      36  10
17  90  69  80   5   0  15 0.00  0.0    0  8.9 35 350   M    M   1 3      43 350
18  94  68  81   6   0  16 0.26  0.0    0  8.3 32 320   M    M   1 13     41 310
19  99  69  84  10   0  19 0.00  0.0    0  5.9 15 180   M    M   2        20 190
20  98  71  85  11   0  20 0.00  0.0    0  5.9 13 100   M    M   1        19 150
21  95  65  80   6   0  15 0.00  0.0    0  6.0 15  70   M    M   1        17  60
22  95  68  82   8   0  17 0.00  0.0    0  8.0 16 180   M    M   1        21 190
23  96  68  82   9   0  17 0.00  0.0    0  8.9 20 130   M    M   2        27 170
24  93  71  82   9   0  17 0.07  0.0    0 10.8 20 320   M    M   4 13     28 180
25  71  64  68  -5   0   3 2.66  0.0    0  8.7 23  20   M    M   8 13     29  30
26  72  61  67  -5   0   2 0.02  0.0    0 10.9 20  20   M    M   9 1      25  30
27  78  59  69  -3   0   4    T  0.0    0  5.5 10 340   M    M   2        17 330
28  88  55  72   0   0   7 0.00  0.0    0  3.5  9  20   M    M   0        14 330
29  82  52  67  -4   0   2 0.00  0.0    0  6.6 14  60   M    M   0        20  60
================================================================================
SM 2600 1951         0 398  5.24     0.0 218.8          M       77
================================================================================
AV 89.7 67.3                               7.5 FASTST   M    M   3    MAX(MPH)
                                 MISC ---->  # 35 350               # 43  350
================================================================================
NOTES:
# LAST OF SEVERAL OCCURRENCES

COLUMN 17 PEAK WIND IN M.P.H.

PRELIMINARY LOCAL CLIMATOLOGICAL DATA (WS FORM: F-6) , PAGE 2

                                          STATION:  SAN ANGELO
                                          MONTH:    SEPTEMBER
                                          YEAR:     2016
                                          LATITUDE:   31 21 N
                                          LONGITUDE: 100 30 W

[TEMPERATURE DATA]      [PRECIPITATION DATA]       SYMBOLS USED IN COLUMN 16

AVERAGE MONTHLY: 78.5   TOTAL FOR MONTH:   5.24    1 = FOG OR MIST
DPTR FM NORMAL:   2.6   DPTR FM NORMAL:    2.85    2 = FOG REDUCING VISIBILITY
HIGHEST:    99 ON 19    GRTST 24HR  2.66 ON 25-25      TO 1/4 MILE OR LESS
LOWEST:     52 ON 29                               3 = THUNDER
                        SNOW, ICE PELLETS, HAIL    4 = ICE PELLETS
                        TOTAL MONTH:   0.0 INCH    5 = HAIL
                        GRTST 24HR     0.0         6 = FREEZING RAIN OR DRIZZLE
                        GRTST DEPTH:   0           7 = DUSTSTORM OR SANDSTORM:
                                                       VSBY 1/2 MILE OR LESS
                                                   8 = SMOKE OR HAZE
[NO. OF DAYS WITH]      [WEATHER - DAYS WITH]      9 = BLOWING SNOW
                                                   X = TORNADO
MAX 32 OR BELOW:   0    0.01 INCH OR MORE:   6
MAX 90 OR ABOVE:  20    0.10 INCH OR MORE:   4
MIN 32 OR BELOW:   0    0.50 INCH OR MORE:   3
MIN  0 OR BELOW:   0    1.00 INCH OR MORE:   2

[HDD (BASE 65) ]
TOTAL THIS MO.     0    CLEAR  (SCALE 0-3)  18
DPTR FM NORMAL    -7    PTCLDY (SCALE 4-7)  10
TOTAL FM JUL 1     0    CLOUDY (SCALE 8-10)  1
DPTR FM NORMAL    -7

[CDD (BASE 65) ]
TOTAL THIS MO.   398
DPTR FM NORMAL    76    [PRESSURE DATA]
TOTAL FM JAN 1  2558    HIGHEST SLP M ON M
DPTR FM NORMAL   200    LOWEST  SLP 29.77 ON  9

[REMARKS]
