000
CXUS51 KBTV 290700
CF6SLK
PRELIMINARY LOCAL CLIMATOLOGICAL DATA (WS FORM: F-6)

                                          STATION:   SARANAC LAKE NY
                                          MONTH:     NOVEMBER
                                          YEAR:      2014
                                          LATITUDE:   44 23 N
                                          LONGITUDE:  74 12 W

  TEMPERATURE IN F:       :PCPN:    SNOW:  WIND      :SUNSHINE: SKY     :PK WND
================================================================================
1   2   3   4   5  6A  6B    7    8   9   10  11  12  13   14  15   16   17  18
                                     12Z  AVG MX 2MIN
DY MAX MIN AVG DEP HDD CDD  WTR  SNW DPTH SPD SPD DIR MIN PSBL S-S WX    SPD DR
================================================================================

 1  39  25  32  -6  33   0    T    M    0  6.7 16  50   M    M   8 18     22  30
 2  37  27  32  -5  33   0    T    M    0  8.7 18  10   M    M   4 8      27  10
 3  43  24  34  -3  31   0 0.00  0.0    0  4.4 12 240   M    M   6 1      19 320
 4  58  28  43   6  22   0    T    M    0  8.3 18 220   M    M   9        23 220
 5  50  40  45   9  20   0 0.15    M    0 10.9 22 240   M    M   9 1      35 240
 6  43  30  37   1  28   0 0.10    M    0  3.7 10  50   M    M   8 1      13  80
 7  34  26  30  -6  35   0 0.05    M    0  5.7 12 340   M    M  10 1      18 310
 8  37  24  31  -5  34   0    T    M    0  8.3 16 210   M    M  10        21 210
 9  38  26  32  -3  33   0    T    M    M  8.7 17 210   M    M   9 1      24 200
10  45  29  37   2  28   0    T    M    0  4.8 16 210   M    M   7        21 210
11  60  31  46  12  19   0    T    M    0  6.5 20 210   M    M   0        25 200
12  51  31  41   7  24   0 0.14    M    0  8.6 21 250   M    M   8 1      32 240
13  33  25  29  -5  36   0    T    M    0  5.7 14 240   M    M   8 18     20 230
14  29  19  24  -9  41   0    T    M    0  5.9 15 250   M    M   9 8      22 260
15  28  17  23 -10  42   0    T    M    0  6.1 15 250   M    M   7        24 270
16  32  26  29  -3  36   0 0.01    M    0 10.4 22 210   M    M  10 1      27 200
17  34   M   M   M   M   M 0.58    M    0  4.6 16 250   M    M  10 18     27 260
18   M   M   M   M   M   M 0.01    M    0 18.1 25 240   M    M  10 8      40 240
19  21   9  15 -16  50   0 0.03    M    0  8.8 22 220   M    M   9 18     29 210
20  27  15  21 -10  44   0 0.01    M    0 13.8 25 220   M    M   8 128    36 210
21  19  13  16 -14  49   0    T    M    0  7.3 13 260   M    M   7 18     22 290
22  37  10  24  -6  41   0 0.02    M    0 13.1 22 230   M    M   7 18     29 230
23  43  33  38   9  27   0 0.14    M    0  5.3 15 220   M    M  10 12     19 230
24  63  33  48  19  17   0 0.58    M    0 14.7 32 180   M    M   6 1      47 170
25  45  31  38  10  27   0    T    M    0 14.3 23 220   M    M  10 18     34 250
26  31  24  28   0  37   0 0.14    M    0  5.1 13  30   M    M   8 1      20 250
27  24  21  23  -4  42   0 0.01    M    0  2.4 10  50   M    M  10 18     12  60
28  22   3  13 -14  52   0 0.02    M    0  5.4 14 250   M    M   9 18     28 100
================================================================================
SM 1023  620       881   0  1.99     0.0 226.3          M      226
================================================================================
AV 37.9 23.8                               8.1 FASTST   M    M   8    MAX(MPH)
                                 MISC ---->  # 32 180               # 47  170
================================================================================
NOTES:
# LAST OF SEVERAL OCCURRENCES

COLUMN 17 PEAK WIND IN M.P.H.

PRELIMINARY LOCAL CLIMATOLOGICAL DATA (WS FORM: F-6) , PAGE 2

                                          STATION:  SARANAC LAKE NY
                                          MONTH:    NOVEMBER
                                          YEAR:     2014
                                          LATITUDE:   44 23 N
                                          LONGITUDE:  74 12 W

[TEMPERATURE DATA]      [PRECIPITATION DATA]       SYMBOLS USED IN COLUMN 16

AVERAGE MONTHLY: 30.9   TOTAL FOR MONTH:   1.99    1 = FOG OR MIST
DPTR FM NORMAL:  -1.9   DPTR FM NORMAL:   -1.14    2 = FOG REDUCING VISIBILITY
HIGHEST:    63 ON 24    GRTST 24HR  0.58 ON 24-24      TO 1/4 MILE OR LESS
LOWEST:      3 ON 28                               3 = THUNDER
                        SNOW, ICE PELLETS, HAIL    4 = ICE PELLETS
                        TOTAL MONTH:   0.0 INCH    5 = HAIL
                        GRTST 24HR     0.0         6 = FREEZING RAIN OR DRIZZLE
                        GRTST DEPTH:   0           7 = DUSTSTORM OR SANDSTORM:
                                                       VSBY 1/2 MILE OR LESS
                                                   8 = SMOKE OR HAZE
[NO. OF DAYS WITH]      [WEATHER - DAYS WITH]      9 = BLOWING SNOW
                                                   X = TORNADO
MAX 32 OR BELOW:   9    0.01 INCH OR MORE:  15
MAX 90 OR ABOVE:   0    0.10 INCH OR MORE:   7
MIN 32 OR BELOW:  23    0.50 INCH OR MORE:   2
MIN  0 OR BELOW:   0    1.00 INCH OR MORE:   0

[HDD (BASE 65) ]
TOTAL THIS MO.   881    CLEAR  (SCALE 0-3)   1
DPTR FM NORMAL   -23    PTCLDY (SCALE 4-7)  11
TOTAL FM JUL 1  2084    CLOUDY (SCALE 8-10) 16
DPTR FM NORMAL  -112

[CDD (BASE 65) ]
TOTAL THIS MO.     0
DPTR FM NORMAL     0    [PRESSURE DATA]
TOTAL FM JAN 1    83    HIGHEST SLP M ON M
DPTR FM NORMAL   -31    LOWEST  SLP 29.46 ON 17

[REMARKS]
