521
CXUS53 KICT 230800
CF6SLN
PRELIMINARY LOCAL CLIMATOLOGICAL DATA (WS FORM: F-6)

                                          STATION:   SALINA KS
                                          MONTH:     JULY
                                          YEAR:      2016
                                          LATITUDE:   38 47 N
                                          LONGITUDE:  97 39 W

  TEMPERATURE IN F:       :PCPN:    SNOW:  WIND      :SUNSHINE: SKY     :PK WND
================================================================================
1   2   3   4   5  6A  6B    7    8   9   10  11  12  13   14  15   16   17  18
                                     12Z  AVG MX 2MIN
DY MAX MIN AVG DEP HDD CDD  WTR  SNW DPTH SPD SPD DIR MIN PSBL S-S WX    SPD DR
================================================================================

 1  82  71  77  -3   0  12    T    M    M 10.2 17 120   M    M   6        22 110
 2  83  69  76  -4   0  11 1.11    M    M  9.9 16  80   M    M   7 13     21  70
 3  75  69  72  -8   0   7 0.07    M    M  7.3 14 350   M    M   9 1      16  10
 4  91  68  80   0   0  15 0.00    M    M  6.4 16 210   M    M   5 1      21 190
 5 100  76  88   7   0  23 0.00    M    M 11.3 23 170   M    M   0 18     30 190
 6  95  71  83   2   0  18 0.05    M    M 11.7 41 260   M    M   0 3      53 260
 7  96  73  85   4   0  20 0.00    M    M 15.0 25 140   0    0   0        37  10
 8  95  76  86   5   0  21 0.00    M    M  7.8 16 140   M    M   1        20  60
 9  97  72  85   4   0  20 0.00    M    M  9.7 18 190   M    M   1        25 160
10  99  75  87   6   0  22 0.00  0.0    M 17.1 28 160   M    M   0        36 190
11  99  80  90   9   0  25 0.00  0.0    M 20.6 33 200   M    M   1        42 170
12  88  68  78  -3   0  13 0.25    M    M 13.0 51 330   M    M   5 13     65 330
13  94  69  82   1   0  17 0.15  0.0    M  9.1 39 330   M    M   0 13     54 320
14  90  73  82   1   0  17 0.01    M    M  7.1 29 160   M    M   2 3      36 160
15  90  66  78  -3   0  13 0.00    M    M  8.7 28  10   M    M   2        33  30
16  95  69  82   0   0  17 0.00    M    M 11.6 25 150   M    M   2        30 150
17 102  75  89   7   0  24 0.00    M    M 13.8 25 190   M    M   0        35 200
18 101  77  89   7   0  24 0.00    M    M 13.6 22 210   M    M   0        27 200
19  99  75  87   5   0  22 0.00    M    M 12.0 24 200   M    M   0        30 190
20 104  78  91   9   0  26 0.00    M    M 15.1 26 190   M    M   0        33 170
21 105  79  92  10   0  27 0.00    M    M 13.8 24 200   M    M   0        30 190
22 109  80  95  13   0  30 0.00    M    M 12.7 26 200   M    M   0        31 200
================================================================================
SM 2089 1609         0 424  1.64     0.0 257.5            0     41
================================================================================
AV 95.0 73.1                              11.7 FASTST    0   0   2    MAX(MPH)
                                 MISC ---->  # 51 330               # 65  330
================================================================================
NOTES:
# LAST OF SEVERAL OCCURRENCES

COLUMN 17 PEAK WIND IN M.P.H.

PRELIMINARY LOCAL CLIMATOLOGICAL DATA (WS FORM: F-6) , PAGE 2

                                          STATION:  SALINA KS
                                          MONTH:    JULY
                                          YEAR:     2016
                                          LATITUDE:   38 47 N
                                          LONGITUDE:  97 39 W

[TEMPERATURE DATA]      [PRECIPITATION DATA]       SYMBOLS USED IN COLUMN 16

AVERAGE MONTHLY: 84.0   TOTAL FOR MONTH:   1.64    1 = FOG OR MIST
DPTR FM NORMAL:   2.9   DPTR FM NORMAL:   -1.53    2 = FOG REDUCING VISIBILITY
HIGHEST:   109 ON 22    GRTST 24HR  1.16 ON  2- 3      TO 1/4 MILE OR LESS
LOWEST:     66 ON 15                               3 = THUNDER
                        SNOW, ICE PELLETS, HAIL    4 = ICE PELLETS
                        TOTAL MONTH:   0.0 INCH    5 = HAIL
                        GRTST 24HR     0.0         6 = FREEZING RAIN OR DRIZZLE
                        GRTST DEPTH:  M  ON   M    7 = DUSTSTORM OR SANDSTORM:
                                                       VSBY 1/2 MILE OR LESS
                                                   8 = SMOKE OR HAZE
[NO. OF DAYS WITH]      [WEATHER - DAYS WITH]      9 = BLOWING SNOW
                                                   X = TORNADO
MAX 32 OR BELOW:   0    0.01 INCH OR MORE:   6
MAX 90 OR ABOVE:  18    0.10 INCH OR MORE:   3
MIN 32 OR BELOW:   0    0.50 INCH OR MORE:   1
MIN  0 OR BELOW:   0    1.00 INCH OR MORE:   1

[HDD (BASE 65) ]
TOTAL THIS MO.     0    CLEAR  (SCALE 0-3)  17
DPTR FM NORMAL     0    PTCLDY (SCALE 4-7)   4
TOTAL FM JUL 1     0    CLOUDY (SCALE 8-10)  1
DPTR FM NORMAL     0

[CDD (BASE 65) ]
TOTAL THIS MO.   424
DPTR FM NORMAL    73    [PRESSURE DATA]
TOTAL FM JAN 1  1041    HIGHEST SLP  0.00 ON  7
DPTR FM NORMAL   237    LOWEST  SLP 29.59 ON 11

[REMARKS]
