000
CXUS55 KLOX 221655
CF6SMX
PRELIMINARY LOCAL CLIMATOLOGICAL DATA (WS FORM: F-6)

                                          STATION:   SANTA MARIA AIRPORT CA
                                          MONTH:     JANUARY
                                          YEAR:      2017
                                          LATITUDE:   34 54 N
                                          LONGITUDE: 120 27 W

  TEMPERATURE IN F:       :PCPN:    SNOW:  WIND      :SUNSHINE: SKY     :PK WND
================================================================================
1   2   3   4   5  6A  6B    7    8   9   10  11  12  13   14  15   16   17  18
                                     12Z  AVG MX 2MIN
DY MAX MIN AVG DEP HDD CDD  WTR  SNW DPTH SPD SPD DIR MIN PSBL S-S WX    SPD DR
================================================================================

 1  53  33  43  -8  22   0    T    M    0  6.4 18 300   M    M   5        26 300
 2  54  42  48  -3  17   0 0.00  0.0    0  3.7  9 190   M    M   6        16 210
 3  60  42  51   0  14   0 0.00  0.0    0  6.6 18 160   M    M   8        28 200
 4  59  55  57   6   8   0 0.48  0.0    0 13.3 22 170   M    M  10 1      27 170
 5  58  38  48  -3  17   0 0.08    M    0  7.8 18 290   M    M   7 12     24 300
 6  63  34  49  -2  16   0 0.03    M    0  3.3 12 270   M    M   2 1      15 240
 7  61  49  55   4  10   0 0.49    M    0  9.6 24 140   M    M   9 18     32 110
 8  71  54  63  12   2   0 1.57  0.0    0 13.2 25 170   M    M   6 1      32 170
 9  61  50  56   5   9   0 0.18  0.0    0  4.4 15 150   M    M   7 1      18 170
10  61  51  56   5   9   0 0.14  0.0    0  7.9 24 200   M    M  10 1      34 200
11  62  53  58   7   7   0 0.36  0.0    0  6.7 21 210   M    M   8 18     29 190
12  56  39  48  -3  17   0 0.16    M    0  7.8 20 300   M    M   7 1      25 290
13  58  33  46  -5  19   0 0.00  0.0    0  8.3 22  30   M    M   2         M  M
14  64  41  53   2  12   0 0.00  0.0    0  8.7  M  40   M    M   0         M  M
15  59  34  47  -4  18   0 0.00  0.0    0  3.1  9 300   M    M   2         M  M
16  61  33  47  -4  18   0 0.00  0.0    0  2.7  9 300   M    M   0 1      11 310
17  64  35  50  -2  15   0 0.00  0.0    0  3.2 10 290   M    M   1        14 260
18  56  37  47  -5  18   0 0.29    M    0  8.0 21 140   M    M   8 1      26 130
19  58  44  51  -1  14   0 0.30    M    0  6.0 24 170   M    M   6 18     32 180
20  56  47  52   0  13   0 0.91    M    0 10.6 30 300   M    M   9 1      41 200
21  57  42  50  -2  15   0 0.09    M    0  4.4 16 160   M    M   7 18     29 340
================================================================================
SM 1252  886       290   0  5.08     0.0 145.7          M      120
================================================================================
AV 59.6 42.2                               6.9 FASTST   M    M   6    MAX(MPH)
                                 MISC ---->  # 30 300                99999  M
================================================================================
NOTES:
# LAST OF SEVERAL OCCURRENCES

COLUMN 17 PEAK WIND IN M.P.H.

PRELIMINARY LOCAL CLIMATOLOGICAL DATA (WS FORM: F-6) , PAGE 2

                                          STATION:  SANTA MARIA AIRPORT CA
                                          MONTH:    JANUARY
                                          YEAR:     2017
                                          LATITUDE:   34 54 N
                                          LONGITUDE: 120 27 W

[TEMPERATURE DATA]      [PRECIPITATION DATA]       SYMBOLS USED IN COLUMN 16

AVERAGE MONTHLY: 50.9   TOTAL FOR MONTH:   5.08    1 = FOG OR MIST
DPTR FM NORMAL:  -0.3   DPTR FM NORMAL:    3.25    2 = FOG REDUCING VISIBILITY
HIGHEST:    71 ON  8    GRTST 24HR  1.75 ON  8- 9      TO 1/4 MILE OR LESS
LOWEST:     33 ON 16,13                            3 = THUNDER
                        SNOW, ICE PELLETS, HAIL    4 = ICE PELLETS
                        TOTAL MONTH:   0.0 INCH    5 = HAIL
                        GRTST 24HR     0.0         6 = FREEZING RAIN OR DRIZZLE
                        GRTST DEPTH:   0           7 = DUSTSTORM OR SANDSTORM:
                                                       VSBY 1/2 MILE OR LESS
                                                   8 = SMOKE OR HAZE
[NO. OF DAYS WITH]      [WEATHER - DAYS WITH]      9 = BLOWING SNOW
                                                   X = TORNADO
MAX 32 OR BELOW:   0    0.01 INCH OR MORE:  13
MAX 90 OR ABOVE:   0    0.10 INCH OR MORE:  10
MIN 32 OR BELOW:   0    0.50 INCH OR MORE:   2
MIN  0 OR BELOW:   0    1.00 INCH OR MORE:   1

[HDD (BASE 65) ]
TOTAL THIS MO.   290    CLEAR  (SCALE 0-3)   6
DPTR FM NORMAL     0    PTCLDY (SCALE 4-7)   9
TOTAL FM JUL 1  1256    CLOUDY (SCALE 8-10)  6
DPTR FM NORMAL  -106

[CDD (BASE 65) ]
TOTAL THIS MO.     0
DPTR FM NORMAL     0    [PRESSURE DATA]
TOTAL FM JAN 1     0    HIGHEST SLP M ON M
DPTR FM NORMAL     0    LOWEST  SLP 29.38 ON 20

[REMARKS]
