000
CXAK56 PAFC 251320
CF6SNP
PRELIMINARY LOCAL CLIMATOLOGICAL DATA (WS FORM: F-6)

                                          STATION:   SAINT PAUL ISLAND
                                          MONTH:     MARCH
                                          YEAR:      2017
                                          LATITUDE:   57  9 N
                                          LONGITUDE: 170 13 W

  TEMPERATURE IN F:       :PCPN:    SNOW:  WIND      :SUNSHINE: SKY     :PK WND
================================================================================
1   2   3   4   5  6A  6B    7    8   9   10  11  12  13   14  15   16   17  18
                                     12Z  AVG MX 2MIN
DY MAX MIN AVG DEP HDD CDD  WTR  SNW DPTH SPD SPD DIR MIN PSBL S-S WX    SPD DR
================================================================================

 1  23  14  19  -6  46   0 0.00  0.0    0 13.7 22  40   M    M   3 8      26  40
 2  29  13  21  -4  44   0 0.00  0.0    0 11.1 17 360   M    M   5        22 360
 3  31  26  29   4  36   0    T    T    0 13.2 23  90   M    M  10 8      29 100
 4  35  31  33   8  32   0 0.09  0.4    T 21.2 28 130   M    M   9 1      35 130
 5  35  31  33   8  32   0    T    T    0 21.0 33  90   M    M   9 1      41  90
 6  31  28  30   5  35   0    T    T    0 25.3 35  90   M    M   9        41  90
 7  32  28  30   5  35   0 0.00  0.0    0 16.2 23  90   M    M   8        30  80
 8  33  28  31   6  34   0 0.00  0.0    0 16.4 22 110   M    M   4        27 110
 9  36  30  33   8  32   0 0.00  0.0    0 15.5 23 140   M    M   7        26 140
10  36  23  30   5  35   0 0.00  0.0    0  9.9 18  40   M    M   4        22  30
11  32  22  27   2  38   0    T    T    T 18.8 28  40   M    M   9 1      34  30
12  33  26  30   5  35   0    T    T    T 21.0 29  10   M    M   4 16     36  20
13  34  25  30   5  35   0    T    T    T 17.3 26 360   M    M   5 1      32  10
14  29  21  25   0  40   0 0.00  0.0    0 13.5 23 350   M    M   9        28 340
15  28  13  21  -4  44   0 0.00  0.0    0  9.4 18 330   M    M   5 8      22 340
16  30  11  21  -4  44   0 0.00  0.0    0  8.0 18 140   M    M   0 8      22 140
17  32  26  29   4  36   0 0.00  0.0    0 15.7 21 100   M    M   2        25 110
18  30  26  28   3  37   0 0.01    T    T 15.1 21 110   M    M  10 18     26 110
19  29  23  26   1  39   0    T    T    T 12.3 20  80   M    M   9        23 100
20  26  20  23  -2  42   0 0.00  0.0    0 12.6 20  80   M    M   3 8      23  70
21  28  20  24  -1  41   0    T    T    0 15.0 21  80   M    M   1 8      25  70
22  30  21  26   1  39   0 0.00  0.0    0 12.6 17  70   M    M   1        22  70
23  33  16  25   0  40   0 0.00  0.0    0 12.4 21  80   M    M   0 8      24  90
24  31  24  28   3  37   0 0.00  0.0    0 25.0 32  90   M    M   2        39  80
================================================================================
SM  746  546       908   0  0.10     0.4 372.2          M      128
================================================================================
AV 31.1 22.8                              15.5 FASTST   M    M   5    MAX(MPH)
                                 MISC ---->  # 35  90               # 41   90
================================================================================
NOTES:
# LAST OF SEVERAL OCCURRENCES

COLUMN 17 PEAK WIND IN M.P.H.

PRELIMINARY LOCAL CLIMATOLOGICAL DATA (WS FORM: F-6) , PAGE 2

                                          STATION:  SAINT PAUL ISLAND
                                          MONTH:    MARCH
                                          YEAR:     2017
                                          LATITUDE:   57  9 N
                                          LONGITUDE: 170 13 W

[TEMPERATURE DATA]      [PRECIPITATION DATA]       SYMBOLS USED IN COLUMN 16

AVERAGE MONTHLY: 26.9   TOTAL FOR MONTH:   0.10    1 = FOG OR MIST
DPTR FM NORMAL:   1.9   DPTR FM NORMAL:   -0.72    2 = FOG REDUCING VISIBILITY
HIGHEST:    36 ON 10, 9 GRTST 24HR  0.09 ON  4- 4      TO 1/4 MILE OR LESS
LOWEST:     11 ON 16                               3 = THUNDER
                        SNOW, ICE PELLETS, HAIL    4 = ICE PELLETS
                        TOTAL MONTH:   0.4 INCH    5 = HAIL
                        GRTST 24HR   0.4 ON   M    6 = FREEZING RAIN OR DRIZZLE
                        GRTST DEPTH:   0           7 = DUSTSTORM OR SANDSTORM:
                                                       VSBY 1/2 MILE OR LESS
                                                   8 = SMOKE OR HAZE
[NO. OF DAYS WITH]      [WEATHER - DAYS WITH]      9 = BLOWING SNOW
                                                   X = TORNADO
MAX 32 OR BELOW:  16    0.01 INCH OR MORE:   2
MAX 90 OR ABOVE:   0    0.10 INCH OR MORE:   0
MIN 32 OR BELOW:  24    0.50 INCH OR MORE:   0
MIN  0 OR BELOW:   0    1.00 INCH OR MORE:   0

[HDD (BASE 65) ]
TOTAL THIS MO.   908    CLEAR  (SCALE 0-3)   7
DPTR FM NORMAL   -52    PTCLDY (SCALE 4-7)   8
TOTAL FM JUL 1  6783    CLOUDY (SCALE 8-10)  9
DPTR FM NORMAL -1094

[CDD (BASE 65) ]
TOTAL THIS MO.     0
DPTR FM NORMAL     0    [PRESSURE DATA]
TOTAL FM JAN 1     0    HIGHEST SLP M ON M
DPTR FM NORMAL     0    LOWEST  SLP 29.67 ON 24

[REMARKS]
