000
CXAK56 PASN 271111
CF6SNP

PRELIMINARY LOCAL CLIMATOLOGICAL DATA (WS FORM: F-6)

                                          STATION:   ST PAUL
                                          MONTH:     05
                                          YEAR:      2015
                                          LATITUDE:   57 10 N
                                          LONGITUDE: 170 13 W

  TEMPERATURE IN F:       :PCPN:    SNOW:  WIND      :SUNSHINE: SKY     :PK WND
================================================================================
1   2   3   4   5  6A  6B    7     8   9   10  11  12  13   14  15   16  17  18
                                      12Z  AVG MX 2MIN
DY MAX MIN AVG DEP HDD CDD  WTR   SNW DPTH SPD SPD DIR MIN PSBL S-S WX   SPD DR
================================================================================

 1  44  30  37   4  28   0  0.01    T   0  7.1 14  200   M    M   M 1     18 230
 2  43  28  36   3  29   0  0.00  0.0   0  5.9 13  200   M    M   M       15 210
 3  41  33  37   3  28   0     T  0.0   0 17.3 28   90   M    M   M 1     35  80
 4  39  35  37   3  28   0  0.22    T   0 23.0 29   70   M    M   M 1     38  70
 5  40  32  36   2  29   0  0.15  0.0   0 11.8 18   70   M    M   M 12    23  70
 6  47  30  39   5  26   0  0.00  0.0   0  7.2 13  350   M    M   M 12    15 350
 7  43  33  38   4  27   0  0.01  0.0   0 10.7310   18   M    M   M 1     23 310
 8  39  32  36   1  29   0  0.01    T   0  8.0 15  120   M    M   M 1     19 120
 9  40  36  38   3  27   0  0.08  0.0   0 18.1 25  120   M    M   M 2     34 120
10  39  35  37   2  28   0  0.00  0.0   0 11.9 21  330   M    M   M 2     25 310
11  45  34  40   5  25   0  0.02  0.0   0  8.9 16  230   M    M   M 1     22 220
12  41  38  40   5  25   0  0.39  0.0   0 17.5 32  110   M    M   M 2     38 110
13  43  37  40   4  25   0  0.05  0.0   0 14.9 25  210   M    M   M 2     31 200
14  44  27  36   0  29   0  0.00  0.0   0  5.3 10  110   M    M   M 12    13 180
15  44  32  38   2  27   0     T  0.0   0  8.4 16   80   M    M   M 12    19  80
16  45  39  42   6  23   0  0.21  0.0   0 11.7 18   90   M    M   M 12    23  90
17  46  39  43   7  22   0  0.04  0.0   0  7.2 15  170   M    M   M 1     18 170
18  46  39  43   6  22   0     T  0.0   0  9.4 16  260   M    M   M 1     20 250
19  41  34  38   1  27   0  0.23  0.3   0 12.6 20   90   M    M   M 1     25 110
20  46  36  41   4  24   0  0.03  0.0   0 12.9 23  290   M    M   M 1     28 290
21  44  32  38   1  27   0     T  0.0   0 10.6 25  140   M    M   M       31 150
22  45  40  43   6  22   0  0.08  0.0   0 23.1 31  140   M    M   M 1     37 140
23  46  40  43   5  22   0  0.13  0.0   0 14.2 23  140   M    M   M 1     27 140
24  47  40  44   6  21   0  0.05  0.0   0 13.9 23  170   M    M   M 1     26 160
25  46  37  42   4  23   0  0.00  0.0   0 18.9 32  150   M    M   M 18    38 150
26  46  41  44   6  21   0  0.10  0.0   0 19.6 32  140   M    M   M 18    43 110
================================================================================
SM 1130  909       664   0  1.81 0.3    330.1           M        M
================================================================================
AV 43.5 35.0                             12.7 FASTST  PSBL  %   M    MAX(MPH)
                                 MISC ---->    310   18                 43 110
================================================================================
NOTES:
# LAST OF SEVERAL OCCURRENCES

COLUMN 17 PEAK WIND IN M.P.H.

PRELIMINARY LOCAL CLIMATOLOGICAL DATA (WS FORM: F-6) , PAGE 2

                                          STATION:   ST PAUL
                                          MONTH:     05
                                          YEAR:      2015
                                          LATITUDE:  57 10 N
                                          LONGITUDE: 170 13 W

[TEMPERATURE DATA]      [PRECIPITATION DATA]       SYMBOLS USED IN COLUMN 16

AVERAGE MONTHLY:39.2   TOTAL FOR MONTH: 1.81       1 = FOG
DPTR FM NORMAL:  3.5   DPTR FM NORMAL: 0.86       2 = FOG REDUCING VISIBILITY
HIGHEST:    47 ON 24    GRTST 24HR   0.39 ON 12        TO 1/4 MILE OR LESS
LOWEST:     27 ON 14                               3 = THUNDER
                        SNOW, ICE PELLETS, HAIL    4 = ICE PELLETS
                        TOTAL MONTH: 0.3   INCH  5 = HAIL
                        GRTST 24HR   0.3 ON 19     6 = GLAZE OR RIME
                        GRTST DEPTH:    0          7 = BLOWING DUST OR SAND:
                                                       VSBY 1/2 MILE OR LESS
                                                   8 = SMOKE OR HAZE
[NO. OF DAYS WITH]      [WEATHER - DAYS WITH]      9 = BLOWING SNOW
                                                   X = TORNADO
MAX 32 OR BELOW:   0    0.01 INCH OR MORE:  17
MAX 70 OR ABOVE:   0    0.10 INCH OR MORE:   7
MIN 32 OR BELOW:   8    0.50 INCH OR MORE:   0
MIN  0 OR BELOW:   0    1.00 INCH OR MORE:   0

[HDD (BASE 65) ]
TOTAL THIS MO.   664    CLEAR  (SCALE 0-3)   M
DPTR FM NORMAL   -98    PTCLDY (SCALE 4-7)   M
SEASONAL TOTAL  8850    CLOUDY (SCALE 8-10)  M
DPTR FM NORMAL -1139

[CDD (BASE 65) ]
TOTAL THIS MO.     0
DPTR FM NORMAL     0    [PRESSURE DATA]
SEASONAL TOTAL     0    HIGHEST SLP     M
DPTR FM NORMAL     0    LOWEST  SLP     M

[REMARKS]
