000
CXUS56 KMTR 011000
CF6SNS
PRELIMINARY LOCAL CLIMATOLOGICAL DATA (WS FORM: F-6)

                                          STATION:   SALINAS AIRPORT
                                          MONTH:     AUGUST
                                          YEAR:      2015
                                          LATITUDE:   36 40 N
                                          LONGITUDE: 121 36 W

  TEMPERATURE IN F:       :PCPN:    SNOW:  WIND      :SUNSHINE: SKY     :PK WND
================================================================================
1   2   3   4   5  6A  6B    7    8   9   10  11  12  13   14  15   16   17  18
                                     12Z  AVG MX 2MIN
DY MAX MIN AVG DEP HDD CDD  WTR  SNW DPTH SPD SPD DIR MIN PSBL S-S WX    SPD DR
================================================================================

 1  75  63  69   6   0   4 0.00  0.0    0  8.5 16 280   M    M   5        21 260
 2  73  62  68   5   0   3 0.00  0.0    0  9.5 17 290   M    M   5        23 280
 3  73  62  68   5   0   3 0.00  0.0    0  9.0 18 260   M    M   3        24 260
 4  75  59  67   4   0   2 0.00  0.0    0  5.4 16 260   M    M   0        21 240
 5  77  59  68   5   0   3 0.00  0.0    0  6.3 17 260   M    M   2        21 280
 6  68  60  64   1   1   0 0.06  0.0    0  6.4 14 320   M    M   7 138    18 320
 7  73  61  67   3   0   2    T  0.0    0  7.0 17 280   M    M   5 3      23 290
 8  72  61  67   3   0   2 0.00  0.0    0  7.3 17 260   M    M   7        22 260
 9  73  60  67   3   0   2 0.00  0.0    0  7.1 17 250   M    M   6        23 280
10  73  61  67   3   0   2 0.00  0.0    0  9.0 17 290   M    M   7        23 260
11  73  60  67   3   0   2    T  0.0    0  7.9 17 260   M    M   4 1      22 260
12  78  54  66   2   0   1 0.00  0.0    0  6.7 17 280   M    M   1        23 260
13  77  63  70   6   0   5 0.00  0.0    0  7.6 20 280   M    M   4        23 270
14  77  60  69   5   0   4 0.00  0.0    0  8.4 17 260   M    M   0        24 240
15  93  57  75  11   0  10 0.00  0.0    0  6.4 17 250   M    M   0 8      21 280
16  89  60  75  11   0  10 0.00  0.0    0  6.8 16 300   M    M   0 18     21 290
17  74  60  67   3   0   2 0.00  0.0    0  7.4 18 290   M    M   5 128    22 300
18  74  60  67   3   0   2 0.00  0.0    0  7.2 16 310   M    M   6 18     23 290
19  74  62  68   4   0   3 0.00  0.0    0  7.7 16 280   M    M   6 8      21 270
20  74  63  69   5   0   4 0.00  0.0    0  8.2 17 270   M    M   7 8      22 290
21  71  62  67   3   0   2 0.00  0.0    0  7.5 17 280   M    M   8 8      22 290
22  73  61  67   3   0   2 0.00  0.0    0  6.3 18 290   M    M   8        23 260
23  73  60  67   3   0   2 0.00  0.0    0  6.3 16 290   M    M   5        22 280
24  74  57  66   2   0   1 0.00  0.0    0  6.8 17 280   M    M   2 18     24 330
25  78  59  69   5   0   4 0.00  0.0    0  7.5 17 290   M    M   5 18     21 270
26  81  58  70   6   0   5 0.00  0.0    0  6.3 16 290   M    M   4 18     22 300
27  89  58  74  10   0   9 0.00  0.0    0  6.1 18 270   M    M   0 18     22 280
28  90  59  75  11   0  10 0.00  0.0    0  8.4 16 280   M    M   0 1      20 280
29  83  62  73   9   0   8 0.00  0.0    0  7.2 20 260   M    M   3 1      25 260
30  76  59  68   4   0   3 0.00  0.0    0  8.9 18 250   M    M   0        23 260
31  75  59  67   2   0   2 0.00  0.0    0  7.5 17 270   M    M   2 18     24 270
================================================================================
SM 2378 1861         1 114  0.06     0.0 228.6          M      117
================================================================================
AV 76.7 60.0                               7.4 FASTST   M    M   4    MAX(MPH)
                                 MISC ---->  # 20 280               # 25  260
================================================================================
NOTES:
# LAST OF SEVERAL OCCURRENCES

COLUMN 17 PEAK WIND IN M.P.H.

PRELIMINARY LOCAL CLIMATOLOGICAL DATA (WS FORM: F-6) , PAGE 2

                                          STATION:  SALINAS AIRPORT
                                          MONTH:    AUGUST
                                          YEAR:     2015
                                          LATITUDE:   36 40 N
                                          LONGITUDE: 121 36 W

[TEMPERATURE DATA]      [PRECIPITATION DATA]       SYMBOLS USED IN COLUMN 16

AVERAGE MONTHLY: 68.4   TOTAL FOR MONTH:   0.06    1 = FOG OR MIST
DPTR FM NORMAL:   4.5   DPTR FM NORMAL:    0.03    2 = FOG REDUCING VISIBILITY
HIGHEST:    93 ON 15    GRTST 24HR  0.06 ON  6- 6      TO 1/4 MILE OR LESS
LOWEST:     54 ON 12                               3 = THUNDER
                        SNOW, ICE PELLETS, HAIL    4 = ICE PELLETS
                        TOTAL MONTH:   0.0 INCH    5 = HAIL
                        GRTST 24HR     0.0         6 = FREEZING RAIN OR DRIZZLE
                        GRTST DEPTH:   0           7 = DUSTSTORM OR SANDSTORM:
                                                       VSBY 1/2 MILE OR LESS
                                                   8 = SMOKE OR HAZE
[NO. OF DAYS WITH]      [WEATHER - DAYS WITH]      9 = BLOWING SNOW
                                                   X = TORNADO
MAX 32 OR BELOW:   0    0.01 INCH OR MORE:   1
MAX 90 OR ABOVE:   2    0.10 INCH OR MORE:   0
MIN 32 OR BELOW:   0    0.50 INCH OR MORE:   0
MIN  0 OR BELOW:   0    1.00 INCH OR MORE:   0

[HDD (BASE 65) ]
TOTAL THIS MO.     1    CLEAR  (SCALE 0-3)  12
DPTR FM NORMAL   -56    PTCLDY (SCALE 4-7)  18
TOTAL FM JUL 1     3    CLOUDY (SCALE 8-10)  1
DPTR FM NORMAL  -132

[CDD (BASE 65) ]
TOTAL THIS MO.   114
DPTR FM NORMAL    91    [PRESSURE DATA]
TOTAL FM JAN 1   211    HIGHEST SLP M ON M
DPTR FM NORMAL   142    LOWEST  SLP 29.80 ON 16

[REMARKS]
#FINAL-08-15#
