853
CXUS56 KMTR 241000
CF6SNS
PRELIMINARY LOCAL CLIMATOLOGICAL DATA (WS FORM: F-6)

                                          STATION:   SALINAS AIRPORT
                                          MONTH:     SEPTEMBER
                                          YEAR:      2017
                                          LATITUDE:   36 40 N
                                          LONGITUDE: 121 36 W

  TEMPERATURE IN F:       :PCPN:    SNOW:  WIND      :SUNSHINE: SKY     :PK WND
================================================================================
1   2   3   4   5  6A  6B    7    8   9   10  11  12  13   14  15   16   17  18
                                     12Z  AVG MX 2MIN
DY MAX MIN AVG DEP HDD CDD  WTR  SNW DPTH SPD SPD DIR MIN PSBL S-S WX    SPD DR
================================================================================

 1 105  63  84  19   0  19 0.00  0.0    0  8.3 18 310   M    M   0        23 100
 2 109  66  88  23   0  23 0.00  0.0    0  7.2 16 320   M    M   0        18 310
 3  89  67  78  13   0  13 0.00  0.0    0  6.3 16 270   M    M   0 8      19 300
 4  83  66  75  10   0  10    T  0.0    0  6.8 16 280   M    M   0 18     22 290
 5  85  65  75  10   0  10 0.00  0.0    0  7.4 21 320   M    M   3        26 320
 6  75  64  70   5   0   5 0.00  0.0    0  8.1 17 300   M    M   6 18     22 300
 7  77  63  70   5   0   5 0.00  0.0    0  7.4 16 280   M    M   6        22 250
 8  75  62  69   4   0   4 0.00  0.0    0  7.6 20 270   M    M   8 18     24 280
 9  75  61  68   3   0   3 0.00  0.0    0  5.9 20 280   M    M   7 1      24 270
10  84  59  72   7   0   7 0.00  0.0    0  5.9 16 270   M    M   3 128    19 280
11  96  64  80  15   0  15 0.04  0.0    0  8.4 22 310   M    M   1 38     27 310
12  78  64  71   7   0   6 0.00  0.0    0 10.3 21 320   M    M   3        25 320
13  70  63  67   3   0   2    T  0.0    0  7.5 18 290   M    M   9 13     24 290
14  70  61  66   2   0   1    T  0.0    0  8.8 17 290   M    M   8 1      23 260
15  69  57  63  -1   2   0 0.00  0.0    0  9.0 18 240   M    M   6        27 260
16  71  50  61  -3   4   0 0.00  0.0    0  7.0 16 290   M    M   2 18     21 270
17  69  57  63  -1   2   0 0.00  0.0    0  6.9 16 280   M    M   4        21 280
18  75  59  67   3   0   2 0.00  0.0    0  7.9 20 270   M    M   6 1      23 260
19  72  55  64   0   1   0 0.00  0.0    0  8.3 18 240   M    M   0        23 240
20  74  55  65   1   0   0 0.00  0.0    0  8.5 17 260   M    M   3        22 260
21  68  50  59  -5   6   0 0.00  0.0    0 11.6 28 230   M    M   1        34 250
22  69  48  59  -5   6   0 0.00  0.0    0  6.1 18 270   M    M   0        23 270
23  75  45  60  -4   5   0 0.00  0.0    0  5.3 18 270   M    M   0        23 270
================================================================================
SM 1813 1364        26 125  0.04     0.0 176.5          M       76
================================================================================
AV 78.8 59.3                               7.7 FASTST   M    M   3    MAX(MPH)
                                 MISC ---->  # 28 230               # 34  250
================================================================================
NOTES:
# LAST OF SEVERAL OCCURRENCES

COLUMN 17 PEAK WIND IN M.P.H.

PRELIMINARY LOCAL CLIMATOLOGICAL DATA (WS FORM: F-6) , PAGE 2

                                          STATION:  SALINAS AIRPORT
                                          MONTH:    SEPTEMBER
                                          YEAR:     2017
                                          LATITUDE:   36 40 N
                                          LONGITUDE: 121 36 W

[TEMPERATURE DATA]      [PRECIPITATION DATA]       SYMBOLS USED IN COLUMN 16

AVERAGE MONTHLY: 69.1   TOTAL FOR MONTH:   0.04    1 = FOG OR MIST
DPTR FM NORMAL:   4.6   DPTR FM NORMAL:   -0.06    2 = FOG REDUCING VISIBILITY
HIGHEST:   109 ON  2    GRTST 24HR  0.04 ON 11-11      TO 1/4 MILE OR LESS
LOWEST:     45 ON 23                               3 = THUNDER
                        SNOW, ICE PELLETS, HAIL    4 = ICE PELLETS
                        TOTAL MONTH:   0.0 INCH    5 = HAIL
                        GRTST 24HR     0.0         6 = FREEZING RAIN OR DRIZZLE
                        GRTST DEPTH:   0           7 = DUSTSTORM OR SANDSTORM:
                                                       VSBY 1/2 MILE OR LESS
                                                   8 = SMOKE OR HAZE
[NO. OF DAYS WITH]      [WEATHER - DAYS WITH]      9 = BLOWING SNOW
                                                   X = TORNADO
MAX 32 OR BELOW:   0    0.01 INCH OR MORE:   1
MAX 90 OR ABOVE:   3    0.10 INCH OR MORE:   0
MIN 32 OR BELOW:   0    0.50 INCH OR MORE:   0
MIN  0 OR BELOW:   0    1.00 INCH OR MORE:   0

[HDD (BASE 65) ]
TOTAL THIS MO.    26    CLEAR  (SCALE 0-3)  13
DPTR FM NORMAL   -20    PTCLDY (SCALE 4-7)   8
TOTAL FM JUL 1   117    CLOUDY (SCALE 8-10)  2
DPTR FM NORMAL   -64

[CDD (BASE 65) ]
TOTAL THIS MO.   125
DPTR FM NORMAL   102    [PRESSURE DATA]
TOTAL FM JAN 1   193    HIGHEST SLP M ON M
DPTR FM NORMAL   101    LOWEST  SLP 29.74 ON M

[REMARKS]
