000
CXUS55 KCYS 011000
CF6SNY
PRELIMINARY LOCAL CLIMATOLOGICAL DATA (WS FORM: F-6)

                                          STATION:   SIDNEY NEBRASKA AIRPORT
                                          MONTH:     FEBRUARY
                                          YEAR:      2015
                                          LATITUDE:   41  5 N
                                          LONGITUDE: 102 59 W

  TEMPERATURE IN F:       :PCPN:    SNOW:  WIND      :SUNSHINE: SKY     :PK WND
================================================================================
1   2   3   4   5  6A  6B    7    8   9   10  11  12  13   14  15   16   17  18
                                     12Z  AVG MX 2MIN
DY MAX MIN AVG DEP HDD CDD  WTR  SNW DPTH SPD SPD DIR MIN PSBL S-S WX    SPD DR
================================================================================

 1  21   0  11 -19  54   0    T    M    M 14.8 25 360   M    M   6 18     29 360
 2  52  11  32   2  33   0 0.00    M    M 11.5 23 180   M    M   1        30 310
 3  60  29  45  15  20   0    T    M    M 11.4 29 310   M    M   4        37 310
 4  42  15  29  -1  36   0 0.18    M    M 13.5 28  60   M    M   8 18     33  50
 5  49  17  33   3  32   0 0.00    M    M 10.0 21 200   M    M   1        24 200
 6  74  37  56  26   9   0 0.00    M    M 14.0 30 280   M    M   0        37 270
 7  76  39  58  28   7   0 0.00    M    M 17.9 35 290   M    M   0        41 300
 8  63  29  46  16  19   0 0.00    M    M 17.4 36 310   M    M   0        45 310
 9  67  25  46  15  19   0 0.00    M    M 11.5 23 300   M    M   0        31 300
10  57  37  47  16  18   0 0.00    M    M 15.4 29 340   M    M   1        35 300
11  51  25  38   7  27   0 0.00    M    M 10.6 26  10   M    M   4        30 360
12  57  22  40   9  25   0 0.00    M    M 10.3 20 170   M    M   3        25 320
13  61  28  45  14  20   0 0.00    M    M 12.1 25 330   M    M   2        30 320
14  53  23  38   6  27   0 0.00    M    M 13.0 23 140   M    M   2 1      28 120
15  35  21  28  -4  37   0 0.02    M    M  7.3 20  30   M    M   9 18     24  10
16  39  19  29  -3  36   0    T    M    M 10.8 30 340   M    M   4 1      36 340
17  32  15  24  -8  41   0 0.01    M    M 19.1 38 310   M    M   5 19     52 310
18  37  21  29  -3  36   0 0.00    M    M  7.8 15 320   M    M   8        19 320
19  61  19  40   7  25   0 0.00    M    M  9.1 26 330   M    M   0        32 330
20  47  26  37   4  28   0 0.00    M    M  8.2 16  20   M    M   4        19  20
21  34  15  25  -8  40   0 0.03    M    M 12.3 24  50   M    M   7 18     29  50
22  18   3  11 -23  54   0    T    M    M  5.3 15  50   M    M   8 1      18  50
23  24  -3  11 -23  54   0 0.00    M    M 10.4 21 210   M    M   0        26 210
24  50  17  34   0  31   0 0.00    M    M 13.3 26 330   M    M   0        33 320
25  44  14  29  -5  36   0 0.03    M    M 17.7 33 340   M    M   7 12     40 340
26  18   6  12 -23  53   0    T    M    M  8.1 15  20   M    M  10 8      18  20
27  18   3  11 -24  54   0    T    M    M 16.0 26 180   M    M   9 18     31 180
28  28  -2  13 -22  52   0 0.00    M    M  5.2 14 180   M    M   4 18     19 190
================================================================================
SM 1268  511       923   0  0.27    M    334.0          M      107
================================================================================
AV 45.3 18.2                              11.9 FASTST   M    M   4    MAX(MPH)
                                 MISC ---->  # 38 310               # 52  310
================================================================================
NOTES:
# LAST OF SEVERAL OCCURRENCES

COLUMN 17 PEAK WIND IN M.P.H.

PRELIMINARY LOCAL CLIMATOLOGICAL DATA (WS FORM: F-6) , PAGE 2

                                          STATION:  SIDNEY NEBRASKA AIRPORT
                                          MONTH:    FEBRUARY
                                          YEAR:     2015
                                          LATITUDE:   41  5 N
                                          LONGITUDE: 102 59 W

[TEMPERATURE DATA]      [PRECIPITATION DATA]       SYMBOLS USED IN COLUMN 16

AVERAGE MONTHLY: 31.8   TOTAL FOR MONTH:   0.27    1 = FOG OR MIST
DPTR FM NORMAL:  -0.2   DPTR FM NORMAL:   -0.05    2 = FOG REDUCING VISIBILITY
HIGHEST:    76 ON  7    GRTST 24HR  0.18 ON  4- 4      TO 1/4 MILE OR LESS
LOWEST:     -3 ON 23                               3 = THUNDER
                        SNOW, ICE PELLETS, HAIL    4 = ICE PELLETS
                        TOTAL MONTH:    M          5 = HAIL
                        GRTST 24HR    M  ON   M    6 = FREEZING RAIN OR DRIZZLE
                        GRTST DEPTH:  M  ON   M    7 = DUSTSTORM OR SANDSTORM:
                                                       VSBY 1/2 MILE OR LESS
                                                   8 = SMOKE OR HAZE
[NO. OF DAYS WITH]      [WEATHER - DAYS WITH]      9 = BLOWING SNOW
                                                   X = TORNADO
MAX 32 OR BELOW:   7    0.01 INCH OR MORE:   5
MAX 90 OR ABOVE:   0    0.10 INCH OR MORE:   1
MIN 32 OR BELOW:  25    0.50 INCH OR MORE:   0
MIN  0 OR BELOW:   3    1.00 INCH OR MORE:   0

[HDD (BASE 65) ]
TOTAL THIS MO.   923    CLEAR  (SCALE 0-3)  13
DPTR FM NORMAL    -2    PTCLDY (SCALE 4-7)  11
TOTAL FM JUL 1  4732    CLOUDY (SCALE 8-10)  4
DPTR FM NORMAL   150

[CDD (BASE 65) ]
TOTAL THIS MO.     0
DPTR FM NORMAL     0    [PRESSURE DATA]
TOTAL FM JAN 1     0    HIGHEST SLP 30.73 ON 22
DPTR FM NORMAL     0    LOWEST  SLP 29.64 ON  7

[REMARKS]
#FINAL-02-15#
