000
CXUS55 KCYS 311000
CF6SNY
PRELIMINARY LOCAL CLIMATOLOGICAL DATA (WS FORM: F-6)

                                          STATION:   SIDNEY NEBRASKA AIRPORT
                                          MONTH:     MAY
                                          YEAR:      2016
                                          LATITUDE:   41  5 N
                                          LONGITUDE: 102 59 W

  TEMPERATURE IN F:       :PCPN:    SNOW:  WIND      :SUNSHINE: SKY     :PK WND
================================================================================
1   2   3   4   5  6A  6B    7    8   9   10  11  12  13   14  15   16   17  18
                                     12Z  AVG MX 2MIN
DY MAX MIN AVG DEP HDD CDD  WTR  SNW DPTH SPD SPD DIR MIN PSBL S-S WX    SPD DR
================================================================================

 1  46  30  38 -15  27   0    T    M    M 11.6 22 360   M    M   6 1      27  10
 2  60  28  44  -9  21   0    T    M    M  9.7 21  50   M    M   2        26  30
 3  70  36  53  -1  12   0 0.00    M    M 11.6 22 360   M    M   0        30 360
 4  75  37  56   2   9   0 0.00    M    M  7.3 14 180   M    M   0        17 160
 5  84  43  64  10   1   0 0.00    M    M 13.0 21 180   M    M   0        26 200
 6  84  50  67  12   0   2    T    M    M 11.4 22 140   M    M   0 3      28 150
 7  67  42  55   0  10   0 0.62    M    M 18.4 35  60   M    M   3 138    43  70
 8  65  38  52  -3  13   0 0.00    M    M  6.6 18 330   M    M   4 138    23 300
 9  70  37  54  -2  11   0    T    M    M  7.6 25 290   M    M   3        32 290
10  67  44  56   0   9   0    T    M    M 13.4 32 290   M    M   5        40 300
11  62  31  47  -9  18   0 0.00    M    M 11.6 28 330   M    M   2        39 330
12  72  29  51  -5  14   0 0.00    M    M  8.0 17 190   M    M   0        22 300
13  57  40  49  -8  16   0 0.00    M    M 15.0 33 340   M    M   5        39 350
14  47  36  42 -15  23   0 0.00    M    M  8.1 15  90   M    M  10        20 150
15  51  41  46 -11  19   0    T    M    M 14.1 24 140   M    M  10        30 140
16  43  40  42 -16  23   0 0.13    M    M 10.2 23 130   M    M   9 12     29 130
17  60  33  47 -11  18   0 0.00    M    M  8.7 16 130   M    M   6        24 140
18  64  31  48 -10  17   0 0.00    M    M 13.8 24 170   M    M   4        30 170
19  74  41  58   0   7   0 0.00    M    M 16.8 24 160   M    M   0        31 160
20  77  46  62   3   3   0 0.00    M    M 16.8 26 150   M    M   3 1      35 160
21  66  55  61   2   4   0 0.00    M    M 20.6 36 140   M    M  10 128    45 140
22  81  51  66   7   0   1 0.00    M    M 13.1 39 310   M    M   0 8      48 330
23  74  41  58  -2   7   0    T    M    M 10.6 29 350   M    M   3        37 300
24  78  38  58  -2   7   0 0.21    M    M 10.0 35 270   M    M   4 3      43 270
25  75  45  60   0   5   0 0.23    M    M  9.4 33 300   M    M   4 123    41 300
26  70  44  57  -3   8   0 0.01    M    M 10.2 25 340   M    M   6 3      29 340
27  58  44  51 -10  14   0 0.69    M    M 10.4 25  10   M    M   7 1      33  10
28  73  38  56  -5   9   0 0.05    M    M  6.8 17 230   M    M   1 3      20 240
29  81  40  61   0   4   0 0.04    M    M  8.5 31 300   M    M   0 3      40 290
30  80  51  66   4   0   1 0.23    M    M 11.3 33 300   M    M   2 3      41 300
================================================================================
SM 2031 1200       329   4  2.21    M    344.6          M      109
================================================================================
AV 67.7 40.0                              11.5 FASTST   M    M   4    MAX(MPH)
                                 MISC ---->  # 39 310               # 48  330
================================================================================
NOTES:
# LAST OF SEVERAL OCCURRENCES

COLUMN 17 PEAK WIND IN M.P.H.

PRELIMINARY LOCAL CLIMATOLOGICAL DATA (WS FORM: F-6) , PAGE 2

                                          STATION:  SIDNEY NEBRASKA AIRPORT
                                          MONTH:    MAY
                                          YEAR:     2016
                                          LATITUDE:   41  5 N
                                          LONGITUDE: 102 59 W

[TEMPERATURE DATA]      [PRECIPITATION DATA]       SYMBOLS USED IN COLUMN 16

AVERAGE MONTHLY: 53.8   TOTAL FOR MONTH:   2.21    1 = FOG OR MIST
DPTR FM NORMAL:  -3.6   DPTR FM NORMAL:   -0.77    2 = FOG REDUCING VISIBILITY
HIGHEST:    84 ON  6, 5 GRTST 24HR  0.69 ON 27-27      TO 1/4 MILE OR LESS
LOWEST:     28 ON  2                               3 = THUNDER
                        SNOW, ICE PELLETS, HAIL    4 = ICE PELLETS
                        TOTAL MONTH:    M          5 = HAIL
                        GRTST 24HR    M  ON   M    6 = FREEZING RAIN OR DRIZZLE
                        GRTST DEPTH:  M  ON   M    7 = DUSTSTORM OR SANDSTORM:
                                                       VSBY 1/2 MILE OR LESS
                                                   8 = SMOKE OR HAZE
[NO. OF DAYS WITH]      [WEATHER - DAYS WITH]      9 = BLOWING SNOW
                                                   X = TORNADO
MAX 32 OR BELOW:   0    0.01 INCH OR MORE:   9
MAX 90 OR ABOVE:   0    0.10 INCH OR MORE:   6
MIN 32 OR BELOW:   5    0.50 INCH OR MORE:   2
MIN  0 OR BELOW:   0    1.00 INCH OR MORE:   0

[HDD (BASE 65) ]
TOTAL THIS MO.   329    CLEAR  (SCALE 0-3)  15
DPTR FM NORMAL    83    PTCLDY (SCALE 4-7)  11
TOTAL FM JUL 1  6199    CLOUDY (SCALE 8-10)  4
DPTR FM NORMAL    41

[CDD (BASE 65) ]
TOTAL THIS MO.     4
DPTR FM NORMAL   -17    [PRESSURE DATA]
TOTAL FM JAN 1     4    HIGHEST SLP  0.00 ON M
DPTR FM NORMAL   -18    LOWEST  SLP 29.46 ON  9

[REMARKS]
