000
CXUS56 KPQR 291200
CF6SPB
PRELIMINARY LOCAL CLIMATOLOGICAL DATA (WS FORM: F-6)

                                          STATION:   SCAPPOOSE OR
                                          MONTH:     MARCH
                                          YEAR:      2015
                                          LATITUDE:   45 46 N
                                          LONGITUDE: 122 50 W

  TEMPERATURE IN F:       :PCPN:    SNOW:  WIND      :SUNSHINE: SKY     :PK WND
================================================================================
1   2   3   4   5  6A  6B    7    8   9   10  11  12  13   14  15   16   17  18
                                     12Z  AVG MX 2MIN
DY MAX MIN AVG DEP HDD CDD  WTR  SNW DPTH SPD SPD DIR MIN PSBL S-S WX    SPD DR
================================================================================

 1  57  27  42  -2  23   0 0.00  0.0    0  2.9  9 340   M    M   1        11 340
 2  56  40  48   4  17   0 0.01    M    0  6.6 17 350   M    M   4        24 340
 3  57  29  43  -1  22   0 0.00  0.0    0  3.5 12  10   M    M   0        15  60
 4  61  26  44  -1  21   0 0.00  0.0    0  2.7  9 280   M    M   0        10 280
 5  60  30  45   0  20   0 0.00  0.0    0  2.2  6 270   M    M   0         9 150
 6  65  32  49   4  16   0 0.00  0.0    0  2.0  9 280   M    M   0        10 290
 7  69  32  51   6  14   0 0.00  0.0    0  4.5 14 340   M    M   0 1      18 340
 8  69  35  52   7  13   0 0.00  0.0    0  2.5  9 280   M    M   0        10 290
 9  68  34  51   5  14   0 0.00  0.0    0  1.2  9 350   M    M   0 1      12 330
10  63  34  49   3  16   0    T    M    0  2.1  9 170   M    M   1 1      13 160
11  59  48  54   8  11   0 0.05    M    0  3.4  9 150   M    M  10 1      15 160
12  67  45  56  10   9   0 0.00  0.0    0  2.7  9 290   M    M   4 12     12 150
13  68  42  55   9  10   0 0.08    M    0  3.6  9 150   M    M   1 1      13 190
14  58  51  55   9  10   0 1.34  0.0    0  5.6 15 150   M    M  10 1      19 140
15  61  40  51   5  14   0 1.31    M    0  8.3 29 210   M    M   9 1      41 180
16  65  34  50   4  15   0 0.00  0.0    0  3.6 12 350   M    M   1 1      14 360
17  58  38  48   1  17   0 0.05    M    0  2.1 13 230   M    M   6 1      16 230
18  63  42  53   6  12   0 0.00  0.0    0  1.9  8 160   M    M   5 1      11 160
19  65  36  51   4  14   0 0.00  0.0    0  1.5  8 140   M    M   1        11 130
20  63  42  53   6  12   0 0.14    M    0  4.8 16 150   M    M   4 1      22 140
21  60  42  51   4  14   0 0.01    M    0  5.9 16 230   M    M   6        22 230
22  56  41  49   2  16   0 0.22    M    0  1.6  8 210   M    M   8 1      12 210
23  55  42  49   2  16   0 1.15    M    0  5.0 15 230   M    M   9 1      22 170
24  57  38  48   1  17   0 0.10    M    0  4.4 18 320   M    M   8 1      27 320
25  60  48  54   6  11   0 0.23    M    0  2.9  8 170   M    M  10 12     13 150
26  72  41  57   9   8   0 0.00  0.0    0  1.4  7 280   M    M   5 12     10 110
27  71  42  57   9   8   0 0.05    M    0  3.6 17 310   M    M   4 12     27 320
28  63  38  51   3  14   0    T    M    0  3.6 14 210   M    M   4 1      19 200
================================================================================
SM 1746 1069       404   0  4.74     0.0  96.1          M      111
================================================================================
AV 62.4 38.2                               3.4 FASTST   M    M   4    MAX(MPH)
                                 MISC ---->  # 29 210               # 41  180
================================================================================
NOTES:
# LAST OF SEVERAL OCCURRENCES

COLUMN 17 PEAK WIND IN M.P.H.

PRELIMINARY LOCAL CLIMATOLOGICAL DATA (WS FORM: F-6) , PAGE 2

                                          STATION:  SCAPPOOSE OR
                                          MONTH:    MARCH
                                          YEAR:     2015
                                          LATITUDE:   45 46 N
                                          LONGITUDE: 122 50 W

[TEMPERATURE DATA]      [PRECIPITATION DATA]       SYMBOLS USED IN COLUMN 16

AVERAGE MONTHLY: 50.3   TOTAL FOR MONTH:   4.74    1 = FOG OR MIST
DPTR FM NORMAL:   4.1   DPTR FM NORMAL:    0.93    2 = FOG REDUCING VISIBILITY
HIGHEST:    72 ON 26    GRTST 24HR  1.34 ON 14-14      TO 1/4 MILE OR LESS
LOWEST:     26 ON  4                               3 = THUNDER
                        SNOW, ICE PELLETS, HAIL    4 = ICE PELLETS
                        TOTAL MONTH:   0.0 INCH    5 = HAIL
                        GRTST 24HR     0.0         6 = FREEZING RAIN OR DRIZZLE
                        GRTST DEPTH:   0           7 = DUSTSTORM OR SANDSTORM:
                                                       VSBY 1/2 MILE OR LESS
                                                   8 = SMOKE OR HAZE
[NO. OF DAYS WITH]      [WEATHER - DAYS WITH]      9 = BLOWING SNOW
                                                   X = TORNADO
MAX 32 OR BELOW:   0    0.01 INCH OR MORE:  13
MAX 90 OR ABOVE:   0    0.10 INCH OR MORE:   7
MIN 32 OR BELOW:   6    0.50 INCH OR MORE:   3
MIN  0 OR BELOW:   0    1.00 INCH OR MORE:   3

[HDD (BASE 65) ]
TOTAL THIS MO.   404    CLEAR  (SCALE 0-3)  12
DPTR FM NORMAL  -123    PTCLDY (SCALE 4-7)  10
TOTAL FM JUL 1  3190    CLOUDY (SCALE 8-10)  6
DPTR FM NORMAL  -794

[CDD (BASE 65) ]
TOTAL THIS MO.     0
DPTR FM NORMAL     0    [PRESSURE DATA]
TOTAL FM JAN 1     0    HIGHEST SLP M ON M
DPTR FM NORMAL     0    LOWEST  SLP 29.66 ON 15

[REMARKS]
