000
CXUS56 KPQR 291200
CF6SPB
PRELIMINARY LOCAL CLIMATOLOGICAL DATA (WS FORM: F-6)

                                          STATION:   SCAPPOOSE OR
                                          MONTH:     JULY
                                          YEAR:      2015
                                          LATITUDE:   45 46 N
                                          LONGITUDE: 122 50 W

  TEMPERATURE IN F:       :PCPN:    SNOW:  WIND      :SUNSHINE: SKY     :PK WND
================================================================================
1   2   3   4   5  6A  6B    7    8   9   10  11  12  13   14  15   16   17  18
                                     12Z  AVG MX 2MIN
DY MAX MIN AVG DEP HDD CDD  WTR  SNW DPTH SPD SPD DIR MIN PSBL S-S WX    SPD DR
================================================================================

 1  96  59  78  14   0  13 0.00  0.0    0  8.4 16 360   M    M   0        21 340
 2  98  57  78  14   0  13 0.00  0.0    0  6.1 18 340   M    M   0        25 360
 3  96  57  77  13   0  12 0.00  0.0    0  6.0 15  10   M    M   0        20 360
 4  95  53  74  10   0   9 0.00  0.0    0  2.5 10 340   M    M   0        13 330
 5  97  57  77  12   0  12 0.00  0.0    0  4.0 15 360   M    M   0        17 360
 6  89  53  71   6   0   6 0.00  0.0    0  5.5 16  10   M    M   0        21  20
 7  88  58  73   8   0   8 0.00  0.0    0  6.3 16 360   M    M   2        20 350
 8  91  58  75  10   0  10 0.00  0.0    0  7.3 16  10   M    M   0        20 360
 9  85  56  71   5   0   6 0.00  0.0    0  6.5 16 340   M    M   1        21 340
10  78  60  69   3   0   4 0.00  0.0    0  5.2 13 340   M    M   8        20 350
11  72  60  66   0   0   1    T  0.0    0  2.1 10 130   M    M   9        14 130
12  82  60  71   5   0   6 0.02  0.0    0  4.0 12 320   M    M   8        17 300
13  82  61  72   6   0   7    T  0.0    0  5.6 14 360   M    M   6        17 350
14  84  58  71   5   0   6 0.00  0.0    0  8.0 17 350   M    M   0        24 350
15  83  53  68   1   0   3 0.00  0.0    0  6.0 16 320   M    M   1        26 330
16  81  57  69   2   0   4 0.00  0.0    0  5.7 17 290   M    M   5        23 280
17  88  50  69   2   0   4 0.00  0.0    0  7.6 17 350   M    M   0        24 350
18  98  56  77  10   0  12 0.00  0.0    0  5.4 15 350   M    M   0        20  10
19  97  58  78  11   0  13 0.00  0.0    0  6.3 16  10   M    M   0        22 360
20  85  56  71   4   0   6 0.00  0.0    0  5.0 18 360   M    M   2        22 360
21  77  58  68   0   0   3 0.00  0.0    0  6.4 15 290   M    M   4        23 290
22  70  53  62  -6   3   0 0.00  0.0    0  3.9 10 300   M    M   9        14 290
23  81  51  66  -2   0   1 0.00  0.0    0  5.3 16 360   M    M   2        21 360
24  81  50  66  -2   0   1    T  0.0    0  6.4 14 340   M    M   5        18 340
25  72  55  64  -4   1   0 0.27  0.0    0  4.0 13 290   M    M   9 1      19 300
26  71  51  61  -7   4   0 0.08  0.0    0  2.8 13 310   M    M   8 1      18 320
27  77  48  63  -5   2   0 0.00  0.0    0  5.8 13 340   M    M   4        18 330
28  87  56  72   4   0   7 0.00  0.0    0  8.7 17 340   M    M   0        24 340
================================================================================
SM 2381 1559        10 167  0.37     0.0 156.8          M       83
================================================================================
AV 85.0 55.7                               5.6 FASTST   M    M   3    MAX(MPH)
                                 MISC ---->  # 18 340               # 26  330
================================================================================
NOTES:
# LAST OF SEVERAL OCCURRENCES

COLUMN 17 PEAK WIND IN M.P.H.

PRELIMINARY LOCAL CLIMATOLOGICAL DATA (WS FORM: F-6) , PAGE 2

                                          STATION:  SCAPPOOSE OR
                                          MONTH:    JULY
                                          YEAR:     2015
                                          LATITUDE:   45 46 N
                                          LONGITUDE: 122 50 W

[TEMPERATURE DATA]      [PRECIPITATION DATA]       SYMBOLS USED IN COLUMN 16

AVERAGE MONTHLY: 70.4   TOTAL FOR MONTH:   0.37    1 = FOG OR MIST
DPTR FM NORMAL:   4.0   DPTR FM NORMAL:   -0.22    2 = FOG REDUCING VISIBILITY
HIGHEST:    98 ON 18, 2 GRTST 24HR  0.27 ON 25-25      TO 1/4 MILE OR LESS
LOWEST:     48 ON 27                               3 = THUNDER
                        SNOW, ICE PELLETS, HAIL    4 = ICE PELLETS
                        TOTAL MONTH:   0.0 INCH    5 = HAIL
                        GRTST 24HR     0.0         6 = FREEZING RAIN OR DRIZZLE
                        GRTST DEPTH:   0           7 = DUSTSTORM OR SANDSTORM:
                                                       VSBY 1/2 MILE OR LESS
                                                   8 = SMOKE OR HAZE
[NO. OF DAYS WITH]      [WEATHER - DAYS WITH]      9 = BLOWING SNOW
                                                   X = TORNADO
MAX 32 OR BELOW:   0    0.01 INCH OR MORE:   3
MAX 90 OR ABOVE:   8    0.10 INCH OR MORE:   1
MIN 32 OR BELOW:   0    0.50 INCH OR MORE:   0
MIN  0 OR BELOW:   0    1.00 INCH OR MORE:   0

[HDD (BASE 65) ]
TOTAL THIS MO.    10    CLEAR  (SCALE 0-3)  17
DPTR FM NORMAL   -33    PTCLDY (SCALE 4-7)   7
TOTAL FM JUL 1    10    CLOUDY (SCALE 8-10)  4
DPTR FM NORMAL   -33

[CDD (BASE 65) ]
TOTAL THIS MO.   167
DPTR FM NORMAL    87    [PRESSURE DATA]
TOTAL FM JAN 1   311    HIGHEST SLP M ON M
DPTR FM NORMAL   202    LOWEST  SLP 29.66 ON  9

[REMARKS]
