000
CXUS55 KTBW 261000
CF6SPG
PRELIMINARY LOCAL CLIMATOLOGICAL DATA (WS FORM: F-6)

                                          STATION:   Saint Petersburg
                                          MONTH:     FEBRUARY
                                          YEAR:      2015
                                          LATITUDE:   27 46 N
                                          LONGITUDE:  82 38 W

  TEMPERATURE IN F:       :PCPN:    SNOW:  WIND      :SUNSHINE: SKY     :PK WND
================================================================================
1   2   3   4   5  6A  6B    7    8   9   10  11  12  13   14  15   16   17  18
                                     12Z  AVG MX 2MIN
DY MAX MIN AVG DEP HDD CDD  WTR  SNW DPTH SPD SPD DIR MIN PSBL S-S WX    SPD DR
================================================================================

 1  74  59  67   5   0   2 0.00  0.0    0 11.3 18 120   M    M   0        21 120
 2  71  55  63   0   2   0 0.02  0.0    0 10.3 22 320   M    M   5 1      29 310
 3  65  47  56  -7   9   0 0.00  0.0    0 13.3 22  50   M    M   0        27  40
 4  70  56  63   0   2   0 0.08  0.0    0  8.8 18  70   M    M   6        21  60
 5  68  56  62  -1   3   0 1.25  0.0    0  9.7 20  20   M    M   7 13     26  20
 6  65  53  59  -4   6   0 0.00  0.0    0 13.1 21  60   M    M   0        26  50
 7  71  51  61  -2   4   0 0.00  0.0    0  7.6 15  60   M    M   0        18  70
 8  72  57  65   2   0   0 0.00  0.0    0  4.7 12 250   M    M   0        15 220
 9  65  59  62  -1   3   0 1.07  0.0    0  4.5 13  30   M    M   7 13     18  10
10  62  54  58  -6   7   0 0.00  0.0    0 10.6 20 340   M    M   2        26 300
11  64  51  58  -6   7   0 0.00  0.0    0  7.1 14 240   M    M   0        17 240
12  66  50  58  -6   7   0 0.00  0.0    0  6.1 15 270   M    M   0        21 330
13  60  48  54 -10  11   0 0.00  0.0    0  9.7 18 340   M    M   0        23 360
14  61  47  54 -10  11   0 0.00  0.0    0  7.9 15  30   M    M   0        17  20
15  72  55  64   0   1   0 0.00  0.0    0  8.1 22  10   M    M   0        28  20
16  73  56  65   1   0   0 0.00  0.0    0 10.0 17 220   M    M   1        27 220
17  73  57  65   1   0   0 0.84  0.0    0 10.6 22 220   M    M   6 1      32 240
18  58  51  55  -9  10   0 0.42  0.0    0 11.7 22 330   M    M   4 1      30 340
19  55  45  50 -15  15   0 0.00  0.0    0 13.3 24 360   M    M   0        34 350
20  57  40  49 -16  16   0 0.00  0.0    0 13.4 22 110   M    M   0        25 110
21  71  49  60  -5   5   0 0.00  0.0    0  8.7 21  90   M    M   1        23  90
22  78  58  68   3   0   3 0.00  0.0    0  4.7 15 240   M    M   1 1      19 250
23  74  62  68   3   0   3    T  0.0    0  5.3 15 270   M    M   9 12     19 260
24  69  62  66   1   0   1    T  0.0    0  5.7 13 250   M    M  10 12     18 250
25  73  59  66   1   0   1 0.01  0.0    0 11.3 24 210   M    M   9 128    32 220
================================================================================
SM 1687 1337       119  10  3.69     0.0 227.5          M       68
================================================================================
AV 67.5 53.5                               9.1 FASTST   M    M   3    MAX(MPH)
                                 MISC ---->  # 24 360               # 34  350
================================================================================
NOTES:
# LAST OF SEVERAL OCCURRENCES

COLUMN 17 PEAK WIND IN M.P.H.

PRELIMINARY LOCAL CLIMATOLOGICAL DATA (WS FORM: F-6) , PAGE 2

                                          STATION:  Saint Petersburg
                                          MONTH:    FEBRUARY
                                          YEAR:     2015
                                          LATITUDE:   27 46 N
                                          LONGITUDE:  82 38 W

[TEMPERATURE DATA]      [PRECIPITATION DATA]       SYMBOLS USED IN COLUMN 16

AVERAGE MONTHLY: 60.5   TOTAL FOR MONTH:   3.69    1 = FOG OR MIST
DPTR FM NORMAL:  -3.4   DPTR FM NORMAL:    1.28    2 = FOG REDUCING VISIBILITY
HIGHEST:    78 ON 22    GRTST 24HR  1.33 ON  4- 5      TO 1/4 MILE OR LESS
LOWEST:     40 ON 20                               3 = THUNDER
                        SNOW, ICE PELLETS, HAIL    4 = ICE PELLETS
                        TOTAL MONTH:   0.0 INCH    5 = HAIL
                        GRTST 24HR     0.0         6 = FREEZING RAIN OR DRIZZLE
                        GRTST DEPTH:   0           7 = DUSTSTORM OR SANDSTORM:
                                                       VSBY 1/2 MILE OR LESS
                                                   8 = SMOKE OR HAZE
[NO. OF DAYS WITH]      [WEATHER - DAYS WITH]      9 = BLOWING SNOW
                                                   X = TORNADO
MAX 32 OR BELOW:   0    0.01 INCH OR MORE:   7
MAX 90 OR ABOVE:   0    0.10 INCH OR MORE:   4
MIN 32 OR BELOW:   0    0.50 INCH OR MORE:   3
MIN  0 OR BELOW:   0    1.00 INCH OR MORE:   2

[HDD (BASE 65) ]
TOTAL THIS MO.   119    CLEAR  (SCALE 0-3)  16
DPTR FM NORMAL    39    PTCLDY (SCALE 4-7)   6
TOTAL FM JUL 1   333    CLOUDY (SCALE 8-10)  3
DPTR FM NORMAL   -34

[CDD (BASE 65) ]
TOTAL THIS MO.    10
DPTR FM NORMAL   -43    [PRESSURE DATA]
TOTAL FM JAN 1    63    HIGHEST SLP M ON M
DPTR FM NORMAL   -35    LOWEST  SLP 29.70 ON  9

[REMARKS]
