000
CXUS55 KTBW 231000
CF6SPG
PRELIMINARY LOCAL CLIMATOLOGICAL DATA (WS FORM: F-6)

                                          STATION:   Saint Petersburg
                                          MONTH:     JULY
                                          YEAR:      2016
                                          LATITUDE:   27 46 N
                                          LONGITUDE:  82 38 W

  TEMPERATURE IN F:       :PCPN:    SNOW:  WIND      :SUNSHINE: SKY     :PK WND
================================================================================
1   2   3   4   5  6A  6B    7    8   9   10  11  12  13   14  15   16   17  18
                                     12Z  AVG MX 2MIN
DY MAX MIN AVG DEP HDD CDD  WTR  SNW DPTH SPD SPD DIR MIN PSBL S-S WX    SPD DR
================================================================================

 1  89  81  85   1   0  20 0.05  0.0    0  8.6 17 170   M    M   2 8      20 160
 2  88  81  85   1   0  20 0.00  0.0    0  8.9 21 150   M    M   3 3      24 150
 3  90  80  85   1   0  20 0.00  0.0    0  5.4 15 170   M    M   0        17 180
 4  92  82  87   3   0  22 0.00  0.0    0  5.2 13 250   M    M   0 8      16 270
 5  94  82  88   4   0  23 0.00  0.0    0  7.5 16 170   M    M   1        18 180
 6  96  83  90   6   0  25 0.00  0.0    0  5.8 18 320   M    M   0 3      26 330
 7  92  83  88   4   0  23 0.00  0.0    0  5.8 16 360   M    M   1 3      20 360
 8  93  78  86   2   0  21 1.42  0.0    0  4.7 28 250   M    M   2 123    35 240
 9  91  80  86   2   0  21 0.07  0.0    0  5.0 16 310   M    M   1 3      20 320
10  91  83  87   3   0  22 0.00  0.0    0  4.0 13 260   M    M   1 3      15 260
11  92  78  85   1   0  20 0.19  0.0    0  7.1 31  70   M    M   1 3      36  70
12  94  79  87   3   0  22    T  0.0    0  8.9 28 150   M    M   1 38     32 140
13  93  78  86   2   0  21    T  0.0    0  8.4 41 130   M    M   1 3      49 120
14  93  80  87   3   0  22 0.01  0.0    0  6.7 32 180   M    M   0 3      38 190
15  92  78  85   1   0  20 0.22  0.0    0  7.8 24  90   M    M   0 3      27 120
16  91  79  85   1   0  20 0.21  0.0    0  8.7 24 140   M    M   0 3      28 150
17  94  77  86   2   0  21 0.87  0.0    0  9.0 38 170   M    M   1 13     45 170
18  92  81  87   3   0  22 0.00  0.0    0 13.5 26  70   M    M   0 3      30  70
19  91  75  83  -1   0  18 0.53  0.0    0 10.5 39  60   M    M   0 13     46  60
20  93  82  88   4   0  23 0.00  0.0    0  8.1 25 130   M    M   1 3      29 130
21  92  81  87   3   0  22 0.00  0.0    0  7.0 21 200   M    M   1 3      25 210
22  91  76  84   0   0  19 0.25  0.0    0  7.1 28 150   M    M   2 13     33 150
================================================================================
SM 2024 1757         0 467  3.82     0.0 163.7          M       19
================================================================================
AV 92.0 79.9                               7.4 FASTST   M    M   1    MAX(MPH)
                                 MISC ---->  # 41 130               # 49  120
================================================================================
NOTES:
# LAST OF SEVERAL OCCURRENCES

COLUMN 17 PEAK WIND IN M.P.H.

PRELIMINARY LOCAL CLIMATOLOGICAL DATA (WS FORM: F-6) , PAGE 2

                                          STATION:  Saint Petersburg
                                          MONTH:    JULY
                                          YEAR:     2016
                                          LATITUDE:   27 46 N
                                          LONGITUDE:  82 38 W

[TEMPERATURE DATA]      [PRECIPITATION DATA]       SYMBOLS USED IN COLUMN 16

AVERAGE MONTHLY: 85.9   TOTAL FOR MONTH:   3.82    1 = FOG OR MIST
DPTR FM NORMAL:   1.9   DPTR FM NORMAL:   -1.34    2 = FOG REDUCING VISIBILITY
HIGHEST:    96 ON  6    GRTST 24HR  1.49 ON  8- 9      TO 1/4 MILE OR LESS
LOWEST:     75 ON 19                               3 = THUNDER
                        SNOW, ICE PELLETS, HAIL    4 = ICE PELLETS
                        TOTAL MONTH:   0.0 INCH    5 = HAIL
                        GRTST 24HR     0.0         6 = FREEZING RAIN OR DRIZZLE
                        GRTST DEPTH:   0           7 = DUSTSTORM OR SANDSTORM:
                                                       VSBY 1/2 MILE OR LESS
                                                   8 = SMOKE OR HAZE
[NO. OF DAYS WITH]      [WEATHER - DAYS WITH]      9 = BLOWING SNOW
                                                   X = TORNADO
MAX 32 OR BELOW:   0    0.01 INCH OR MORE:  10
MAX 90 OR ABOVE:  20    0.10 INCH OR MORE:   7
MIN 32 OR BELOW:   0    0.50 INCH OR MORE:   3
MIN  0 OR BELOW:   0    1.00 INCH OR MORE:   1

[HDD (BASE 65) ]
TOTAL THIS MO.     0    CLEAR  (SCALE 0-3)  22
DPTR FM NORMAL     0    PTCLDY (SCALE 4-7)   0
TOTAL FM JUL 1     0    CLOUDY (SCALE 8-10)  0
DPTR FM NORMAL     0

[CDD (BASE 65) ]
TOTAL THIS MO.   467
DPTR FM NORMAL    49    [PRESSURE DATA]
TOTAL FM JAN 1  2047    HIGHEST SLP M ON M
DPTR FM NORMAL   184    LOWEST  SLP 29.98 ON M

[REMARKS]
