000
CXUS53 KILX 010649
CF6SPI
PRELIMINARY LOCAL CLIMATOLOGICAL DATA (WS FORM: F-6)

                                          STATION:   SPRINGFIELD IL
                                          MONTH:     JULY
                                          YEAR:      2015
                                          LATITUDE:   39 50 N
                                          LONGITUDE:  89 41 W

  TEMPERATURE IN F:       :PCPN:    SNOW:  WIND      :SUNSHINE: SKY     :PK WND
================================================================================
1   2   3   4   5  6A  6B    7    8   9   10  11  12  13   14  15   16   17  18
                                     12Z  AVG MX 2MIN
DY MAX MIN AVG DEP HDD CDD  WTR  SNW DPTH SPD SPD DIR MIN PSBL S-S WX    SPD DR
================================================================================

 1  84  68  76   0   0  11 0.12  0.0    0  6.4 17  60   M    M   4 18     22  70
 2  76  62  69  -7   0   4    T  0.0    0  9.6 20  60   M    M   4        23  60
 3  82  64  73  -3   0   8    T  0.0    0  4.8 12  30   M    M   4 1      17  30
 4  84  60  72  -4   0   7 0.00  0.0    0  1.9  8 270   M    M   2 128    10 250
 5  85  63  74  -2   0   9 0.00  0.0    0  4.4 12 170   M    M   0 18     17 140
 6  89  71  80   4   0  15 0.00  0.0    0 11.1 17 190   M    M   2 8      22 190
 7  80  64  72  -4   0   7 0.67  0.0    0  9.0 17  30   M    M   5 13     22 350
 8  64  57  61 -15   4   0 2.13  0.0    0  7.0 17 280   M    M  10 1      21 280
 9  72  61  67  -9   0   2    T  0.0    0  5.7 13 280   M    M   8 18     16 290
10  83  64  74  -2   0   9 0.01  0.0    0  2.6 10  60   M    M   4 1      14  40
11  83  67  75  -1   0  10 0.42  0.0    0  7.0 17 170   M    M   3 13     21 170
12  92  70  81   5   0  16 0.00  0.0    0  5.9 16 280   M    M   2        20 270
13  93  75  84   8   0  19 0.00  0.0    0  8.7 31 250   M    M   1        36 250
14  91  70  81   5   0  16 0.00  0.0    0  9.2 20 320   M    M   1        26 310
15  83  65  74  -2   0   9 0.00  0.0    0  6.8 12  70   M    M   0        15  30
16  86  70  78   2   0  13 0.19  0.0    0 10.4 22 160   M    M   3 138    29 170
17  94  79  87  11   0  22 0.00  0.0    0  9.6 16 250   M    M   1        23 190
18  91  79  85   9   0  20 0.00  0.0    0  8.4 21 200   M    M   1        25 200
19  83  70  77   1   0  12 0.38  0.0    0  6.9 22 250   M    M   1 13     29 250
20  86  67  77   1   0  12 0.08  0.0    0  3.4 12 260   M    M   2 1      15 260
21  84  63  74  -2   0   9 0.00  0.0    0  5.9 14 350   M    M   1        19 330
22  85  61  73  -3   0   8 0.00  0.0    0  3.5  9 100   M    M   1 1      15 170
23  85  63  74  -2   0   9 0.00  0.0    0  3.6 13 120   M    M   1        16 120
24  88  63  76   0   0  11 0.00  0.0    0  4.5 20 180   M    M   1        25 190
25  91  72  82   6   0  17 0.02  0.0    0  5.1 16 110   M    M   1 138    21 120
26  86  73  80   4   0  15 0.14  0.0    0  4.0 13 280   M    M   3 13     17 280
27  92  73  83   7   0  18    T  0.0    0  4.0 10  50   M    M   2 1      13  40
28  96  75  86  11   0  21 0.00  0.0    0  4.5 18  80   M    M   1 1      20  80
29  90  65  78   3   0  13 0.00  0.0    0  8.1 16 320   M    M   2 1      20 330
30  88  62  75   0   0  10 0.00  0.0    0  7.1 16 310   M    M   0        20 310
31  91  63  77   2   0  12 0.00  0.0    0   M   M   M   M    M   M         M  M
================================================================================
SM 2657 2079         4 364  4.16     0.0 189.1          M       71
================================================================================
AV 85.7 67.1                               6.3 FASTST   M    M   2    MAX(MPH)
                                 MISC ---->  # 31 250               # 36  250
================================================================================
NOTES:
# LAST OF SEVERAL OCCURRENCES

COLUMN 17 PEAK WIND IN M.P.H.

PRELIMINARY LOCAL CLIMATOLOGICAL DATA (WS FORM: F-6) , PAGE 2

                                          STATION:  SPRINGFIELD IL
                                          MONTH:    JULY
                                          YEAR:     2015
                                          LATITUDE:   39 50 N
                                          LONGITUDE:  89 41 W

[TEMPERATURE DATA]      [PRECIPITATION DATA]       SYMBOLS USED IN COLUMN 16

AVERAGE MONTHLY: 76.4   TOTAL FOR MONTH:   4.16    1 = FOG OR MIST
DPTR FM NORMAL:   0.6   DPTR FM NORMAL:    0.22    2 = FOG REDUCING VISIBILITY
HIGHEST:    96 ON 28    GRTST 24HR  2.13 ON  8- 8      TO 1/4 MILE OR LESS
LOWEST:     57 ON  8                               3 = THUNDER
                        SNOW, ICE PELLETS, HAIL    4 = ICE PELLETS
                        TOTAL MONTH:   0.0 INCH    5 = HAIL
                        GRTST 24HR     0.0         6 = FREEZING RAIN OR DRIZZLE
                        GRTST DEPTH:   0           7 = DUSTSTORM OR SANDSTORM:
                                                       VSBY 1/2 MILE OR LESS
                                                   8 = SMOKE OR HAZE
[NO. OF DAYS WITH]      [WEATHER - DAYS WITH]      9 = BLOWING SNOW
                                                   X = TORNADO
MAX 32 OR BELOW:   0    0.01 INCH OR MORE:  10
MAX 90 OR ABOVE:  10    0.10 INCH OR MORE:   7
MIN 32 OR BELOW:   0    0.50 INCH OR MORE:   2
MIN  0 OR BELOW:   0    1.00 INCH OR MORE:   1

[HDD (BASE 65) ]
TOTAL THIS MO.     4    CLEAR  (SCALE 0-3)  20
DPTR FM NORMAL     3    PTCLDY (SCALE 4-7)   9
TOTAL FM JUL 1     4    CLOUDY (SCALE 8-10)  1
DPTR FM NORMAL     3

[CDD (BASE 65) ]
TOTAL THIS MO.   364
DPTR FM NORMAL    29    [PRESSURE DATA]
TOTAL FM JAN 1   828    HIGHEST SLP M ON M
DPTR FM NORMAL   149    LOWEST  SLP 29.60 ON 13

[REMARKS]
#FINAL-07-15#
