000
CXUS54 KOUN 310800
CF6SPS
PRELIMINARY LOCAL CLIMATOLOGICAL DATA (WS FORM: F-6)

                                          STATION:   WICHITA FALLS
                                          MONTH:     JULY
                                          YEAR:      2015
                                          LATITUDE:   33 58 N
                                          LONGITUDE:  98 29 W

  TEMPERATURE IN F:       :PCPN:    SNOW:  WIND      :SUNSHINE: SKY     :PK WND
================================================================================
1   2   3   4   5  6A  6B    7    8   9   10  11  12  13   14  15   16   17  18
                                     12Z  AVG MX 2MIN
DY MAX MIN AVG DEP HDD CDD  WTR  SNW DPTH SPD SPD DIR MIN PSBL S-S WX    SPD DR
================================================================================

 1  94  74  84   1   0  19 0.00  0.0    0 15.2 24 210   M    M   2        32 190
 2  93  76  85   2   0  20 0.00  0.0    0 13.7 22 200   M    M   0        28 210
 3  93  74  84   1   0  19 0.03  0.0    0 11.6 22 200   M    M   4 3      27 200
 4  95  72  84   1   0  19 0.00  0.0    0  8.6 18 160   M    M   1 38     30 180
 5  95  76  86   3   0  21 0.00  0.0    0 14.0 22 160   M    M   1        30 240
 6  93  77  85   1   0  20 0.00  0.0    0 15.6 23 160   M    M   5        30 150
 7  81  68  75  -9   0  10 1.45  0.0    0 10.0 22 180   M    M   9 1      26 240
 8  81  67  74 -10   0   9    T  0.0    0  6.9 12 220   M    M   9 18     15 280
 9  88  69  79  -5   0  14 1.11  0.0    0 10.9 22 200   M    M   6 138    29 260
10  91  71  81  -3   0  16 0.00  0.0    0 13.0 23 190   M    M   4 8      27 190
11  92  74  83  -1   0  18 0.00  0.0    0 11.7 17 170   M    M   0 8      23 190
12  94  73  84   0   0  19 0.00  0.0    0 12.4 21 210   M    M   1        25 200
13  96  72  84   0   0  19 0.00  0.0    0 12.6 22 190   M    M   0        25 200
14  98  71  85   1   0  20 0.00  0.0    0 10.8 20 230   M    M   0        25 210
15  96  71  84   0   0  19 0.00  0.0    0 11.2 18 140   M    M   0        23 170
16  96  75  86   1   0  21 0.00  0.0    0 12.8 23 210   M    M   1        31 180
17  96  72  84  -1   0  19 0.00  0.0    0 13.5 23 210   M    M   1        28 210
18  98  76  87   2   0  22 0.00  0.0    0 12.9 22 160   M    M   0        29 160
19  97  74  86   1   0  21 0.00  0.0    0 10.7 21 200   M    M   1 8      31 240
20  99  76  88   3   0  23 0.00  0.0    0 11.5 18 230   M    M   1        24 240
21  97  75  86   1   0  21 0.16  0.0    0 10.5 30 290   M    M   3 13     36 290
22  98  74  86   1   0  21    T  0.0    0 10.3 20 180   M    M   5 3      25 190
23  98  77  88   3   0  23 0.00  0.0    0 11.0 18 210   M    M   1        26 240
24  99  75  87   2   0  22 0.00  0.0    0 10.0 17 140   M    M   0        25 110
25  98  72  85   0   0  20 0.00  0.0    0 10.3 18 160   M    M   0        22 240
26 100  72  86   1   0  21 0.00  0.0    0  9.7 17 130   M    M   1        23 150
27  99  73  86   1   0  21 0.00  0.0    0 12.0 21 140   M    M   1        24 130
28  99  75  87   2   0  22 0.00  0.0    0 11.8 21 150   M    M   0        25 140
29 101  73  87   2   0  22 0.00  0.0    0  7.1 20 110   M    M   1        22 120
30 102  73  88   3   0  23 0.00  0.0    0  6.5 16  90   M    M   1        22  80
================================================================================
SM 2857 2197         0 584  2.75     0.0 338.8          M       59
================================================================================
AV 95.2 73.2                              11.3 FASTST   M    M   2    MAX(MPH)
                                 MISC ---->  # 30 290               # 36  290
================================================================================
NOTES:
# LAST OF SEVERAL OCCURRENCES

COLUMN 17 PEAK WIND IN M.P.H.

PRELIMINARY LOCAL CLIMATOLOGICAL DATA (WS FORM: F-6) , PAGE 2

                                          STATION:  WICHITA FALLS
                                          MONTH:    JULY
                                          YEAR:     2015
                                          LATITUDE:   33 58 N
                                          LONGITUDE:  98 29 W

[TEMPERATURE DATA]      [PRECIPITATION DATA]       SYMBOLS USED IN COLUMN 16

AVERAGE MONTHLY: 84.2   TOTAL FOR MONTH:   2.75    1 = FOG OR MIST
DPTR FM NORMAL:  -0.1   DPTR FM NORMAL:    1.21    2 = FOG REDUCING VISIBILITY
HIGHEST:   102 ON 30    GRTST 24HR  1.45 ON  7- 7      TO 1/4 MILE OR LESS
LOWEST:     67 ON  8                               3 = THUNDER
                        SNOW, ICE PELLETS, HAIL    4 = ICE PELLETS
                        TOTAL MONTH:   0.0 INCH    5 = HAIL
                        GRTST 24HR     0.0         6 = FREEZING RAIN OR DRIZZLE
                        GRTST DEPTH:   0           7 = DUSTSTORM OR SANDSTORM:
                                                       VSBY 1/2 MILE OR LESS
                                                   8 = SMOKE OR HAZE
[NO. OF DAYS WITH]      [WEATHER - DAYS WITH]      9 = BLOWING SNOW
                                                   X = TORNADO
MAX 32 OR BELOW:   0    0.01 INCH OR MORE:   4
MAX 90 OR ABOVE:  27    0.10 INCH OR MORE:   3
MIN 32 OR BELOW:   0    0.50 INCH OR MORE:   2
MIN  0 OR BELOW:   0    1.00 INCH OR MORE:   2

[HDD (BASE 65) ]
TOTAL THIS MO.     0    CLEAR  (SCALE 0-3)  23
DPTR FM NORMAL     0    PTCLDY (SCALE 4-7)   5
TOTAL FM JUL 1     0    CLOUDY (SCALE 8-10)  2
DPTR FM NORMAL     0

[CDD (BASE 65) ]
TOTAL THIS MO.   584
DPTR FM NORMAL     4    [PRESSURE DATA]
TOTAL FM JAN 1  1276    HIGHEST SLP M ON M
DPTR FM NORMAL   -59    LOWEST  SLP 29.72 ON 13

[REMARKS]
