000
CXUS55 KTBW 241000
CF6SRQ
PRELIMINARY LOCAL CLIMATOLOGICAL DATA (WS FORM: F-6)

                                          STATION:   Sarasota Bradenton
                                          MONTH:     OCTOBER
                                          YEAR:      2014
                                          LATITUDE:   27 23 N
                                          LONGITUDE:  82 33 W

  TEMPERATURE IN F:       :PCPN:    SNOW:  WIND      :SUNSHINE: SKY     :PK WND
================================================================================
1   2   3   4   5  6A  6B    7    8   9   10  11  12  13   14  15   16   17  18
                                     12Z  AVG MX 2MIN
DY MAX MIN AVG DEP HDD CDD  WTR  SNW DPTH SPD SPD DIR MIN PSBL S-S WX    SPD DR
================================================================================

 1  87  77  82   2   0  17 0.00  0.0    0  7.4 14 310   M    M   1        16 280
 2  89  74  82   2   0  17 0.00  0.0    0  5.5 16 290   M    M   2 12     19 300
 3  87  74  81   2   0  16 0.00  0.0    0  5.8 20 260   M    M   1 1      23 260
 4  84  70  77  -2   0  12 2.96  0.0    0  8.6 24 340   M    M   4 13     31 260
 5  78  60  69 -10   0   4 0.00  0.0    0  7.1 14  30   M    M   0        19  20
 6  82  61  72  -7   0   7 0.00  0.0    0  7.4 14 110   M    M   1        30  80
 7  86  71  79   0   0  14 0.35  0.0    0  7.5 20 140   M    M   3 13     23 150
 8  88  70  79   1   0  14 0.00  0.0    0  5.5 14 290   M    M   1        16 360
 9  90  72  81   3   0  16 0.00  0.0    0  8.2 15  60   M    M   2        22 100
10  90  70  80   2   0  15 0.00  0.0    0  7.8 15 110   M    M   1        19  90
11  90  70  80   2   0  15 0.00  0.0    0  5.9 13 320   M    M   1 1      17 260
12  89  70  80   3   0  15 0.00  0.0    0  7.5 16 100   M    M   1        20 110
13  90  72  81   4   0  16 0.51  0.0    0  9.9 29 160   M    M   3 138    33 150
14  85  74  80   3   0  15 0.52  0.0    0  8.6 20 190   M    M   3 13     25 180
15  83  66  75  -2   0  10 0.08  0.0    0  6.0 18 290   M    M   4 1      24 300
16  82  64  73  -3   0   8 0.00  0.0    0  7.8 20 310   M    M   2        23 320
17  82  62  72  -4   0   7 0.00  0.0    0  6.5 15 310   M    M   0        23  50
18  82  59  71  -5   0   6 0.00  0.0    0  4.6 15 290   M    M   0        19 310
19  85  62  74  -2   0   9 0.00  0.0    0  3.9 12  30   M    M   2        15  10
20  87  65  76   1   0  11 0.00  0.0    0  6.1 13 110   M    M   0        17 100
21  85  69  77   2   0  12 0.00  0.0    0  3.4 10  40   M    M   1        13  20
22  86  69  78   3   0  13 0.00  0.0    0  7.6 17  80   M    M   0        21  80
23  84  64  74  -1   0   9 0.00  0.0    0  9.5 18  70   M    M   0        22  80
================================================================================
SM 1971 1565         0 278  4.42     0.0 158.1          M       33
================================================================================
AV 85.7 68.0                               6.9 FASTST   M    M   1    MAX(MPH)
                                 MISC ---->  # 29 160               # 33  150
================================================================================
NOTES:
# LAST OF SEVERAL OCCURRENCES

COLUMN 17 PEAK WIND IN M.P.H.

PRELIMINARY LOCAL CLIMATOLOGICAL DATA (WS FORM: F-6) , PAGE 2

                                          STATION:  Sarasota Bradenton
                                          MONTH:    OCTOBER
                                          YEAR:     2014
                                          LATITUDE:   27 23 N
                                          LONGITUDE:  82 33 W

[TEMPERATURE DATA]      [PRECIPITATION DATA]       SYMBOLS USED IN COLUMN 16

AVERAGE MONTHLY: 76.9   TOTAL FOR MONTH:   4.42    1 = FOG OR MIST
DPTR FM NORMAL:  -0.5   DPTR FM NORMAL:    1.92    2 = FOG REDUCING VISIBILITY
HIGHEST:    90 ON 13,11 GRTST 24HR  2.96 ON  4- 4      TO 1/4 MILE OR LESS
LOWEST:     59 ON 18                               3 = THUNDER
                        SNOW, ICE PELLETS, HAIL    4 = ICE PELLETS
                        TOTAL MONTH:   0.0 INCH    5 = HAIL
                        GRTST 24HR     0.0         6 = FREEZING RAIN OR DRIZZLE
                        GRTST DEPTH:   0           7 = DUSTSTORM OR SANDSTORM:
                                                       VSBY 1/2 MILE OR LESS
                                                   8 = SMOKE OR HAZE
[NO. OF DAYS WITH]      [WEATHER - DAYS WITH]      9 = BLOWING SNOW
                                                   X = TORNADO
MAX 32 OR BELOW:   0    0.01 INCH OR MORE:   5
MAX 90 OR ABOVE:   4    0.10 INCH OR MORE:   4
MIN 32 OR BELOW:   0    0.50 INCH OR MORE:   3
MIN  0 OR BELOW:   0    1.00 INCH OR MORE:   1

[HDD (BASE 65) ]
TOTAL THIS MO.     0    CLEAR  (SCALE 0-3)  21
DPTR FM NORMAL     0    PTCLDY (SCALE 4-7)   2
TOTAL FM JUL 1     0    CLOUDY (SCALE 8-10)  0
DPTR FM NORMAL     0

[CDD (BASE 65) ]
TOTAL THIS MO.   278
DPTR FM NORMAL    -7    [PRESSURE DATA]
TOTAL FM JAN 1  3277    HIGHEST SLP M ON M
DPTR FM NORMAL   203    LOWEST  SLP 29.82 ON  1

[REMARKS]
