000
CXUS54 KEPZ 231200
CF6SRR
PRELIMINARY LOCAL CLIMATOLOGICAL DATA (WS FORM: F-6)

                                          STATION:   RUIDOSO        AWOS
                                          MONTH:     JANUARY
                                          YEAR:      2017
                                          LATITUDE:   33 28 N
                                          LONGITUDE: 105 32 W

  TEMPERATURE IN F:       :PCPN:    SNOW:  WIND      :SUNSHINE: SKY     :PK WND
================================================================================
1   2   3   4   5  6A  6B    7    8   9   10  11  12  13   14  15   16   17  18
                                     12Z  AVG MX 2MIN
DY MAX MIN AVG DEP HDD CDD  WTR  SNW DPTH SPD SPD DIR MIN PSBL S-S WX    SPD DR
================================================================================

 1  46  28  37   M  28   0 0.00  0.0    0  9.5 30 250   M    M   3 2      38 250
 2  50  28  39   M  26   0 0.00  0.0    0  9.5 22 280   M    M   2        31 280
 3  50  37  44   M  21   0 0.00  0.0    0 11.3 28 250   M    M   2        36 250
 4  37  37  37   M  28   0 0.00  0.0    M  4.6  6 260   M    M   9         M  M
 5   M   M   M   M   M   M    M    M    M   M   M   M   M    M   M         M  M
 6   M   M   M   M   M   M    M    M    M   M   M   M   M    M   M         M  M
 7   M   M   M   M   M   M    M    M    M   M   M   M   M    M   M         M  M
 8   M   M   M   M   M   M    M    M    M   M   M   M   M    M   M         M  M
 9  57  50  54   M  11   0 0.00  0.0    M 33.1 40 240   M    M   1        55 240
10  59  41  50   M  15   0 0.00  0.0    0 11.8 25 270   M    M   0        29 270
11  64  46  55   M  10   0 0.00  0.0    0 23.9 33 240   M    M   0        44 240
12  59  39  49   M  16   0 0.00  0.0    0 12.4 27 210   M    M   0        33 210
13  54  36  45   M  20   0 0.00  0.0    0  7.2 16 150   M    M   3 12      M  M
14  41  32  37   M  28   0 0.00  0.0    0  6.1 13 130   M    M  10 123     M  M
15  37  28  33   M  32   0 0.00  0.0    0  6.5 18 270   M    M   9 123    24 280
16  43  30  37   M  28   0 0.00  0.0    0  7.0 15 280   M    M   6 13     31 280
17  36  30  33   M  32   0 0.00  0.0    0  5.6 10 120   M    M   9 123     M  M
18  43  28  36   M  29   0 0.00  0.0    0  8.9 21 270   M    M   6 12     27 270
19  46  36  41   M  24   0 0.00  0.0    0 16.5 29 290   M    M   1 3      39 300
20  43  32  38   M  27   0 0.00  0.0    0 21.1 31 230   M    M   6        40 240
21  36  27  32   M  33   0 0.00  0.0    0 22.3 37 290   M    M   7        61 290
22  41  25  33   M  32   0 0.00  0.0    0 16.9 37 290   M    M   0        55 290
================================================================================
SM  842  610       440   0  0.00     0.0 234.2          M       74
================================================================================
AV 46.8 33.9                              13.0 FASTST   M    M   4    MAX(MPH)
                                 MISC ---->    40   M               # 61  290
================================================================================
NOTES:
# LAST OF SEVERAL OCCURRENCES

COLUMN 17 PEAK WIND IN M.P.H.

PRELIMINARY LOCAL CLIMATOLOGICAL DATA (WS FORM: F-6) , PAGE 2

                                          STATION:  RUIDOSO        AWOS
                                          MONTH:    JANUARY
                                          YEAR:     2017
                                          LATITUDE:   33 28 N
                                          LONGITUDE: 105 32 W

[TEMPERATURE DATA]      [PRECIPITATION DATA]       SYMBOLS USED IN COLUMN 16

AVERAGE MONTHLY: 40.3   TOTAL FOR MONTH:   0.00    1 = FOG OR MIST
DPTR FM NORMAL:     M   DPTR FM NORMAL:       M    2 = FOG REDUCING VISIBILITY
HIGHEST:    64 ON 11    GRTST 24HR  0.00 ON 22-22      TO 1/4 MILE OR LESS
LOWEST:     25 ON 22                               3 = THUNDER
                        SNOW, ICE PELLETS, HAIL    4 = ICE PELLETS
                        TOTAL MONTH:   0.0 INCH    5 = HAIL
                        GRTST 24HR     0.0         6 = FREEZING RAIN OR DRIZZLE
                        GRTST DEPTH:   0           7 = DUSTSTORM OR SANDSTORM:
                                                       VSBY 1/2 MILE OR LESS
                                                   8 = SMOKE OR HAZE
[NO. OF DAYS WITH]      [WEATHER - DAYS WITH]      9 = BLOWING SNOW
                                                   X = TORNADO
MAX 32 OR BELOW:   0    0.01 INCH OR MORE:   0
MAX 90 OR ABOVE:   0    0.10 INCH OR MORE:   0
MIN 32 OR BELOW:  10    0.50 INCH OR MORE:   0
MIN  0 OR BELOW:   0    1.00 INCH OR MORE:   0

[HDD (BASE 65) ]
TOTAL THIS MO.   440    CLEAR  (SCALE 0-3)   9
DPTR FM NORMAL     M    PTCLDY (SCALE 4-7)   5
TOTAL FM JUL 1  2072    CLOUDY (SCALE 8-10)  4
DPTR FM NORMAL     M

[CDD (BASE 65) ]
TOTAL THIS MO.     0
DPTR FM NORMAL     M    [PRESSURE DATA]
TOTAL FM JAN 1     0    HIGHEST SLP M ON M
DPTR FM NORMAL     M    LOWEST  SLP M ON M

[REMARKS]
