000
CXUS54 KEWX 260910
CF6SSF
PRELIMINARY LOCAL CLIMATOLOGICAL DATA (WS FORM: F-6)

                                          STATION:   SAN ANTONIO STINSON FIELD
                                          MONTH:     DECEMBER
                                          YEAR:      2014
                                          LATITUDE:   29 19 N
                                          LONGITUDE:  98 29 W

  TEMPERATURE IN F:       :PCPN:    SNOW:  WIND      :SUNSHINE: SKY     :PK WND
================================================================================
1   2   3   4   5  6A  6B    7    8   9   10  11  12  13   14  15   16   17  18
                                     12Z  AVG MX 2MIN
DY MAX MIN AVG DEP HDD CDD  WTR  SNW DPTH SPD SPD DIR MIN PSBL S-S WX    SPD DR
================================================================================

 1  71  44  58   2   7   0    T    M    M  8.7 23  30   M    M  10 12     28  30
 2  52  42  47  -8  18   0 0.00    M    M  5.7 14  20   M    M  10        18  20
 3  60  49  55   0  10   0    T    M    M  1.2  6  80   M    M  10 18     11  40
 4  70  60  65  10   0   0 0.03    M    M  5.0 12 130   M    M  10 128    15 170
 5  78  58  68  13   0   3    T    M    M  5.6 15 220   M    M   6 1      18 220
 6  71  54  63   9   2   0 0.00    M    M  7.5 16  20   M    M   0 1      21  30
 7  66  51  59   5   6   0 0.00    M    M  7.2 13  20   M    M   6        17 350
 8  71  49  60   6   5   0 0.00    M    M  6.0 13  10   M    M   5        17  10
 9  71  44  58   4   7   0 0.00    M    M  2.9  8 130   M    M   1 1      19 110
10  70  51  61   8   4   0    T    M    M  4.0 14 170   M    M  10        16 160
11  71  59  65  12   0   0 0.16    M    M  4.9 14 180   M    M  10 1      19 170
12  73  61  67  14   0   2    T    M    M  6.9 15 150   M    M   9        20 150
13  75  53  64  11   1   0 0.00    M    M  4.8 14 150   M    M   5 12     24 150
14  74  61  68  15   0   3 0.00    M    M  6.8 20 170   M    M   9 1      24 160
15  77  56  67  14   0   2 0.00    M    M  4.5 14 340   M    M   4 12     18 320
16  66  51  59   7   6   0 0.00    M    M  8.6 16  50   M    M   4        23  20
17  60  50  55   3  10   0    T    M    M  7.3 13  80   M    M  10        17  70
18  68  56  62  10   3   0 0.39    M    M  7.5 14  30   M    M   8 13     19  40
19  66  52  59   7   6   0    T    M    M 10.6 20  20   M    M   6 1      25  10
20  58  49  54   2  11   0 0.00    M    M  7.6 16  40   M    M  10        22  20
21  56  51  54   2  11   0    T    M    M  3.3  9 210   M    M  10 1      22 210
22  72  54  63  11   2   0 0.00    M    M  4.1 13 240   M    M   5 1      16 220
23  60  43  52   0  13   0    T    M    M 12.8 24 360   M    M   4        34  10
24  59  34  47  -5  18   0 0.00    M    M  7.7 18 270   M    M   0        26 320
25  66  29  48  -4  17   0 0.00  0.0    0  6.6 22 170   M    M   1 18     28 160
================================================================================
SM 1681 1261       157  10  0.58     0.0 157.8          M      163
================================================================================
AV 67.2 50.4                               6.3 FASTST   M    M   7    MAX(MPH)
                                 MISC ---->  # 24 360               # 34   10
================================================================================
NOTES:
# LAST OF SEVERAL OCCURRENCES

COLUMN 17 PEAK WIND IN M.P.H.

PRELIMINARY LOCAL CLIMATOLOGICAL DATA (WS FORM: F-6) , PAGE 2

                                          STATION:  SAN ANTONIO STINSON FIELD
                                          MONTH:    DECEMBER
                                          YEAR:     2014
                                          LATITUDE:   29 19 N
                                          LONGITUDE:  98 29 W

[TEMPERATURE DATA]      [PRECIPITATION DATA]       SYMBOLS USED IN COLUMN 16

AVERAGE MONTHLY: 58.8   TOTAL FOR MONTH:   0.58    1 = FOG OR MIST
DPTR FM NORMAL:   5.6   DPTR FM NORMAL:   -0.93    2 = FOG REDUCING VISIBILITY
HIGHEST:    78 ON  5    GRTST 24HR  0.39 ON 18-18      TO 1/4 MILE OR LESS
LOWEST:     29 ON 25                               3 = THUNDER
                        SNOW, ICE PELLETS, HAIL    4 = ICE PELLETS
                        TOTAL MONTH:   0.0 INCH    5 = HAIL
                        GRTST 24HR     0.0         6 = FREEZING RAIN OR DRIZZLE
                        GRTST DEPTH:   0           7 = DUSTSTORM OR SANDSTORM:
                                                       VSBY 1/2 MILE OR LESS
                                                   8 = SMOKE OR HAZE
[NO. OF DAYS WITH]      [WEATHER - DAYS WITH]      9 = BLOWING SNOW
                                                   X = TORNADO
MAX 32 OR BELOW:   0    0.01 INCH OR MORE:   3
MAX 90 OR ABOVE:   0    0.10 INCH OR MORE:   2
MIN 32 OR BELOW:   1    0.50 INCH OR MORE:   0
MIN  0 OR BELOW:   0    1.00 INCH OR MORE:   0

[HDD (BASE 65) ]
TOTAL THIS MO.   157    CLEAR  (SCALE 0-3)   4
DPTR FM NORMAL  -148    PTCLDY (SCALE 4-7)   9
TOTAL FM JUL 1   410    CLOUDY (SCALE 8-10) 12
DPTR FM NORMAL   -86

[CDD (BASE 65) ]
TOTAL THIS MO.    10
DPTR FM NORMAL     0    [PRESSURE DATA]
TOTAL FM JAN 1  3491    HIGHEST SLP M ON M
DPTR FM NORMAL   306    LOWEST  SLP 29.58 ON 23

[REMARKS]
