000
CXUS55 KSTO 291355
CF6STO
PRELIMINARY LOCAL CLIMATOLOGICAL DATA (WS FORM: F-6)

                                          STATION:   SACRAMENTO CITY
                                          MONTH:     AUGUST
                                          YEAR:      2016
                                          LATITUDE:   38 36 N
                                          LONGITUDE: 121 23 W

  TEMPERATURE IN F:       :PCPN:    SNOW:  WIND      :SUNSHINE: SKY     :PK WND
================================================================================
1   2   3   4   5  6A  6B    7    8   9   10  11  12  13   14  15   16   17  18
                                     12Z  AVG MX 2MIN
DY MAX MIN AVG DEP HDD CDD  WTR  SNW DPTH SPD SPD DIR MIN PSBL S-S WX    SPD DR
================================================================================

 1  95  59  77   0   0  12 0.00    M    M   M   M   M   M    M   M         M  M
 2  98  58  78   1   0  13 0.00    M    M   M   M   M   M    M   M         M  M
 3 102  63  83   6   0  18 0.00    M    M   M   M   M   M    M   M         M  M
 4  87  57  72  -5   0   7 0.00    M    M   M   M   M   M    M   M         M  M
 5  87  57  72  -5   0   7 0.00    M    M   M   M   M   M    M   M         M  M
 6  90  56  73  -4   0   8 0.00    M    M   M   M   M   M    M   M         M  M
 7  94  57  76  -1   0  11 0.00    M    M   M   M   M   M    M   M         M  M
 8  95  60  78   1   0  13 0.00    M    M   M   M   M   M    M   M         M  M
 9  98  59  79   2   0  14 0.00    M    M   M   M   M   M    M   M         M  M
10  95  61  78   1   0  13 0.00    M    M   M   M   M   M    M   M         M  M
11  97  60  79   2   0  14 0.00    M    M   M   M   M   M    M   M         M  M
12 102  62  82   5   0  17 0.00    M    M   M   M   M   M    M   M         M  M
13 104  64  84   7   0  19 0.00    M    M   M   M   M   M    M   M         M  M
14 103  68  86  10   0  21 0.00    M    M   M   M   M   M    M   M         M  M
15  96  58  77   1   0  12 0.00    M    M   M   M   M   M    M   M         M  M
16  99  59  79   3   0  14 0.00    M    M   M   M   M   M    M   M         M  M
17  98  61  80   4   0  15 0.00    M    M   M   M   M   M    M   M         M  M
18  97  62  80   4   0  15 0.00    M    M   M   M   M   M    M   M         M  M
19  93  63  78   2   0  13 0.00    M    M   M   M   M   M    M   M         M  M
20  95  61  78   2   0  13 0.00    M    M   M   M   M   M    M   M         M  M
21  92  59  76   0   0  11 0.00    M    M   M   M   M   M    M   M         M  M
22  90  58  74  -2   0   9 0.00    M    M   M   M   M   M    M   M         M  M
23  90  58  74  -2   0   9 0.00    M    M   M   M   M   M    M   M         M  M
24  92  55  74  -2   0   9 0.00    M    M   M   M   M   M    M   M         M  M
25  92  56  74  -2   0   9 0.00    M    M   M   M   M   M    M   M         M  M
26  86  57  72  -4   0   7 0.00  0.0    M   M   M   M   M    M   M         M  M
27  85  58  72  -4   0   7 0.00    M    M   M   M   M   M    M   M         M  M
28  94  57  76   0   0  11 0.00  0.0    M   M   M   M   M    M   M         M  M
================================================================================
SM 2646 1663         0 341  0.00     0.0     M          M        M
================================================================================
AV 94.5 59.4                                 M FASTST   M    M   0    MAX(MPH)
                                 MISC ---->     M   M                  M    M
================================================================================
NOTES:
# LAST OF SEVERAL OCCURRENCES

COLUMN 17 PEAK WIND IN M.P.H.

PRELIMINARY LOCAL CLIMATOLOGICAL DATA (WS FORM: F-6) , PAGE 2

                                          STATION:  SACRAMENTO CITY
                                          MONTH:    AUGUST
                                          YEAR:     2016
                                          LATITUDE:   38 36 N
                                          LONGITUDE: 121 23 W

[TEMPERATURE DATA]      [PRECIPITATION DATA]       SYMBOLS USED IN COLUMN 16

AVERAGE MONTHLY: 76.9   TOTAL FOR MONTH:   0.00    1 = FOG OR MIST
DPTR FM NORMAL:   0.5   DPTR FM NORMAL:   -0.03    2 = FOG REDUCING VISIBILITY
HIGHEST:   104 ON 13    GRTST 24HR  0.00 ON 28-28      TO 1/4 MILE OR LESS
LOWEST:     55 ON 24                               3 = THUNDER
                        SNOW, ICE PELLETS, HAIL    4 = ICE PELLETS
                        TOTAL MONTH:   0.0 INCH    5 = HAIL
                        GRTST 24HR     0.0         6 = FREEZING RAIN OR DRIZZLE
                        GRTST DEPTH:  M  ON   M    7 = DUSTSTORM OR SANDSTORM:
                                                       VSBY 1/2 MILE OR LESS
                                                   8 = SMOKE OR HAZE
[NO. OF DAYS WITH]      [WEATHER - DAYS WITH]      9 = BLOWING SNOW
                                                   X = TORNADO
MAX 32 OR BELOW:   0    0.01 INCH OR MORE:   0
MAX 90 OR ABOVE:  24    0.10 INCH OR MORE:   0
MIN 32 OR BELOW:   0    0.50 INCH OR MORE:   0
MIN  0 OR BELOW:   0    1.00 INCH OR MORE:   0

[HDD (BASE 65) ]
TOTAL THIS MO.     0    CLEAR  (SCALE 0-3)   0
DPTR FM NORMAL     0    PTCLDY (SCALE 4-7)   0
TOTAL FM JUL 1     0    CLOUDY (SCALE 8-10)  0
DPTR FM NORMAL     0

[CDD (BASE 65) ]
TOTAL THIS MO.   341
DPTR FM NORMAL    19    [PRESSURE DATA]
TOTAL FM JAN 1  1355    HIGHEST SLP M ON M
DPTR FM NORMAL   247    LOWEST  SLP M ON M

[REMARKS]
