000
CXUS55 KSTO 031750
CF6STO

PRELIMINARY LOCAL CLIMATOLOGICAL DATA (WS FORM: F-6)

                                          STATION:   SACRAMENTO CITY
                                          MONTH:     DECEMBER
                                          YEAR:      2012
                                          LATITUDE:   38 36 N
                                          LONGITUDE: 121 23 W

  TEMPERATURE IN F:       :PCPN:    SNOW:  WIND      :SUNSHINE: SKY     :PK WND
================================================================================
1   2   3   4   5  6A  6B    7    8   9   10  11  12  13   14  15   16   17  18
                                     12Z  AVG MX 2MIN
DY MAX MIN AVG DEP HDD CDD  WTR  SNW DPTH SPD SPD DIR MIN PSBL S-S WX    SPD DR
================================================================================

 1  64  57  61  11   4   0 0.79    M    M   M   M   M   M    M   M         M  M
 2  64  48  56   7   9   0 1.38    M    M   M   M   M   M    M   M         M  M
 3  62  43  53   4  12   0 0.00    M    M   M   M   M   M    M   M         M  M
 4  61  53  57   8   8   0 0.05    M    M   M   M   M   M    M   M         M  M
 5  58  53  56   7   9   0 0.50    M    M   M   M   M   M    M   M         M  M
 6  59  50  55   7  10   0 0.01    M    M   M   M   M   M    M   M         M  M
 7  59  43  51   3  14   0 0.00    M    M   M   M   M   M    M   M         M  M
 8  57  43  50   2  15   0 0.00    M    M   M   M   M   M    M   M         M  M
 9  61  39  50   2  15   0 0.00    M    M   M   M   M   M    M   M         M  M
10  64  41  53   5  12   0 0.00    M    M   M   M   M   M    M   M         M  M
11  62  44  53   5  12   0 0.03    M    M   M   M   M   M    M   M         M  M
12  59  43  51   3  14   0 0.04    M    M   M   M   M   M    M   M         M  M
13  54  39  47   0  18   0 0.00    M    M   M   M   M   M    M   M         M  M
14  51  36  44  -3  21   0 0.00    M    M   M   M   M   M    M   M         M  M
15  46  34  40  -7  25   0 0.14    M    M   M   M   M   M    M   M         M  M
16  53  40  47   0  18   0 0.00    M    M   M   M   M   M    M   M         M  M
17  59  45  52   5  13   0 0.33    M    M   M   M   M   M    M   M         M  M
18  53  38  46  -1  19   0 0.00    M    M   M   M   M   M    M   M         M  M
19  52  32  42  -5  23   0 0.00    M    M   M   M   M   M    M   M         M  M
20  57  35  46  -1  19   0 0.00    M    M   M   M   M   M    M   M         M  M
21  55  44  50   3  15   0 0.41    M    M   M   M   M   M    M   M         M  M
22  57  47  52   6  13   0 0.88    M    M   M   M   M   M    M   M         M  M
23  52  48  50   4  15   0 0.98    M    M   M   M   M   M    M   M         M  M
24  51  40  46   0  19   0 0.00    M    M   M   M   M   M    M   M         M  M
25  48  39  44  -2  21   0 0.91    M    M   M   M   M   M    M   M         M  M
26  55  39  47   1  18   0 0.01    M    M   M   M   M   M    M   M         M  M
27  52  39  46   0  19   0 0.00    M    M   M   M   M   M    M   M         M  M
28  48  35  42  -4  23   0 0.00    M    M   M   M   M   M    M   M         M  M
29  55  38  47   1  18   0 0.00    M    M   M   M   M   M    M   M         M  M
30  55  34  45  -1  20   0 0.00    M    M   M   M   M   M    M   M         M  M
31  53  33  43  -3  22   0 0.00    M    M   M   M   M   M    M   M         M  M
================================================================================
SM 1736 1292       493   0  6.46    M        M          M        M
================================================================================
AV 56.0 41.7                                 M FASTST   M    M   5    MAX(MPH)
                                 MISC ---->     M   M                  M    M
================================================================================
NOTES:
# LAST OF SEVERAL OCCURRENCES

COLUMN 17 PEAK WIND IN M.P.H.

PRELIMINARY LOCAL CLIMATOLOGICAL DATA (WS FORM: F-6) , PAGE 2

                                          STATION:  SACRAMENTO CITY
                                          MONTH:    DECEMBER
                                          YEAR:     2012
                                          LATITUDE:   38 36 N
                                          LONGITUDE: 121 23 W

[TEMPERATURE DATA]      [PRECIPITATION DATA]       SYMBOLS USED IN COLUMN 16

AVERAGE MONTHLY: 48.8   TOTAL FOR MONTH:   6.46    1 = FOG OR MIST
DPTR FM NORMAL:   1.5   DPTR FM NORMAL:    2.98    2 = FOG REDUCING VISIBILITY
HIGHEST:    64 ON  2, 1 GRTST 24HR  1.38 ON  2- 2      TO 1/4 MILE OR LESS
LOWEST:     32 ON 19                               3 = THUNDER
                        SNOW, ICE PELLETS, HAIL    4 = ICE PELLETS
                        TOTAL MONTH:    M          5 = HAIL
                        GRTST 24HR    M  ON   M    6 = FREEZING RAIN OR DRIZZLE
                        GRTST DEPTH:  M  ON   M    7 = DUSTSTORM OR SANDSTORM:
                                                       VSBY 1/2 MILE OR LESS
                                                   8 = SMOKE OR HAZE
[NO. OF DAYS WITH]      [WEATHER - DAYS WITH]      9 = BLOWING SNOW
                                                   X = TORNADO
MAX 32 OR BELOW:   0    0.01 INCH OR MORE:  14
MAX 90 OR ABOVE:   0    0.10 INCH OR MORE:   9
MIN 32 OR BELOW:   1    0.50 INCH OR MORE:   6
MIN  0 OR BELOW:   0    1.00 INCH OR MORE:   1

[HDD (BASE 65) ]
TOTAL THIS MO.   493    CLEAR  (SCALE 0-3)   0
DPTR FM NORMAL   -54    PTCLDY (SCALE 4-7)   0
TOTAL FM JUL 1   777    CLOUDY (SCALE 8-10)  0
DPTR FM NORMAL  -158

[CDD (BASE 65) ]
TOTAL THIS MO.     0
DPTR FM NORMAL     0    [PRESSURE DATA]
TOTAL FM JAN 1  1664    HIGHEST SLP M ON M
DPTR FM NORMAL   196    LOWEST  SLP M ON M

[REMARKS]
FINAL
