000
CXUS54 KEWX 240910
CF6T82
PRELIMINARY LOCAL CLIMATOLOGICAL DATA (WS FORM: F-6)

                                          STATION:   FREDERICKSBURG
                                          MONTH:     FEBRUARY
                                          YEAR:      2018
                                          LATITUDE:   30 15 N
                                          LONGITUDE:  98 55 W

  TEMPERATURE IN F:       :PCPN:    SNOW:  WIND      :SUNSHINE: SKY     :PK WND
================================================================================
1   2   3   4   5  6A  6B    7    8   9   10  11  12  13   14  15   16   17  18
                                     12Z  AVG MX 2MIN
DY MAX MIN AVG DEP HDD CDD  WTR  SNW DPTH SPD SPD DIR MIN PSBL S-S WX    SPD DR
================================================================================

 1  68  39  54   M  11   0 0.00    M    M  7.0 16  10   M    M   1 1      18 360
 2  60  38  49   M  16   0 0.00    M    M  9.3 13  40   M    M   2        20  30
 3  64  44  54   M  11   0 0.00    M    M  8.6 18 200   M    M   6        29 220
 4  79  35  57   M   8   0 0.00    M    M  4.1  9  30   M    M   1 12      M  M
 5  64  37  51   M  14   0 0.00    M    M  6.4 12 210   M    M   5        20  20
 6  61  44  53   M  12   0 0.03    M    M  6.5 13 200   M    M  10 1      21 200
 7  47  32  40   M  25   0 0.06    M    M 10.3 16 360   M    M   9 1      21 360
 8  58  22  40   M  25   0 0.00    M    M  2.0 10  10   M    M   1         M  M
 9  66  38  52   M  13   0 0.00    M    M  6.4 16 190   M    M   7        24 200
10  60  50  55   M  10   0 0.01    M    M  7.5 12 340   M    M  10 1       M  M
11  48  26  37   M  28   0 0.00    M    M 11.0 20 350   M    M   9 1      24 360
12  57  23  40   M  25   0 0.00    M    M  4.9 13  10   M    M   1         M  M
13  54  38  46   M  19   0 0.00    M    M  3.0  9  80   M    M  10 1       M  M
14  72  47  60   M   5   0 0.00    M    M  5.6 23 220   M    M   9 12     23 220
15  71  61  66   M   0   1 0.00    M    M 11.1 17 190   M    M   9        25 190
16  69  55  62   M   3   0 0.00    M    M  4.4 13 360   M    M   7 12      M  M
17  73  49  61   M   4   0 0.00    M    M  4.8  9  70   M    M   9 8       M  M
18  72  45  59   M   6   0 0.00    M    M  4.5 15 180   M    M   7 12     24 180
19  76  64  70   M   0   5 0.00    M    M 12.0 18 190   M    M   7        29 190
20  74  65  70   M   0   5 0.32    M    M 12.4 20 180   M    M  10 3      28 180
21  68  33  51   M  14   0 1.40    M    M  8.6 20 350   M    M  10 13      M  M
22  46  33  40   M  25   0 0.05    M    M  4.7 15 350   M    M  10 1      21 350
23  64  42  53   M  12   0 0.04    M    M  3.5 14 170   M    M  10 1      18 170
================================================================================
SM 1471  960       286  11  1.91    M    158.6          M      160
================================================================================
AV 64.0 41.7                               6.9 FASTST   M    M   7    MAX(MPH)
                                 MISC ---->  # 23 220               # 29  220
================================================================================
NOTES:
# LAST OF SEVERAL OCCURRENCES

COLUMN 17 PEAK WIND IN M.P.H.

PRELIMINARY LOCAL CLIMATOLOGICAL DATA (WS FORM: F-6) , PAGE 2

                                          STATION:  FREDERICKSBURG
                                          MONTH:    FEBRUARY
                                          YEAR:     2018
                                          LATITUDE:   30 15 N
                                          LONGITUDE:  98 55 W

[TEMPERATURE DATA]      [PRECIPITATION DATA]       SYMBOLS USED IN COLUMN 16

AVERAGE MONTHLY: 52.9   TOTAL FOR MONTH:   1.91    1 = FOG OR MIST
DPTR FM NORMAL:     M   DPTR FM NORMAL:       M    2 = FOG REDUCING VISIBILITY
HIGHEST:    79 ON  4    GRTST 24HR  1.40 ON 21-21      TO 1/4 MILE OR LESS
LOWEST:     22 ON  8                               3 = THUNDER
                        SNOW, ICE PELLETS, HAIL    4 = ICE PELLETS
                        TOTAL MONTH:    M          5 = HAIL
                        GRTST 24HR    M  ON   M    6 = FREEZING RAIN OR DRIZZLE
                        GRTST DEPTH:  M  ON   M    7 = DUSTSTORM OR SANDSTORM:
                                                       VSBY 1/2 MILE OR LESS
                                                   8 = SMOKE OR HAZE
[NO. OF DAYS WITH]      [WEATHER - DAYS WITH]      9 = BLOWING SNOW
                                                   X = TORNADO
MAX 32 OR BELOW:   0    0.01 INCH OR MORE:   7
MAX 90 OR ABOVE:   0    0.10 INCH OR MORE:   2
MIN 32 OR BELOW:   4    0.50 INCH OR MORE:   1
MIN  0 OR BELOW:   0    1.00 INCH OR MORE:   1

[HDD (BASE 65) ]
TOTAL THIS MO.   286    CLEAR  (SCALE 0-3)   5
DPTR FM NORMAL     M    PTCLDY (SCALE 4-7)   6
TOTAL FM JUL 1  1677    CLOUDY (SCALE 8-10) 12
DPTR FM NORMAL     M

[CDD (BASE 65) ]
TOTAL THIS MO.    11
DPTR FM NORMAL     M    [PRESSURE DATA]
TOTAL FM JAN 1    11    HIGHEST SLP M ON M
DPTR FM NORMAL     M    LOWEST  SLP M ON M

[REMARKS]
