000
CXUS55 KPUB 301059
CF6TAD
PRELIMINARY LOCAL CLIMATOLOGICAL DATA (WS FORM: F-6)

                                          STATION:   TRINIDAD CO
                                          MONTH:     JUNE
                                          YEAR:      2015
                                          LATITUDE:   37 16 N
                                          LONGITUDE: 104 20 W

  TEMPERATURE IN F:       :PCPN:    SNOW:  WIND      :SUNSHINE: SKY     :PK WND
================================================================================
1   2   3   4   5  6A  6B    7    8   9   10  11  12  13   14  15   16   17  18
                                     12Z  AVG MX 2MIN
DY MAX MIN AVG DEP HDD CDD  WTR  SNW DPTH SPD SPD DIR MIN PSBL S-S WX    SPD DR
================================================================================

 1  84  53  69   5   0   4 0.00  0.0    0  8.2 23 210   M    M   1        28 210
 2  87  54  71   7   0   6 0.00  0.0    0  9.5 20 250   M    M   0        23 250
 3  80  49  65   1   0   0 0.00  0.0    0 10.2 17  50   M    M   1        22  70
 4  87  52  70   5   0   5 0.00  0.0    0  8.8 22 180   M    M   0        28 170
 5  75  63  69   4   0   4 0.01  0.0    0 12.4 28 200   M    M   2 3      39 200
 6  82  55  69   3   0   4    T  0.0    0 10.4 31 170   M    M   2 3      39 170
 7  77  51  64  -2   1   0    T  0.0    0  9.2 31 240   M    M   2 3      39 230
 8  80  47  64  -2   1   0 0.00  0.0    0  9.4 21 140   M    M   0        26 120
 9  85  58  72   6   0   7 0.00  0.0    0  7.9 20 190   M    M   0        24 190
10  84  60  72   5   0   7 0.42  0.0    0  7.7 38 270   M    M   1 38     48 280
11  83  54  69   2   0   4 0.06  0.0    0  9.2 24  40   M    M   3 13     32  40
12  71  53  62  -5   3   0 0.09  0.0    0  4.4 15 270   M    M   7 13     18 270
13  77  55  66  -2   0   1 0.00  0.0    0  8.9 23 250   M    M   0        28 240
14  81  51  66  -2   0   1 0.10  0.0    0  9.3 24 290   M    M   2 3      29 290
15  79  50  65  -3   0   0 0.00  0.0    0  8.3 17 140   M    M   0 3      23 150
16  83  57  70   1   0   5 0.06  0.0    0 11.3 29 250   M    M   1 3      39 330
17  86  55  71   2   0   6    T  0.0    0  9.0 21  30   M    M   0 3      29  30
18  90  57  74   5   0   9    T  0.0    0 12.5 38 230   M    M   1 3      47 220
19  91  56  74   4   0   9 0.00  0.0    0  9.4 24 250   M    M   0 3      32 250
20  91  63  77   7   0  12 0.00  0.0    0 10.7 25 250   M    M   0        31 260
21  98  58  78   8   0  13 0.00  0.0    0 12.0 25 200   M    M   0        30 200
22  94  67  81  11   0  16 0.00  0.0    0 11.8 22  70   M    M   0        30  80
23  90  55  73   2   0   8 0.00  0.0    0  8.3 35 230   M    M   0        43 240
24  92  61  77   6   0  12 0.00  0.0    0 11.7 24 300   M    M   1        32 320
25  93  59  76   5   0  11    T  0.0    0  9.2 20 250   M    M   1 3      26 120
26  84  58  71  -1   0   6    T  0.0    0  8.5 18  50   M    M   2        23  40
27  87  63  75   3   0  10 0.00  0.0    0  6.3 14  40   M    M   4        20 120
28  93  63  78   6   0  13    T  0.0    0 10.3 24  10   M    M   0        32  20
29  88  57  73   1   0   8    T  0.0    0  8.9 20 120   M    M   1        25 340
================================================================================
SM 2472 1634         5 181  0.74     0.0 273.7          M       32
================================================================================
AV 85.2 56.3                               9.4 FASTST   M    M   1    MAX(MPH)
                                 MISC ---->  # 38 270               # 48  280
================================================================================
NOTES:
# LAST OF SEVERAL OCCURRENCES

COLUMN 17 PEAK WIND IN M.P.H.

PRELIMINARY LOCAL CLIMATOLOGICAL DATA (WS FORM: F-6) , PAGE 2

                                          STATION:  TRINIDAD CO
                                          MONTH:    JUNE
                                          YEAR:     2015
                                          LATITUDE:   37 16 N
                                          LONGITUDE: 104 20 W

[TEMPERATURE DATA]      [PRECIPITATION DATA]       SYMBOLS USED IN COLUMN 16

AVERAGE MONTHLY: 70.8   TOTAL FOR MONTH:   0.74    1 = FOG OR MIST
DPTR FM NORMAL:   2.6   DPTR FM NORMAL:   -0.62    2 = FOG REDUCING VISIBILITY
HIGHEST:    98 ON 21    GRTST 24HR  0.42 ON  9-10      TO 1/4 MILE OR LESS
LOWEST:     47 ON  8                               3 = THUNDER
                        SNOW, ICE PELLETS, HAIL    4 = ICE PELLETS
                        TOTAL MONTH:   0.0 INCH    5 = HAIL
                        GRTST 24HR     0.0         6 = FREEZING RAIN OR DRIZZLE
                        GRTST DEPTH:   0           7 = DUSTSTORM OR SANDSTORM:
                                                       VSBY 1/2 MILE OR LESS
                                                   8 = SMOKE OR HAZE
[NO. OF DAYS WITH]      [WEATHER - DAYS WITH]      9 = BLOWING SNOW
                                                   X = TORNADO
MAX 32 OR BELOW:   0    0.01 INCH OR MORE:   6
MAX 90 OR ABOVE:   9    0.10 INCH OR MORE:   2
MIN 32 OR BELOW:   0    0.50 INCH OR MORE:   0
MIN  0 OR BELOW:   0    1.00 INCH OR MORE:   0

[HDD (BASE 65) ]
TOTAL THIS MO.     5    CLEAR  (SCALE 0-3)  27
DPTR FM NORMAL   -33    PTCLDY (SCALE 4-7)   2
TOTAL FM JUL 1  5076    CLOUDY (SCALE 8-10)  0
DPTR FM NORMAL  -457

[CDD (BASE 65) ]
TOTAL THIS MO.   181
DPTR FM NORMAL    48    [PRESSURE DATA]
TOTAL FM JAN 1   183    HIGHEST SLP M ON M
DPTR FM NORMAL    22    LOWEST  SLP 29.65 ON 11

[REMARKS]
