000
CXUS53 KTOP 300820
CF6TOP
PRELIMINARY LOCAL CLIMATOLOGICAL DATA (WS FORM: F-6)

                                          STATION:   Topeka KS
                                          MONTH:     MAY
                                          YEAR:      2015
                                          LATITUDE:   39  4 N
                                          LONGITUDE:  95 38 W

  TEMPERATURE IN F:       :PCPN:    SNOW:  WIND      :SUNSHINE: SKY     :PK WND
================================================================================
1   2   3   4   5  6A  6B    7    8   9   10  11  12  13   14  15   16   17  18
                                     12Z  AVG MX 2MIN
DY MAX MIN AVG DEP HDD CDD  WTR  SNW DPTH SPD SPD DIR MIN PSBL S-S WX    SPD DR
================================================================================

 1  78  44  61   1   4   0 0.00  0.0    0  4.5 13 200   M    M   1        16 190
 2  79  55  67   6   0   2 0.00  0.0    0  9.1 23 170   M    M   4        31 160
 3  86  63  75  14   0  10 0.10  0.0    0 13.8 23 180   M    M   0 3      29 180
 4  85  62  74  13   0   9 0.26  0.0    0  8.9 30 340   M    M   2 13     39 340
 5  80  58  69   7   0   4 0.53  0.0    0  7.9 38 160   M    M   6 13     52 140
 6  73  63  68   6   0   3 0.24  0.0    0 16.3 29 160   M    M   7 1      40 160
 7  75  62  69   7   0   4 0.31  0.0    0 11.5 23 160   M    M   8 13     31 150
 8  69  60  65   2   0   0 0.01  0.0    0  6.8 14  10   M    M   7        19  10
 9  76  58  67   4   0   2 0.33  0.0    0 10.2 23  70   M    M   6 13     28  70
10  74  52  63   0   2   0 0.28  0.0    0  9.6 23 170   M    M   5 13     29 150
11  63  43  53 -11  12   0 0.00  0.0    0 11.1 24 270   M    M   2        34 260
12  71  40  56  -8   9   0 0.00  0.0    0  5.3 12 130   M    M   0        14 130
13  68  45  57  -7   8   0 0.39  0.0    0  9.7 22 130   M    M   4 1      29 140
14  77  57  67   3   0   2 0.55  0.0    0  7.9 17 230   M    M   8 1      24 230
15  78  57  68   3   0   3    T  0.0    0  7.1 20 200   M    M   5 12     27 210
16  80  61  71   6   0   6 2.01  0.0    0  9.6 24  90   M    M   6 138    30  90
17  82  62  72   7   0   7 0.02  0.0    0 11.9 24 210   M    M   3 3      33 210
18  68  51  60  -6   5   0 0.00  0.0    0  9.2 20  10   M    M   0        25  10
19  59  45  52 -14  13   0 0.04  0.0    0  9.5 18  40   M    M   3        22  20
20  55  49  52 -14  13   0 1.00  0.0    0 10.6 20  50   M    M  10 1      25  50
21  69  43  56 -11   9   0 0.00  0.0    0  4.1 14 360   M    M   2 1      17  50
22  65  46  56 -11   9   0 0.00  0.0    0  5.6 14 120   M    M   5 1      16 110
23  67  57  62  -5   3   0 2.10  0.0    0  9.9 23  80   M    M  10 13     29  90
24  71  63  67  -1   0   2 0.08  0.0    0  6.1 16 110   M    M   8 1      23 110
25  81  59  70   2   0   5 0.58  0.0    0 10.3 26 100   M    M   6 13     33  90
26  79  60  70   2   0   5 0.18  0.0    0  9.6 21 260   M    M   6 1      30 270
27  81  56  69   1   0   4 0.00  0.0    0  4.1 12 130   M    M   1        16 130
28  76  64  70   1   0   5 0.32  0.0    0  7.8 20 170   M    M   4 13     27 180
29  73  65  69   0   0   4 0.10  0.0    0  7.7 23 130   M    M   6 1      28 130
================================================================================
SM 2138 1600        87  77  9.43     0.0 255.7          M      135
================================================================================
AV 73.7 55.2                               8.8 FASTST   M    M   5    MAX(MPH)
                                 MISC ---->  # 38 160               # 52  140
================================================================================
NOTES:
# LAST OF SEVERAL OCCURRENCES

COLUMN 17 PEAK WIND IN M.P.H.

PRELIMINARY LOCAL CLIMATOLOGICAL DATA (WS FORM: F-6) , PAGE 2

                                          STATION:  Topeka KS
                                          MONTH:    MAY
                                          YEAR:     2015
                                          LATITUDE:   39  4 N
                                          LONGITUDE:  95 38 W

[TEMPERATURE DATA]      [PRECIPITATION DATA]       SYMBOLS USED IN COLUMN 16

AVERAGE MONTHLY: 64.4   TOTAL FOR MONTH:   9.43    1 = FOG OR MIST
DPTR FM NORMAL:  -0.3   DPTR FM NORMAL:    4.84    2 = FOG REDUCING VISIBILITY
HIGHEST:    86 ON  3    GRTST 24HR  2.17 ON 23-24      TO 1/4 MILE OR LESS
LOWEST:     40 ON 12                               3 = THUNDER
                        SNOW, ICE PELLETS, HAIL    4 = ICE PELLETS
                        TOTAL MONTH:   0.0 INCH    5 = HAIL
                        GRTST 24HR     0.0         6 = FREEZING RAIN OR DRIZZLE
                        GRTST DEPTH:   0           7 = DUSTSTORM OR SANDSTORM:
                                                       VSBY 1/2 MILE OR LESS
                                                   8 = SMOKE OR HAZE
[NO. OF DAYS WITH]      [WEATHER - DAYS WITH]      9 = BLOWING SNOW
                                                   X = TORNADO
MAX 32 OR BELOW:   0    0.01 INCH OR MORE:  20
MAX 90 OR ABOVE:   0    0.10 INCH OR MORE:  16
MIN 32 OR BELOW:   0    0.50 INCH OR MORE:   6
MIN  0 OR BELOW:   0    1.00 INCH OR MORE:   3

[HDD (BASE 65) ]
TOTAL THIS MO.    87    CLEAR  (SCALE 0-3)  10
DPTR FM NORMAL    -8    PTCLDY (SCALE 4-7)  16
TOTAL FM JUL 1  4869    CLOUDY (SCALE 8-10)  3
DPTR FM NORMAL  -143

[CDD (BASE 65) ]
TOTAL THIS MO.    77
DPTR FM NORMAL   -11    [PRESSURE DATA]
TOTAL FM JAN 1    82    HIGHEST SLP M ON M
DPTR FM NORMAL   -34    LOWEST  SLP 29.64 ON 16

[REMARKS]
