000
CXUS53 KTOP 160800
CF6TOP
PRELIMINARY LOCAL CLIMATOLOGICAL DATA (WS FORM: F-6)

                                          STATION:   Topeka KS
                                          MONTH:     JANUARY
                                          YEAR:      2017
                                          LATITUDE:   39  4 N
                                          LONGITUDE:  95 38 W

  TEMPERATURE IN F:       :PCPN:    SNOW:  WIND      :SUNSHINE: SKY     :PK WND
================================================================================
1   2   3   4   5  6A  6B    7    8   9   10  11  12  13   14  15   16   17  18
                                     12Z  AVG MX 2MIN
DY MAX MIN AVG DEP HDD CDD  WTR  SNW DPTH SPD SPD DIR MIN PSBL S-S WX    SPD DR
================================================================================

 1  46  18  32   2  33   0 0.00  0.0    0  5.3 14  80   M    M   4 18     18  70
 2  50  38  44  14  21   0 0.19  0.0    0  5.8 16 350   M    M  10 12     20 350
 3  41  16  29  -1  36   0 0.00  0.0    0 14.4 24 350   M    M   5 18     32 340
 4  23  10  17 -13  48   0 0.10  1.6    0  7.9 15  10   M    M   3 1      18  10
 5  17   5  11 -19  54   0 0.04  0.6    2  8.7 20 340   M    M   5 18     26 340
 6  17   0   9 -21  56   0 0.00  0.0    2  4.0 13 350   M    M   0        16 340
 7  26  -1  13 -17  52   0 0.00  0.0    2  3.9 12  10   M    M   0 18     15 320
 8  40   4  22  -8  43   0 0.00  0.0    1  8.2 23 180   M    M   1 18     29 180
 9  48  18  33   3  32   0 0.00  0.0    1  7.2 22 170   M    M   0        27 180
10  54  28  41  11  24   0    T  0.0    0 10.7 28 300   M    M   1        38 310
11  62  21  42  12  23   0 0.00  0.0    0 12.2 25 350   M    M   3 8      31 340
12  30  16  23  -7  42   0    T    T    0  9.7 17 350   M    M   4        23 340
13  28  18  23  -7  42   0    T  0.0    0  8.5 17  60   M    M   5 6      20  60
14  37  27  32   2  33   0    T  0.0    0  4.3  9 360   M    M   8 6      12  20
15  34  31  33   3  32   0 0.31  0.0    0  6.3 12  70   M    M  10 16     15  70
================================================================================
SM  553  249       571   0  0.64     2.2 117.1          M       59
================================================================================
AV 36.9 16.6                               7.8 FASTST   M    M   4    MAX(MPH)
                                 MISC ---->  # 28 300               # 38  310
================================================================================
NOTES:
# LAST OF SEVERAL OCCURRENCES

COLUMN 17 PEAK WIND IN M.P.H.

PRELIMINARY LOCAL CLIMATOLOGICAL DATA (WS FORM: F-6) , PAGE 2

                                          STATION:  Topeka KS
                                          MONTH:    JANUARY
                                          YEAR:     2017
                                          LATITUDE:   39  4 N
                                          LONGITUDE:  95 38 W

[TEMPERATURE DATA]      [PRECIPITATION DATA]       SYMBOLS USED IN COLUMN 16

AVERAGE MONTHLY: 26.7   TOTAL FOR MONTH:   0.64    1 = FOG OR MIST
DPTR FM NORMAL:  -3.3   DPTR FM NORMAL:    0.28    2 = FOG REDUCING VISIBILITY
HIGHEST:    62 ON 11    GRTST 24HR  0.31 ON 15-15      TO 1/4 MILE OR LESS
LOWEST:     -1 ON  7                               3 = THUNDER
                        SNOW, ICE PELLETS, HAIL    4 = ICE PELLETS
                        TOTAL MONTH:   2.2 INCHES  5 = HAIL
                        GRTST 24HR   1.6 ON   M    6 = FREEZING RAIN OR DRIZZLE
                        GRTST DEPTH:   2 ON  7, 6  7 = DUSTSTORM OR SANDSTORM:
                                                       VSBY 1/2 MILE OR LESS
                                                   8 = SMOKE OR HAZE
[NO. OF DAYS WITH]      [WEATHER - DAYS WITH]      9 = BLOWING SNOW
                                                   X = TORNADO
MAX 32 OR BELOW:   6    0.01 INCH OR MORE:   4
MAX 90 OR ABOVE:   0    0.10 INCH OR MORE:   3
MIN 32 OR BELOW:  14    0.50 INCH OR MORE:   0
MIN  0 OR BELOW:   2    1.00 INCH OR MORE:   0

[HDD (BASE 65) ]
TOTAL THIS MO.   571    CLEAR  (SCALE 0-3)   6
DPTR FM NORMAL    39    PTCLDY (SCALE 4-7)   7
TOTAL FM JUL 1  2203    CLOUDY (SCALE 8-10)  2
DPTR FM NORMAL  -346

[CDD (BASE 65) ]
TOTAL THIS MO.     0
DPTR FM NORMAL     0    [PRESSURE DATA]
TOTAL FM JAN 1     0    HIGHEST SLP M ON M
DPTR FM NORMAL     0    LOWEST  SLP 29.32 ON 10

[REMARKS]
