000
CXUS55 KCYS 221000
CF6TOR
PRELIMINARY LOCAL CLIMATOLOGICAL DATA (WS FORM: F-6)

                                          STATION:   TORRINGTON WY AIRPORT
                                          MONTH:     FEBRUARY
                                          YEAR:      2018
                                          LATITUDE:   42  3 N
                                          LONGITUDE: 104  9 W

  TEMPERATURE IN F:       :PCPN:    SNOW:  WIND      :SUNSHINE: SKY     :PK WND
================================================================================
1   2   3   4   5  6A  6B    7    8   9   10  11  12  13   14  15   16   17  18
                                     12Z  AVG MX 2MIN
DY MAX MIN AVG DEP HDD CDD  WTR  SNW DPTH SPD SPD DIR MIN PSBL S-S WX    SPD DR
================================================================================

 1  36  23  30   1  35   0    T    M    M  5.7 12  20   M    M   7 1      17 240
 2  48  18  33   4  32   0 0.00    M    M  4.7 16 270   M    M   1        21 260
 3  51  15  33   4  32   0    T    M    M  9.6 35  10   M    M   5 1      40  10
 4  15   5  10 -20  55   0    T    M    M  8.2 23  20   M    M   8 1      26  20
 5  48  14  31   1  34   0 0.03    M    M 11.5 32  10   M    M   8 1      43 330
 6  37   9  23  -7  42   0    T    M    M  7.6 23  10   M    M   5 1      28  20
 7  51  17  34   4  31   0 0.00    M    M  6.5 20 310   M    M   6        25 320
 8  55  19  37   7  28   0 0.00    M    M 16.2 32  10   M    M   1        39 260
 9  19   4  12 -18  53   0    T    M    M 10.5 18  40   M    M  10 18     22 110
10  18   2  10 -20  55   0    T    M    M  4.9 15 300   M    M   6 18     18 300
11  41   3  22  -8  43   0 0.00    M    M  9.0 21  40   M    M   0        24  40
12  18   8  13 -17  52   0    T    M    M  8.4 16  80   M    M  10 18     21  80
13  56   9  33   2  32   0 0.00    M    M  8.0 31 270   M    M   1        40 260
14  59  37  48  17  17   0 0.00    M    M 17.7 45 270   M    M   0        59 250
15  46  15  31   0  34   0    T    M    M 13.6 30 340   M    M   5 1      39 330
16  46   8  27  -4  38   0 0.00    M    M 11.0 28 280   M    M   2        41 270
17  52  30  41  10  24   0 0.00    M    M 15.7 30 250   M    M   1        40 260
18  60  10  35   3  30   0    T    M    M 17.0 35  20   M    M   4 1      39  10
19  10  -1   5 -27  60   0    T    M    M 10.4 17  40   M    M  10 18     20  20
20  14 -13   1 -31  64   0    T    M    M  5.2 12  50   M    M   1        20  90
21  32 -11  11 -21  54   0 0.00    M    M  7.1 23 170   M    M   0        25 170
================================================================================
SM  812  221       845   0  0.03    M    208.5          M       91
================================================================================
AV 38.7 10.5                               9.9 FASTST   M    M   4    MAX(MPH)
                                 MISC ---->  # 45 270               # 59  250
================================================================================
NOTES:
# LAST OF SEVERAL OCCURRENCES

COLUMN 17 PEAK WIND IN M.P.H.

PRELIMINARY LOCAL CLIMATOLOGICAL DATA (WS FORM: F-6) , PAGE 2

                                          STATION:  TORRINGTON WY AIRPORT
                                          MONTH:    FEBRUARY
                                          YEAR:     2018
                                          LATITUDE:   42  3 N
                                          LONGITUDE: 104  9 W

[TEMPERATURE DATA]      [PRECIPITATION DATA]       SYMBOLS USED IN COLUMN 16

AVERAGE MONTHLY: 24.6   TOTAL FOR MONTH:   0.03    1 = FOG OR MIST
DPTR FM NORMAL:  -5.9   DPTR FM NORMAL:   -0.22    2 = FOG REDUCING VISIBILITY
HIGHEST:    60 ON 18    GRTST 24HR  0.03 ON  5- 5      TO 1/4 MILE OR LESS
LOWEST:    -13 ON 20                               3 = THUNDER
                        SNOW, ICE PELLETS, HAIL    4 = ICE PELLETS
                        TOTAL MONTH:    M          5 = HAIL
                        GRTST 24HR    M  ON   M    6 = FREEZING RAIN OR DRIZZLE
                        GRTST DEPTH:  M  ON   M    7 = DUSTSTORM OR SANDSTORM:
                                                       VSBY 1/2 MILE OR LESS
                                                   8 = SMOKE OR HAZE
[NO. OF DAYS WITH]      [WEATHER - DAYS WITH]      9 = BLOWING SNOW
                                                   X = TORNADO
MAX 32 OR BELOW:   7    0.01 INCH OR MORE:   1
MAX 90 OR ABOVE:   0    0.10 INCH OR MORE:   0
MIN 32 OR BELOW:  20    0.50 INCH OR MORE:   0
MIN  0 OR BELOW:   3    1.00 INCH OR MORE:   0

[HDD (BASE 65) ]
TOTAL THIS MO.   845    CLEAR  (SCALE 0-3)   9
DPTR FM NORMAL   119    PTCLDY (SCALE 4-7)   9
TOTAL FM JUL 1  4613    CLOUDY (SCALE 8-10)  3
DPTR FM NORMAL    -8

[CDD (BASE 65) ]
TOTAL THIS MO.     0
DPTR FM NORMAL     0    [PRESSURE DATA]
TOTAL FM JAN 1     0    HIGHEST SLP M ON M
DPTR FM NORMAL     0    LOWEST  SLP 29.27 ON 18

[REMARKS]
