000
CXUS54 KFWD 250730
CF6TPL
PRELIMINARY LOCAL CLIMATOLOGICAL DATA (WS FORM: F-6)

                                          STATION:   TEMPLE
                                          MONTH:     APRIL
                                          YEAR:      2014
                                          LATITUDE:   31  8 N
                                          LONGITUDE:  97 25 W

  TEMPERATURE IN F:       :PCPN:    SNOW:  WIND      :SUNSHINE: SKY     :PK WND
================================================================================
1   2   3   4   5  6A  6B    7    8   9   10  11  12  13   14  15   16   17  18
                                     12Z  AVG MX 2MIN
DY MAX MIN AVG DEP HDD CDD  WTR  SNW DPTH SPD SPD DIR MIN PSBL S-S WX    SPD DR
================================================================================

 1  84  64  74  12   0   9 0.00  0.0    0 16.0 23 150   M    M   8        29 160
 2  81  70  76  14   0  11 0.00  0.0    0 16.8 30 160   M    M   9        35 160
 3  82  70  76  13   0  11 0.00  0.0    0 17.5 27 170   M    M   6        30 170
 4  72  48  60  -3   5   0 0.00  0.0    0 14.5 24 340   M    M   0 3      31 340
 5  63  50  57  -6   8   0 0.00  0.0    0  8.6 14  60   M    M   4        21 100
 6  57  48  53 -10  12   0 0.21  0.0    0 10.4 14 330   M    M  10 3      20 360
 7  68  50  59  -5   6   0 0.00  0.0    0  5.6 20 260   M    M   7        24 260
 8  73  46  60  -4   5   0 0.00  0.0    0 13.0 28 330   M    M   0        36 320
 9  81  41  61  -3   4   0 0.00  0.0    0 10.8 23 170   M    M   0        28 170
10  84  54  69   5   0   4 0.00  0.0    0 21.1 30 170   M    M   0        37 170
11  84  59  72   8   0   7 0.00  0.0    0 19.1 24 170   M    M   3        30 170
12  84  64  74   9   0   9 0.00  0.0    0 20.7 25 150   M    M   5        36 170
13  79  64  72   7   0   7 0.01  0.0    0 16.5 22 140   M    M   6 3      33 140
14  72  41  57  -8   8   0 0.41  0.0    0 18.5 31 320   M    M   6 3      38 320
15  63  34  49 -16  16   0 0.00  0.0    0  5.8 10 330   M    M   0         M  M
16  70  37  54 -12  11   0 0.00  0.0    0 13.5 24 140   M    M   0        31 150
17  66  54  60  -6   5   0 0.00  0.0    0  8.3 15 130   M    M   9        17 100
18  75  54  65  -1   0   0 0.01  0.0    0  5.2  9 360   M    M   4        17  10
19  75  48  62  -4   3   0 0.00  0.0    0  6.5 15 180   M    M   2        18 140
20  79  55  67   0   0   2 0.00  0.0    0  9.7 18 180   M    M   7        21 170
21  82  61  72   5   0   7 0.00  0.0    0 10.2 16 170   M    M   5        23 180
22  82  59  71   4   0   6 0.00  0.0    0  6.9 15  10   M    M   2        20  60
23  88  57  73   6   0   8 0.00  0.0    0 12.1 27 150   M    M   1        33 150
24  91  61  76   8   0  11 0.00  0.0    0 11.9 24 160   M    M   4        32 160
================================================================================
SM 1835 1289        83  92  0.64     0.0 299.2          M       98
================================================================================
AV 76.5 53.7                              12.5 FASTST   M    M   4    MAX(MPH)
                                 MISC ---->    31   M               # 38  320
================================================================================
NOTES:
# LAST OF SEVERAL OCCURRENCES

COLUMN 17 PEAK WIND IN M.P.H.

PRELIMINARY LOCAL CLIMATOLOGICAL DATA (WS FORM: F-6) , PAGE 2

                                          STATION:  TEMPLE
                                          MONTH:    APRIL
                                          YEAR:     2014
                                          LATITUDE:   31  8 N
                                          LONGITUDE:  97 25 W

[TEMPERATURE DATA]      [PRECIPITATION DATA]       SYMBOLS USED IN COLUMN 16

AVERAGE MONTHLY: 65.1   TOTAL FOR MONTH:   0.64    1 = FOG OR MIST
DPTR FM NORMAL:   0.2   DPTR FM NORMAL:   -1.04    2 = FOG REDUCING VISIBILITY
HIGHEST:    91 ON 24    GRTST 24HR  0.41 ON 14-14      TO 1/4 MILE OR LESS
LOWEST:     34 ON 15                               3 = THUNDER
                        SNOW, ICE PELLETS, HAIL    4 = ICE PELLETS
                        TOTAL MONTH:   0.0 INCH    5 = HAIL
                        GRTST 24HR     0.0         6 = FREEZING RAIN OR DRIZZLE
                        GRTST DEPTH:   0           7 = DUSTSTORM OR SANDSTORM:
                                                       VSBY 1/2 MILE OR LESS
                                                   8 = SMOKE OR HAZE
[NO. OF DAYS WITH]      [WEATHER - DAYS WITH]      9 = BLOWING SNOW
                                                   X = TORNADO
MAX 32 OR BELOW:   0    0.01 INCH OR MORE:   4
MAX 90 OR ABOVE:   1    0.10 INCH OR MORE:   2
MIN 32 OR BELOW:   0    0.50 INCH OR MORE:   0
MIN  0 OR BELOW:   0    1.00 INCH OR MORE:   0

[HDD (BASE 65) ]
TOTAL THIS MO.    83    CLEAR  (SCALE 0-3)  10
DPTR FM NORMAL     8    PTCLDY (SCALE 4-7)  11
TOTAL FM JUL 1  2439    CLOUDY (SCALE 8-10)  3
DPTR FM NORMAL   316

[CDD (BASE 65) ]
TOTAL THIS MO.    92
DPTR FM NORMAL    22    [PRESSURE DATA]
TOTAL FM JAN 1   111    HIGHEST SLP M ON M
DPTR FM NORMAL    -5    LOWEST  SLP M ON M

[REMARKS]
