000
CXUS53 KOAX 231000
CF6TQE
PRELIMINARY LOCAL CLIMATOLOGICAL DATA (WS FORM: F-6)

                                          STATION:   TEKAMAH, NEBRASKA
                                          MONTH:     NOVEMBER
                                          YEAR:      2014
                                          LATITUDE:   41 46 N
                                          LONGITUDE:  96 11 W

  TEMPERATURE IN F:       :PCPN:    SNOW:  WIND      :SUNSHINE: SKY     :PK WND
================================================================================
1   2   3   4   5  6A  6B    7    8   9   10  11  12  13   14  15   16   17  18
                                     12Z  AVG MX 2MIN
DY MAX MIN AVG DEP HDD CDD  WTR  SNW DPTH SPD SPD DIR MIN PSBL S-S WX    SPD DR
================================================================================

 1  53  21  37  -7  28   0 0.00    M    M 13.9 26 160   M    M   0        34 160
 2  65  41  53   9  12   0 0.00    M    M 17.2 30 170   M    M   0        37 180
 3  66  46  56  12   9   0 0.03    M    M 12.8 24 320   M    M   6        29 310
 4  66  34  50   7  15   0 0.00    M    M 10.2 22 260   M    M   0        27 250
 5  68  34  51   8  14   0    T    M    M 12.0 29 280   M    M   2        34 320
 6  53  29  41  -1  24   0 0.00    M    M 11.7 31 330   M    M   2 8      38 330
 7  62  29  46   4  19   0 0.00    M    M 14.8 33 330   M    M   1        46 320
 8  50  31  41   0  24   0 0.00    M    M 13.8 31 340   M    M   3 8      40 330
 9  56  35  46   5  19   0 0.00    M    M  5.1 13 160   M    M   2 8      14 160
10  57  24  41   1  24   0 0.04    M    M 19.0 38 350   M    M   5 1      45 350
11  29  17  23 -17  42   0    T    M    M 19.8 31 340   M    M   7        39 340
12  26  11  19 -20  46   0    T    M    M 16.3 25 310   M    M   5        30 320
13  27   7  17 -22  48   0    T    M    M 13.0 24 310   M    M   4        31 320
14  27   2  15 -23  50   0 0.00    M    M  4.6 10 140   M    M   3        13 140
15  29  16  23 -15  42   0 0.25    M    M 10.5 26 320   M    M  10 18     31 320
16  25  -4  11 -26  54   0    T    M    M 12.1 24 320   M    M   3        32 300
17  18   6  12 -25  53   0 0.00    M    M 16.3 28 310   M    M   1        34 310
18  31   4  18 -18  47   0 0.00    M    M  8.8 16 300   M    M   5        20 280
19  34  23  29  -7  36   0 0.00    M    M 15.3 30 320   M    M   9        35 340
20  31  10  21 -14  44   0 0.00    M    M  6.3 14 310   M    M   7        17 310
21  40  11  26  -8  39   0 0.00    M    M 11.1 20 180   M    M   2 18     25 190
22  54  37  46  12  19   0 0.00    M    M 12.7 23 180   M    M   7 18     27 180
================================================================================
SM  967  464       708   0  0.32    M    277.3          M       84
================================================================================
AV 44.0 21.1                              12.6 FASTST   M    M   4    MAX(MPH)
                                 MISC ---->  # 38 350               # 46  320
================================================================================
NOTES:
# LAST OF SEVERAL OCCURRENCES

COLUMN 17 PEAK WIND IN M.P.H.

PRELIMINARY LOCAL CLIMATOLOGICAL DATA (WS FORM: F-6) , PAGE 2

                                          STATION:  TEKAMAH, NEBRASKA
                                          MONTH:    NOVEMBER
                                          YEAR:     2014
                                          LATITUDE:   41 46 N
                                          LONGITUDE:  96 11 W

[TEMPERATURE DATA]      [PRECIPITATION DATA]       SYMBOLS USED IN COLUMN 16

AVERAGE MONTHLY: 32.5   TOTAL FOR MONTH:   0.32    1 = FOG OR MIST
DPTR FM NORMAL:  -6.9   DPTR FM NORMAL:   -0.75    2 = FOG REDUCING VISIBILITY
HIGHEST:    68 ON  5    GRTST 24HR  0.25 ON 15-15      TO 1/4 MILE OR LESS
LOWEST:     -4 ON 16                               3 = THUNDER
                        SNOW, ICE PELLETS, HAIL    4 = ICE PELLETS
                        TOTAL MONTH:    M          5 = HAIL
                        GRTST 24HR    M  ON   M    6 = FREEZING RAIN OR DRIZZLE
                        GRTST DEPTH:  M  ON   M    7 = DUSTSTORM OR SANDSTORM:
                                                       VSBY 1/2 MILE OR LESS
                                                   8 = SMOKE OR HAZE
[NO. OF DAYS WITH]      [WEATHER - DAYS WITH]      9 = BLOWING SNOW
                                                   X = TORNADO
MAX 32 OR BELOW:   9    0.01 INCH OR MORE:   3
MAX 90 OR ABOVE:   0    0.10 INCH OR MORE:   1
MIN 32 OR BELOW:  16    0.50 INCH OR MORE:   0
MIN  0 OR BELOW:   1    1.00 INCH OR MORE:   0

[HDD (BASE 65) ]
TOTAL THIS MO.   708    CLEAR  (SCALE 0-3)  11
DPTR FM NORMAL   144    PTCLDY (SCALE 4-7)   9
TOTAL FM JUL 1  1146    CLOUDY (SCALE 8-10)  2
DPTR FM NORMAL    30

[CDD (BASE 65) ]
TOTAL THIS MO.     0
DPTR FM NORMAL     0    [PRESSURE DATA]
TOTAL FM JAN 1   976    HIGHEST SLP M ON M
DPTR FM NORMAL   -10    LOWEST  SLP 29.36 ON 10

[REMARKS]
