000
CXUS53 KOAX 181000
CF6TQE
PRELIMINARY LOCAL CLIMATOLOGICAL DATA (WS FORM: F-6)

                                          STATION:   TEKAMAH, NEBRASKA
                                          MONTH:     NOVEMBER
                                          YEAR:      2017
                                          LATITUDE:   41 46 N
                                          LONGITUDE:  96 11 W

  TEMPERATURE IN F:       :PCPN:    SNOW:  WIND      :SUNSHINE: SKY     :PK WND
================================================================================
1   2   3   4   5  6A  6B    7    8   9   10  11  12  13   14  15   16   17  18
                                     12Z  AVG MX 2MIN
DY MAX MIN AVG DEP HDD CDD  WTR  SNW DPTH SPD SPD DIR MIN PSBL S-S WX    SPD DR
================================================================================

 1  48  32  40  -4  25   0 0.00    M    M  9.1 22 150   M    M   3        28 150
 2  54  28  41  -3  24   0 0.00    M    M  9.1 21  10   M    M   1        26 340
 3  48  28  38  -6  27   0    T    M    M  5.4 14  90   M    M   5        19  70
 4  54  39  47   4  18   0 0.00    M    M  4.1 13 160   M    M   6 8      15 160
 5  46  28  37  -6  28   0 0.00    M    M 12.2 22 360   M    M   5        28 340
 6  45  28  37  -5  28   0 0.00    M    M  7.1 13  60   M    M   6        17  50
 7  46  20  33  -9  32   0 0.00    M    M  6.2 12  20   M    M   5        17 360
 8  52  17  35  -6  30   0 0.00    M    M  7.2 17 200   M    M   1 1      23 180
 9  40  19  30 -11  35   0 0.00    M    M 11.5 23  10   M    M   2        31 360
10  35  16  26 -14  39   0 0.00    M    M 13.3 22 140   M    M   8        27 140
11  46  35  41   1  24   0    T    M    M  6.9 17 170   M    M  10 18     19 170
12  50  24  37  -2  28   0 0.14    M    M  6.1 15 350   M    M   3 1      19 360
13  44  21  33  -6  32   0 0.00    M    M 10.8 22 170   M    M   7 12     28 170
14  55  44  50  12  15   0 0.00    M    M 10.4 22 190   M    M   9 18     27 190
15  52  20  36  -2  29   0 0.00    M    M 12.5 26 320   M    M   1        34 320
16  48  16  32  -5  33   0 0.00    M    M 10.7 22 140   M    M   0        27 140
17  61  39  50  13  15   0    T    M    M 10.9 21 350   M    M   8        25 350
================================================================================
SM  824  454       462   0  0.14    M    153.5          M       80
================================================================================
AV 48.5 26.7                               9.0 FASTST   M    M   5    MAX(MPH)
                                 MISC ---->  # 26 320               # 34  320
================================================================================
NOTES:
# LAST OF SEVERAL OCCURRENCES

COLUMN 17 PEAK WIND IN M.P.H.

PRELIMINARY LOCAL CLIMATOLOGICAL DATA (WS FORM: F-6) , PAGE 2

                                          STATION:  TEKAMAH, NEBRASKA
                                          MONTH:    NOVEMBER
                                          YEAR:     2017
                                          LATITUDE:   41 46 N
                                          LONGITUDE:  96 11 W

[TEMPERATURE DATA]      [PRECIPITATION DATA]       SYMBOLS USED IN COLUMN 16

AVERAGE MONTHLY: 37.6   TOTAL FOR MONTH:   0.14    1 = FOG OR MIST
DPTR FM NORMAL:  -3.1   DPTR FM NORMAL:   -0.72    2 = FOG REDUCING VISIBILITY
HIGHEST:    61 ON 17    GRTST 24HR  0.14 ON 12-12      TO 1/4 MILE OR LESS
LOWEST:     16 ON 16,10                            3 = THUNDER
                        SNOW, ICE PELLETS, HAIL    4 = ICE PELLETS
                        TOTAL MONTH:    M          5 = HAIL
                        GRTST 24HR    M  ON   M    6 = FREEZING RAIN OR DRIZZLE
                        GRTST DEPTH:  M  ON   M    7 = DUSTSTORM OR SANDSTORM:
                                                       VSBY 1/2 MILE OR LESS
                                                   8 = SMOKE OR HAZE
[NO. OF DAYS WITH]      [WEATHER - DAYS WITH]      9 = BLOWING SNOW
                                                   X = TORNADO
MAX 32 OR BELOW:   0    0.01 INCH OR MORE:   1
MAX 90 OR ABOVE:   0    0.10 INCH OR MORE:   1
MIN 32 OR BELOW:  13    0.50 INCH OR MORE:   0
MIN  0 OR BELOW:   0    1.00 INCH OR MORE:   0

[HDD (BASE 65) ]
TOTAL THIS MO.   462    CLEAR  (SCALE 0-3)   7
DPTR FM NORMAL    49    PTCLDY (SCALE 4-7)   8
TOTAL FM JUL 1   890    CLOUDY (SCALE 8-10)  2
DPTR FM NORMAL   -75

[CDD (BASE 65) ]
TOTAL THIS MO.     0
DPTR FM NORMAL     0    [PRESSURE DATA]
TOTAL FM JAN 1  1059    HIGHEST SLP M ON M
DPTR FM NORMAL    73    LOWEST  SLP 29.48 ON 17

[REMARKS]
