000
CXUS54 KFWD 011133
CF6TRL
PRELIMINARY LOCAL CLIMATOLOGICAL DATA (WS FORM: F-6)

                                          STATION:   TERRELL
                                          MONTH:     OCTOBER
                                          YEAR:      2014
                                          LATITUDE:   32 42 N
                                          LONGITUDE:  96 16 W

  TEMPERATURE IN F:       :PCPN:    SNOW:  WIND      :SUNSHINE: SKY     :PK WND
================================================================================
1   2   3   4   5  6A  6B    7    8   9   10  11  12  13   14  15   16   17  18
                                     12Z  AVG MX 2MIN
DY MAX MIN AVG DEP HDD CDD  WTR  SNW DPTH SPD SPD DIR MIN PSBL S-S WX    SPD DR
================================================================================

 1  93  73  83  12   0  18 0.00  0.0    0  9.1 18 170   M    M   3        26 140
 2  95  68  82  11   0  17 0.65  0.0    0 11.8 32 280   M    M   3 13     42 280
 3  82  56  69  -2   0   4 0.00  0.0    0  8.1 20 320   M    M   0        25  10
 4  77  45  61  -9   4   0 0.00  0.0    0  3.6 12 180   M    M   0        15 170
 5  85  58  72   2   0   7 0.00  0.0    0 10.1 21 210   M    M   1        27 210
 6  82  66  74   4   0   9 0.50  0.0    0  8.1 22 160   M    M   2 13     26 150
 7  93  67  80  11   0  15 0.00  0.0    0 10.2 18 170   M    M   2        22 170
 8  88  74  81  12   0  16 0.00  0.0    0  9.9 16 180   M    M   3        22 210
 9  90  75  83  14   0  18 0.00  0.0    0 10.4 20 160   M    M   5        24 160
10  92  67  80  12   0  15 0.67  0.0    0 11.6 30 320   M    M   3 13     39 330
11  69  60  65  -3   0   0 0.57  0.0    0  7.9 15 330   M    M   8 13     20 310
12  75  59  67  -1   0   2 0.00  0.0    0  8.2 25 170   M    M  10 1      35 160
13  77  56  67  -1   0   2 1.53  0.0    0 14.4 35 220   M    M   9 13     49 210
14  76  50  63  -4   2   0 0.00  0.0    0  9.4 25 300   M    M   0        33 290
15  82  48  65  -2   0   0 0.00  0.0    0  1.0  8 280   M    M   0        10 340
16  86  52  69   2   0   4 0.00  0.0    0  7.3 21 180   M    M   0        26 200
17  86  60  73   7   0   8 0.00  0.0    0  6.8 13 210   M    M   0        18 220
18  81  58  70   4   0   5 0.00  0.0    0  7.1 14  40   M    M   0        18 120
19  77  56  67   1   0   2 0.00  0.0    0  5.0 14 110   M    M   0        17 100
20  82  54  68   2   0   3 0.00  0.0    0  1.9  9 230   M    M   0        20 240
21  82  55  69   4   0   4 0.00  0.0    0  2.1 12 130   M    M   0        16 120
22  81  58  70   5   0   5 0.00  0.0    0  5.3 14  90   M    M   1 1      18  90
23  77  61  69   4   0   4    T  0.0    0  3.7  9 180   M    M   4        12 180
24  82  57  70   6   0   5 0.00  0.0    0  4.7 12 200   M    M   2        16 210
25  87  60  74  10   0   9 0.00  0.0    0  5.7 16 210   M    M   0        20 210
26  86  61  74  10   0   9 0.00  0.0    0  8.2 18 170   M    M   0 1      25 180
27  84  64  74  10   0   9 0.00  0.0    0 14.0 24 180   M    M   1        31 180
28  76  64  70   7   0   5 0.00  0.0    0  6.7 17 190   M    M   4 1      23 190
29  77  50  64   1   1   0 0.00  0.0    0  6.9 15  60   M    M   2        19  60
30  77  47  62   0   3   0    T  0.0    0  3.6 13 260   M    M   2        17 340
31  68  44  56  -6   9   0 0.00  0.0    0 10.8 21  10   M    M   0        28  20
================================================================================
SM 2545 1823        19 195  3.92     0.0 233.6          M       65
================================================================================
AV 82.1 58.8                               7.5 FASTST   M    M   2    MAX(MPH)
                                 MISC ---->  # 35 220               # 49  210
================================================================================
NOTES:
# LAST OF SEVERAL OCCURRENCES

COLUMN 17 PEAK WIND IN M.P.H.

PRELIMINARY LOCAL CLIMATOLOGICAL DATA (WS FORM: F-6) , PAGE 2

                                          STATION:  TERRELL
                                          MONTH:    OCTOBER
                                          YEAR:     2014
                                          LATITUDE:   32 42 N
                                          LONGITUDE:  96 16 W

[TEMPERATURE DATA]      [PRECIPITATION DATA]       SYMBOLS USED IN COLUMN 16

AVERAGE MONTHLY: 70.5   TOTAL FOR MONTH:   3.92    1 = FOG OR MIST
DPTR FM NORMAL:   3.7   DPTR FM NORMAL:   -0.64    2 = FOG REDUCING VISIBILITY
HIGHEST:    95 ON  2    GRTST 24HR  1.53 ON 13-13      TO 1/4 MILE OR LESS
LOWEST:     44 ON 31                               3 = THUNDER
                        SNOW, ICE PELLETS, HAIL    4 = ICE PELLETS
                        TOTAL MONTH:   0.0 INCH    5 = HAIL
                        GRTST 24HR     0.0         6 = FREEZING RAIN OR DRIZZLE
                        GRTST DEPTH:   0           7 = DUSTSTORM OR SANDSTORM:
                                                       VSBY 1/2 MILE OR LESS
                                                   8 = SMOKE OR HAZE
[NO. OF DAYS WITH]      [WEATHER - DAYS WITH]      9 = BLOWING SNOW
                                                   X = TORNADO
MAX 32 OR BELOW:   0    0.01 INCH OR MORE:   5
MAX 90 OR ABOVE:   5    0.10 INCH OR MORE:   5
MIN 32 OR BELOW:   0    0.50 INCH OR MORE:   5
MIN  0 OR BELOW:   0    1.00 INCH OR MORE:   1

[HDD (BASE 65) ]
TOTAL THIS MO.    19    CLEAR  (SCALE 0-3)  21
DPTR FM NORMAL   -54    PTCLDY (SCALE 4-7)   7
TOTAL FM JUL 1    19    CLOUDY (SCALE 8-10)  3
DPTR FM NORMAL   -59

[CDD (BASE 65) ]
TOTAL THIS MO.   195
DPTR FM NORMAL    67    [PRESSURE DATA]
TOTAL FM JAN 1  2824    HIGHEST SLP 30.36 ON 31
DPTR FM NORMAL   299    LOWEST  SLP 29.55 ON 13

[REMARKS]
#FINAL-10-14#
