000
CXUS51 KPHI 010800
CF6TTN
PRELIMINARY LOCAL CLIMATOLOGICAL DATA (WS FORM: F-6)

                                          STATION:   TRENTON NJ
                                          MONTH:     FEBRUARY
                                          YEAR:      2015
                                          LATITUDE:   40 16 N
                                          LONGITUDE:  74 49 W

  TEMPERATURE IN F:       :PCPN:    SNOW:  WIND      :SUNSHINE: SKY     :PK WND
================================================================================
1   2   3   4   5  6A  6B    7    8   9   10  11  12  13   14  15   16   17  18
                                     12Z  AVG MX 2MIN
DY MAX MIN AVG DEP HDD CDD  WTR  SNW DPTH SPD SPD DIR MIN PSBL S-S WX    SPD DR
================================================================================

 1  37  16  27  -5  38   0    T    M    M  5.2 16 150   M    M   9 1      19 150
 2  36  16  26  -6  39   0 1.19    M    M 11.5 28 340   M    M   8 14     43 360
 3  26  16  21 -11  44   0 0.00    M    M  7.5 20 310   M    M   0        27 300
 4  43  17  30  -2  35   0 0.00    M    M  5.5 16 210   M    M   4        20 200
 5  39  13  26  -6  39   0    T    M    M 12.9 28 360   M    M   5        37 350
 6  30  11  21 -11  44   0 0.00    M    M  7.0 17 280   M    M   2        24 300
 7  43  16  30  -3  35   0 0.00    M    M  4.2 16 210   M    M   7        18 210
 8  42  33  38   5  27   0    T    M    M  6.6 15  80   M    M   4 128    20  80
 9  34  26  30  -3  35   0 0.03    M    M 11.7 17  40   M    M  10 168    26  40
10  40  26  33   0  32   0    T    M    M 10.3 17  20   M    M   6 1      29  40
11  36  22  29  -4  36   0 0.00    M    M  6.9 17  50   M    M   1        24  30
12  40  18  29  -4  36   0    T    M    M 10.1 25 330   M    M   8 8      35 330
13  21   7  14 -20  51   0 0.00    M    M 10.4 25 320   M    M   0        37 320
14  31  12  22 -12  43   0 0.13    M    M  6.9 26 320   M    M   8 128    40 310
15  20   3  12 -22  53   0 0.03    M    M 17.8 29 330   M    M   4 89     43 320
16  18   1  10 -24  55   0    T    M    M  9.5 22 300   M    M   2        32 300
17  28  12  20 -14  45   0 0.14    M    M  4.8 10 300   M    M   6 1      14 280
18  30   6  18 -16  47   0    T    M    M  5.5 18 290   M    M   2        25 290
19  22   7  15 -20  50   0    T    M    M 14.4 25 280   M    M   4        35 280
20  16   0   8 -27  57   0 0.00    M    M 10.0 22 300   M    M   0        32 290
21  32   3  18 -17  47   0 0.50    M    M  6.2 20 200   M    M   5 16     26 200
22  42  32  37   2  28   0 0.23    M    M  3.1  9 290   M    M   5 168    13 290
23  36   9  23 -13  42   0 0.00    M    M 11.2 24 350   M    M   3        32 350
24  24   0  12 -24  53   0 0.00    M    M  5.3 17 190   M    M   0        21 190
25  37   9  23 -13  42   0 0.00    M    M  6.4 18 280   M    M   0        27 270
26  30  21  26 -10  39   0 0.00    M    M  8.1 16  40   M    M   6        21  30
27  29  19  24 -13  41   0 0.00    M    M  6.5 14 300   M    M   3        18 310
28  28  11  20 -17  45   0 0.00    M    M  4.8 12 280   M    M   0        15 360
================================================================================
SM  890  382      1178   0  2.25    M    230.3          M      112
================================================================================
AV 31.8 13.6                               8.2 FASTST   M    M   4    MAX(MPH)
                                 MISC ---->  # 29 330               # 43  360
================================================================================
NOTES:
# LAST OF SEVERAL OCCURRENCES

COLUMN 17 PEAK WIND IN M.P.H.

PRELIMINARY LOCAL CLIMATOLOGICAL DATA (WS FORM: F-6) , PAGE 2

                                          STATION:  TRENTON NJ
                                          MONTH:    FEBRUARY
                                          YEAR:     2015
                                          LATITUDE:   40 16 N
                                          LONGITUDE:  74 49 W

[TEMPERATURE DATA]      [PRECIPITATION DATA]       SYMBOLS USED IN COLUMN 16

AVERAGE MONTHLY: 22.7   TOTAL FOR MONTH:   2.25    1 = FOG OR MIST
DPTR FM NORMAL: -11.3   DPTR FM NORMAL:   -0.06    2 = FOG REDUCING VISIBILITY
HIGHEST:    43 ON  7, 4 GRTST 24HR  1.19 ON  2- 2      TO 1/4 MILE OR LESS
LOWEST:      0 ON 24,20                            3 = THUNDER
                        SNOW, ICE PELLETS, HAIL    4 = ICE PELLETS
                        TOTAL MONTH:    M          5 = HAIL
                        GRTST 24HR    M  ON   M    6 = FREEZING RAIN OR DRIZZLE
                        GRTST DEPTH:  M  ON   M    7 = DUSTSTORM OR SANDSTORM:
                                                       VSBY 1/2 MILE OR LESS
                                                   8 = SMOKE OR HAZE
[NO. OF DAYS WITH]      [WEATHER - DAYS WITH]      9 = BLOWING SNOW
                                                   X = TORNADO
MAX 32 OR BELOW:  15    0.01 INCH OR MORE:   7
MAX 90 OR ABOVE:   0    0.10 INCH OR MORE:   5
MIN 32 OR BELOW:  27    0.50 INCH OR MORE:   2
MIN  0 OR BELOW:   2    1.00 INCH OR MORE:   1

[HDD (BASE 65) ]
TOTAL THIS MO.  1178    CLEAR  (SCALE 0-3)  11
DPTR FM NORMAL   310    PTCLDY (SCALE 4-7)  15
TOTAL FM JUL 1  4083    CLOUDY (SCALE 8-10)  2
DPTR FM NORMAL   269

[CDD (BASE 65) ]
TOTAL THIS MO.     0
DPTR FM NORMAL     0    [PRESSURE DATA]
TOTAL FM JAN 1     0    HIGHEST SLP 30.82 ON 28
DPTR FM NORMAL     0    LOWEST  SLP 29.37 ON  2

[REMARKS]
#FINAL-02-15#
