000
CXUS53 KAPX 230631
CF6TVC
PRELIMINARY LOCAL CLIMATOLOGICAL DATA (WS FORM: F-6)

                                          STATION:   TRAVERSE CITY MI
                                          MONTH:     JANUARY
                                          YEAR:      2018
                                          LATITUDE:   44 44 N
                                          LONGITUDE:  85 34 W

  TEMPERATURE IN F:       :PCPN:    SNOW:  WIND      :SUNSHINE: SKY     :PK WND
================================================================================
1   2   3   4   5  6A  6B    7    8   9   10  11  12  13   14  15   16   17  18
                                     12Z  AVG MX 2MIN
DY MAX MIN AVG DEP HDD CDD  WTR  SNW DPTH SPD SPD DIR MIN PSBL S-S WX    SPD DR
================================================================================

 1  14   8  11 -12  54   0    T    M    M  9.3 17 300   M    M  10 18     22 290
 2  20  13  17  -6  48   0    T    M    M 10.3 20 250   M    M   8 8      29 260
 3  20  11  16  -7  49   0    T    M    M 10.5 22 300   M    M  10 128    28 350
 4  13   4   9 -13  56   0 0.02    M    M 13.7 22 360   M    M  10 189    30 360
 5  11  -4   4 -18  61   0 0.03    M    M  8.9 20 300   M    M  10 18     27 360
 6  10  -3   4 -18  61   0    T    M    M  3.8 14  90   M    M  10 18     16 290
 7  33  10  22   0  43   0    T    M    M  8.7 17 220   M    M  10 89     29 210
 8  33  21  27   5  38   0 0.04    M    M  8.6 21 270   M    M   7 18     27 290
 9  33   6  20  -2  45   0 0.00    M    M  1.4 12 320   M    M   4        17 310
10  49  30  40  18  25   0 0.06    M    M  6.7 15 210   M    M   7 1      25 200
11  55  27  41  19  24   0 0.28    M    M  8.4 20 330   M    M  10 1      28 220
12  27  15  21  -1  44   0    T    M    M 16.6 24 350   M    M  10 18     36 360
13  16  12  14  -8  51   0 0.02    M    M  8.9 18 330   M    M  10 128    26 310
14  20  15  18  -3  47   0    T    M    M  4.4 12 170   M    M  10        17 200
15  20  12  16  -5  49   0    T    M    M  6.1 15 100   M    M  10 18     21 140
16  20  14  17  -4  48   0    T    M    M  7.1 15 360   M    M   8 18     21 350
17  27  15  21   0  44   0    T    M    M  9.8 20 250   M    M   7 1      33 240
18  35  21  28   7  37   0 0.00    M    M  8.2 16 220   M    M   5        25 220
19  42  25  34  13  31   0 0.00    M    M  6.9 15 200   M    M   5        25 210
20  43  32  38  17  27   0 0.00    M    M  4.5 20 260   M    M   6 1      33 260
21  45  31  38  17  27   0 0.00    M    M  2.7 12  30   M    M   7 18     15  40
22  38  33  36  15  29   0 0.58    M    M  6.3 15  80   M    M  10 18     22  90
================================================================================
SM  624  348       938   0  1.03    M    171.8          M      184
================================================================================
AV 28.4 15.8                               7.8 FASTST   M    M   8    MAX(MPH)
                                 MISC ---->  # 24 350               # 36  360
================================================================================
NOTES:
# LAST OF SEVERAL OCCURRENCES

COLUMN 17 PEAK WIND IN M.P.H.

PRELIMINARY LOCAL CLIMATOLOGICAL DATA (WS FORM: F-6) , PAGE 2

                                          STATION:  TRAVERSE CITY MI
                                          MONTH:    JANUARY
                                          YEAR:     2018
                                          LATITUDE:   44 44 N
                                          LONGITUDE:  85 34 W

[TEMPERATURE DATA]      [PRECIPITATION DATA]       SYMBOLS USED IN COLUMN 16

AVERAGE MONTHLY: 22.1   TOTAL FOR MONTH:   1.03    1 = FOG OR MIST
DPTR FM NORMAL:   0.4   DPTR FM NORMAL:   -1.07    2 = FOG REDUCING VISIBILITY
HIGHEST:    55 ON 11    GRTST 24HR  0.58 ON 22-22      TO 1/4 MILE OR LESS
LOWEST:     -4 ON  5                               3 = THUNDER
                        SNOW, ICE PELLETS, HAIL    4 = ICE PELLETS
                        TOTAL MONTH:    M          5 = HAIL
                        GRTST 24HR    M  ON   M    6 = FREEZING RAIN OR DRIZZLE
                        GRTST DEPTH:  M  ON   M    7 = DUSTSTORM OR SANDSTORM:
                                                       VSBY 1/2 MILE OR LESS
                                                   8 = SMOKE OR HAZE
[NO. OF DAYS WITH]      [WEATHER - DAYS WITH]      9 = BLOWING SNOW
                                                   X = TORNADO
MAX 32 OR BELOW:  12    0.01 INCH OR MORE:   7
MAX 90 OR ABOVE:   0    0.10 INCH OR MORE:   2
MIN 32 OR BELOW:  21    0.50 INCH OR MORE:   1
MIN  0 OR BELOW:   2    1.00 INCH OR MORE:   0

[HDD (BASE 65) ]
TOTAL THIS MO.   938    CLEAR  (SCALE 0-3)   0
DPTR FM NORMAL   -15    PTCLDY (SCALE 4-7)  10
TOTAL FM JUL 1  3504    CLOUDY (SCALE 8-10) 12
DPTR FM NORMAL  -257

[CDD (BASE 65) ]
TOTAL THIS MO.     0
DPTR FM NORMAL     0    [PRESSURE DATA]
TOTAL FM JAN 1     0    HIGHEST SLP M ON M
DPTR FM NORMAL     0    LOWEST  SLP 29.50 ON 19

[REMARKS]
