000
CXUS53 KAPX 290631
CF6TVC
PRELIMINARY LOCAL CLIMATOLOGICAL DATA (WS FORM: F-6)

                                          STATION:   TRAVERSE CITY MI
                                          MONTH:     AUGUST
                                          YEAR:      2015
                                          LATITUDE:   44 44 N
                                          LONGITUDE:  85 34 W

  TEMPERATURE IN F:       :PCPN:    SNOW:  WIND      :SUNSHINE: SKY     :PK WND
================================================================================
1   2   3   4   5  6A  6B    7    8   9   10  11  12  13   14  15   16   17  18
                                     12Z  AVG MX 2MIN
DY MAX MIN AVG DEP HDD CDD  WTR  SNW DPTH SPD SPD DIR MIN PSBL S-S WX    SPD DR
================================================================================

 1  83  60  72   3   0   7 0.00    M    M  7.9 21 290   M    M   4        26 290
 2  81  60  71   2   0   6 0.74    M    M  6.4 40 300   M    M   5 13     55 300
 3  77  57  67  -2   0   2    T    M    M  5.5 18 280   M    M   6 1      23 270
 4  74  56  65  -4   0   0 0.00    M    M  4.8 15 310   M    M   7        19 310
 5  75  53  64  -5   1   0 0.00    M    M  3.6 10  30   M    M   3        15  40
 6  79  51  65  -3   0   0 0.00    M    M  4.4 16  40   M    M   4        20  20
 7  81  62  72   4   0   7 0.06    M    M  4.0 12 280   M    M   7 1      14 130
 8  77  62  70   2   0   5 0.03    M    M  3.2  9  20   M    M   9 1      13 160
 9  86  60  73   5   0   8 0.00    M    M  3.1 10  50   M    M   6 1      15  20
10  80  69  75   7   0  10    T    M    M  4.6 14 330   M    M   7 18     17 320
11  75  60  68   0   0   3 0.00    M    M  9.2 18 320   M    M   5        25 310
12  79  56  68   0   0   3 0.06    M    M  6.0 15 270   M    M   4 3      25 270
13  85  64  75   7   0  10 0.02    M    M  6.9 16 250   M    M   5 3      25 260
14  90  71  81  13   0  16 0.00    M    M  5.3 15 290   M    M   5 3      18 300
15  90  65  78  10   0  13 0.00    M    M  3.3 10  20   M    M   4        17  20
16  90  67  79  11   0  14 0.00    M    M  5.2 17 240   M    M   5        25 260
17  91  70  81  13   0  16    T    M    M  6.9 15 260   M    M   5 3      23 260
18  80  69  75   8   0  10 0.06    M    M  2.9 15 110   M    M   9 1      24 120
19  84  66  75   8   0  10 0.20    M    M  7.5 17 230   M    M   6 13     29 220
20  70  60  65  -2   0   0 0.06    M    M  8.0 21 260   M    M   8 1      29 270
21  80  53  67   0   0   2 0.00    M    M  4.2 14 270   M    M   4        19 270
22  85  67  76   9   0  11 0.00    M    M  3.7 13 240   M    M   5        20 240
23  76  62  69   2   0   4 0.28    M    M  7.0 22 280   M    M   6 3      30 260
24  65  55  60  -6   5   0 0.08    M    M  9.3 26 270   M    M  10 8      32 270
25  61  54  58  -8   7   0 0.09    M    M  8.0 20 270   M    M  10        22 270
26  62  56  59  -7   6   0 0.07    M    M  5.6 14 330   M    M  10        19 310
27  76  57  67   1   0   2 0.00    M    M  3.1 12 270   M    M   6        18 270
28  77  56  67   1   0   2 0.04    M    M  4.4 10 220   M    M   5        16 220
================================================================================
SM 2209 1698        19 161  1.79    M    154.0          M      170
================================================================================
AV 78.9 60.6                               5.5 FASTST   M    M   6    MAX(MPH)
                                 MISC ---->  # 40 300               # 55  300
================================================================================
NOTES:
# LAST OF SEVERAL OCCURRENCES

COLUMN 17 PEAK WIND IN M.P.H.

PRELIMINARY LOCAL CLIMATOLOGICAL DATA (WS FORM: F-6) , PAGE 2

                                          STATION:  TRAVERSE CITY MI
                                          MONTH:    AUGUST
                                          YEAR:     2015
                                          LATITUDE:   44 44 N
                                          LONGITUDE:  85 34 W

[TEMPERATURE DATA]      [PRECIPITATION DATA]       SYMBOLS USED IN COLUMN 16

AVERAGE MONTHLY: 69.8   TOTAL FOR MONTH:   1.79    1 = FOG OR MIST
DPTR FM NORMAL:   2.2   DPTR FM NORMAL:   -1.26    2 = FOG REDUCING VISIBILITY
HIGHEST:    91 ON 17    GRTST 24HR  0.74 ON  2- 2      TO 1/4 MILE OR LESS
LOWEST:     51 ON  6                               3 = THUNDER
                        SNOW, ICE PELLETS, HAIL    4 = ICE PELLETS
                        TOTAL MONTH:    M          5 = HAIL
                        GRTST 24HR    M  ON   M    6 = FREEZING RAIN OR DRIZZLE
                        GRTST DEPTH:  M  ON   M    7 = DUSTSTORM OR SANDSTORM:
                                                       VSBY 1/2 MILE OR LESS
                                                   8 = SMOKE OR HAZE
[NO. OF DAYS WITH]      [WEATHER - DAYS WITH]      9 = BLOWING SNOW
                                                   X = TORNADO
MAX 32 OR BELOW:   0    0.01 INCH OR MORE:  13
MAX 90 OR ABOVE:   4    0.10 INCH OR MORE:   3
MIN 32 OR BELOW:   0    0.50 INCH OR MORE:   1
MIN  0 OR BELOW:   0    1.00 INCH OR MORE:   0

[HDD (BASE 65) ]
TOTAL THIS MO.    19    CLEAR  (SCALE 0-3)   1
DPTR FM NORMAL   -14    PTCLDY (SCALE 4-7)  21
TOTAL FM JUL 1    47    CLOUDY (SCALE 8-10)  6
DPTR FM NORMAL   -14

[CDD (BASE 65) ]
TOTAL THIS MO.   161
DPTR FM NORMAL    53    [PRESSURE DATA]
TOTAL FM JAN 1   417    HIGHEST SLP M ON M
DPTR FM NORMAL    56    LOWEST  SLP 29.51 ON  2

[REMARKS]
