000
CXUS55 KREV 011052
CF6TVL

PRELIMINARY LOCAL CLIMATOLOGICAL DATA (WS FORM: F-6)

                                          STATION:   SOUTH LAKE TAHOE CA
                                          MONTH:     FEBRUARY
                                          YEAR:      2017
                                          LATITUDE:   38 53 N
                                          LONGITUDE: 119 60 W

  TEMPERATURE IN F:       :PCPN:    SNOW:  WIND      :SUNSHINE: SKY     :PK WND
================================================================================
1   2   3   4   5  6A  6B    7    8   9   10  11  12  13   14  15   16   17  18
                                     12Z  AVG MX 2MIN
DY MAX MIN AVG DEP HDD CDD  WTR  SNW DPTH SPD SPD DIR MIN PSBL S-S WX    SPD DR
================================================================================

 1  48  15  32   2  33   0 0.00  0.0   31  7.5 29 200   M    M   M        38 190
 2  43  33  38   8  27   0 0.13  1.0   31  8.1 25 190   M    M   M 1      35 190
 3  40  33  37   7  28   0 0.57    T   31 14.5 30 200   M    M   M 1      49 180
 4  39  31  35   5  30   0    T    T   30 11.9 17 170   M    M   M        40 180
 5  47  31  39   9  26   0 0.06    T   29 14.6 30 200   M    M   M 12     47 200
 6  39  33  36   6  29   0 0.69  3.1   29 14.2 29 190   M    M   M 1      45 180
 7  44  36  40  10  25   0 2.34    T   27 10.9 28 190   M    M   M 1      47 180
 8  49  36  43  13  22   0 1.43  0.0   22  8.3 28 190   M    M   M 1      43 180
 9  50  33  42  12  23   0 1.92    T   18 15.6 40 190   M    M   M 13     55 180
10  38  25  32   2  33   0 1.38  3.6   18  3.5 13 190   M    M   M 1      23 190
11  38  20  29  -1  36   0 0.00  0.0   18  3.6 12 110   M    M   M        16 110
12  42  18  30   0  35   0 0.00  0.0   18  2.8  7  40   M    M   M        13  40
13  44  18  31   1  34   0 0.00  0.0   16  1.7  9  40   M    M   M        11  40
14  47  19  33   2  32   0 0.00  0.0   15  2.1  9  30   M    M   M        15  30
15  53  21  37   6  28   0 0.00  0.0   14  5.0 16 190   M    M   M        31 170
16  48  27  38   7  27   0 0.24    T   13 12.1 39 190   M    M   M 12     62 190
17  37  26  32   1  33   0 0.08  1.3   13  0.8  7 170   M    M   M 1       9 170
18  42  28  35   4  30   0 0.04  0.7   15  5.0 15 190   M    M   M 1      20 190
19  41  28  35   4  30   0 0.31  0.4   13  9.2 20 190   M    M   M 1      35 190
20  40  33  37   5  28   0 2.41    T   12 10.4 18 190   M    M   M 12     41 190
21  38  29  34   2  31   0 0.87 12.5   13 11.8 38 190   M    M   M 128    56 190
22  31  13  22 -10  43   0 0.07  3.1   29  5.5 13 170   M    M   M 12     18 180
23  30  10  20 -12  45   0 0.03  0.9   31  3.0 12  30   M    M   M 18     17  20
24  28   1  15 -17  50   0    T    T   31  7.3 16 190   M    M   M        23 200
25  34  18  26  -6  39   0    T    T   31  5.3 12 180   M    M   M 8      17 180
26  34   8  21 -11  44   0 0.04  1.2   30 10.9 26 190   M    M   M 18     42 200
27  32  11  22 -11  43   0 0.08  2.7   33  5.7 21 200   M    M   M 1      32 200
28  37   2  20 -13  45   0 0.00  0.0    M  3.9 13  40   M    M   M        14  30
================================================================================
SM 1133  636       929   0 12.69    30.5 215.2          M        M
================================================================================
AV 40.5 22.7                               7.7 FASTST   M    M -NAN   MAX(MPH)
                                 MISC ---->  # 40 190               # 62  190
================================================================================
NOTES:
# LAST OF SEVERAL OCCURRENCES

COLUMN 17 PEAK WIND IN M.P.H.

PRELIMINARY LOCAL CLIMATOLOGICAL DATA (WS FORM: F-6) , PAGE 2

                                          STATION:  SOUTH LAKE TAHOE CA
                                          MONTH:    FEBRUARY
                                          YEAR:     2017
                                          LATITUDE:   38 53 N
                                          LONGITUDE: 119 60 W

[TEMPERATURE DATA]      [PRECIPITATION DATA]       SYMBOLS USED IN COLUMN 16

AVERAGE MONTHLY: 31.6   TOTAL FOR MONTH:  12.69    1 = FOG OR MIST
DPTR FM NORMAL:   0.7   DPTR FM NORMAL:   10.07    2 = FOG REDUCING VISIBILITY
HIGHEST:    53 ON 15    GRTST 24HR  2.41 ON 20-20      TO 1/4 MILE OR LESS
LOWEST:      1 ON 24                               3 = THUNDER
                        SNOW, ICE PELLETS, HAIL    4 = ICE PELLETS
                        TOTAL MONTH:  30.5 INCHES  5 = HAIL
                        GRTST 24HR  12.5 ON 21-21  6 = FREEZING RAIN OR DRIZZLE
                        GRTST DEPTH:  33 ON 27     7 = DUSTSTORM OR SANDSTORM:
                                                       VSBY 1/2 MILE OR LESS
                                                   8 = SMOKE OR HAZE
[NO. OF DAYS WITH]      [WEATHER - DAYS WITH]      9 = BLOWING SNOW
                                                   X = TORNADO
MAX 32 OR BELOW:   4    0.01 INCH OR MORE:  18
MAX 90 OR ABOVE:   0    0.10 INCH OR MORE:  11
MIN 32 OR BELOW:  21    0.50 INCH OR MORE:   8
MIN  0 OR BELOW:   0    1.00 INCH OR MORE:   5

[HDD (BASE 65) ]
TOTAL THIS MO.   929    CLEAR  (SCALE 0-3)   0
DPTR FM NORMAL   -26    PTCLDY (SCALE 4-7)   0
TOTAL FM JUL 1  4995    CLOUDY (SCALE 8-10)  0
DPTR FM NORMAL  -242

[CDD (BASE 65) ]
TOTAL THIS MO.     0
DPTR FM NORMAL     0    [PRESSURE DATA]
TOTAL FM JAN 1     0    HIGHEST SLP M ON M
DPTR FM NORMAL     0    LOWEST  SLP 29.90 ON  1

[REMARKS]

THE AVERAGE TEMPERATURE FOR FEBRUARY 2017 AT SOUTH LAKE TAHOE WAS
31.6 DEGREES WHICH IS 0.7 DEGREE ABOVE NORMAL. THE HIGHEST
TEMPERATURE FOR FEBRUARY WAS 53 DEGREES WHICH OCCURRED ON THE 15TH.
THE LOWEST TEMPERATURE FOR THE MONTH WAS 1 DEGREE WHICH WAS RECORDED
ON THE 24TH.

FOR FEBRUARY 2017 12.69 INCHES OF PRECIPITATION WERE RECORDED AT
SOUTH LAKE TAHOE. THIS IS 10.07 INCHES ABOVE NORMAL.

A TOTAL OF 30.5 INCHES OF SNOWFALL WAS REPORTED FOR FEBRUARY AT
SOUTH LAKE TAHOE. THE HIGHEST SNOW DEPTH FOR THE MONTH WAS 33 INCHES
WHICH WAS REPORTED ON THE 27TH.

THE AVERAGE WIND SPEED FOR THE MONTH WAS 7.7 MPH. THE PEAK WIND GUST
FOR THE MONTH WAS 62 MPH FROM THE SOUTH WHICH OCCURRED ON THE 16TH.
