000
CXUS55 KBOI 301002
CF6TWF
PRELIMINARY LOCAL CLIMATOLOGICAL DATA (WS FORM: F-6)

                                          STATION:   TWIN FALLS ID
                                          MONTH:     MARCH
                                          YEAR:      2015
                                          LATITUDE:   42 28 N
                                          LONGITUDE: 114 29 W

  TEMPERATURE IN F:       :PCPN:    SNOW:  WIND      :SUNSHINE: SKY     :PK WND
================================================================================
1   2   3   4   5  6A  6B    7    8   9   10  11  12  13   14  15   16   17  18
                                     12Z  AVG MX 2MIN
DY MAX MIN AVG DEP HDD CDD  WTR  SNW DPTH SPD SPD DIR MIN PSBL S-S WX    SPD DR
================================================================================

 1  46  22  34  -3  31   0 0.00    M    M 11.5 25  70   M    M   0        31  80
 2  50  17  34  -4  31   0 0.00    M    M  8.1 22 250   M    M   0        29 250
 3  44  28  36  -2  29   0 0.00    M    M 20.9 33 260   M    M   6        41 260
 4  42  21  32  -6  33   0 0.00    M    M 12.8 22 220   M    M   0        27 230
 5  56  25  41   2  24   0 0.00    M    M  9.5 15 190   M    M   0        18 200
 6  60  32  46   7  19   0 0.00    M    M  8.7 17 190   M    M   0 8      19 200
 7  64  32  48   9  17   0 0.00    M    M 10.2 18 190   M    M   0 8      23 270
 8  61  35  48   8  17   0 0.00    M    M 11.3 17 270   M    M   0        24 280
 9  64  39  52  12  13   0 0.00    M    M 13.0 18 270   M    M   0        22 270
10  72  35  54  14  11   0 0.00    M    M  9.3 18 170   M    M   0        24 160
11  65  47  56  15   9   0 0.02    M    M 12.3 22 280   M    M   4        29 170
12  63  44  54  13  11   0 0.00    M    M 13.3 24 250   M    M   4        27 250
13  68  37  53  12  12   0 0.00    M    M  8.8 16 180   M    M   0        20 180
14  76  45  61  19   4   0    T    M    M 14.3 32 170   M    M   3        40 170
15  70  45  58  16   7   0 0.00    M    M 13.7 29 160   M    M   3        37 160
16  64  47  56  14   9   0 0.00    M    M  9.5 24 260   M    M   0        30 250
17  63  43  53  11  12   0 0.00    M    M  9.6 18 290   M    M   3        23 270
18  58  40  49   6  16   0 0.00    M    M 17.4 26 280   M    M   2        33 280
19  62  34  48   5  17   0 0.00    M    M 10.9 18 200   M    M   0        23 200
20  74  31  53  10  12   0 0.00    M    M  7.1 15 180   M    M   0 8      18 180
21  65  43  54  11  11   0 0.00    M    M 12.6 21 260   M    M   2        30 290
22  67  36  52   8  13   0 0.00    M    M  8.2 15 170   M    M   1        20 190
23  52  36  44   0  21   0 0.13    M    M 13.1 33 250   M    M   5 138    42 250
24  49  36  43  -1  22   0 0.08    M    M 16.3 36 250   M    M   8        44 260
25  55  32  44   0  21   0 0.00    M    M 11.8 16 270   M    M   2        22 220
26  63  36  50   6  15   0 0.00    M    M  8.6 15 190   M    M   0        18 280
27  75  37  56  12   9   0 0.00    M    M  6.6 16 180   M    M   0        19 190
28  60  41  51   6  14   0 0.00    M    M 20.6 36 270   M    M   0        45 280
29  66  36  51   6  14   0 0.00    M    M  8.4 20 180   M    M   0        23 180
================================================================================
SM 1774 1032       474   0  0.23    M    338.4          M       43
================================================================================
AV 61.2 35.6                              11.7 FASTST   M    M   1    MAX(MPH)
                                 MISC ---->  # 36 250               # 45  280
================================================================================
NOTES:
# LAST OF SEVERAL OCCURRENCES

COLUMN 17 PEAK WIND IN M.P.H.

PRELIMINARY LOCAL CLIMATOLOGICAL DATA (WS FORM: F-6) , PAGE 2

                                          STATION:  TWIN FALLS ID
                                          MONTH:    MARCH
                                          YEAR:     2015
                                          LATITUDE:   42 28 N
                                          LONGITUDE: 114 29 W

[TEMPERATURE DATA]      [PRECIPITATION DATA]       SYMBOLS USED IN COLUMN 16

AVERAGE MONTHLY: 48.4   TOTAL FOR MONTH:   0.23    1 = FOG OR MIST
DPTR FM NORMAL:   6.8   DPTR FM NORMAL:   -0.72    2 = FOG REDUCING VISIBILITY
HIGHEST:    76 ON 14    GRTST 24HR  0.13 ON 23-23      TO 1/4 MILE OR LESS
LOWEST:     17 ON  2                               3 = THUNDER
                        SNOW, ICE PELLETS, HAIL    4 = ICE PELLETS
                        TOTAL MONTH:    M          5 = HAIL
                        GRTST 24HR    M  ON   M    6 = FREEZING RAIN OR DRIZZLE
                        GRTST DEPTH:  M  ON   M    7 = DUSTSTORM OR SANDSTORM:
                                                       VSBY 1/2 MILE OR LESS
                                                   8 = SMOKE OR HAZE
[NO. OF DAYS WITH]      [WEATHER - DAYS WITH]      9 = BLOWING SNOW
                                                   X = TORNADO
MAX 32 OR BELOW:   0    0.01 INCH OR MORE:   3
MAX 90 OR ABOVE:   0    0.10 INCH OR MORE:   1
MIN 32 OR BELOW:   9    0.50 INCH OR MORE:   0
MIN  0 OR BELOW:   0    1.00 INCH OR MORE:   0

[HDD (BASE 65) ]
TOTAL THIS MO.   474    CLEAR  (SCALE 0-3)  24
DPTR FM NORMAL  -207    PTCLDY (SCALE 4-7)   5
TOTAL FM JUL 1  4167    CLOUDY (SCALE 8-10)  0
DPTR FM NORMAL -1081

[CDD (BASE 65) ]
TOTAL THIS MO.     0
DPTR FM NORMAL     0    [PRESSURE DATA]
TOTAL FM JAN 1     0    HIGHEST SLP M ON M
DPTR FM NORMAL     0    LOWEST  SLP 29.74 ON  2

[REMARKS]
