994
CXUS54 KSHV 301300
CF6TXK
PRELIMINARY LOCAL CLIMATOLOGICAL DATA (WS FORM: F-6)

                                          STATION:   TEXARKANA
                                          MONTH:     MAY
                                          YEAR:      2016
                                          LATITUDE:   33 27 N
                                          LONGITUDE:  94  0 W

  TEMPERATURE IN F:       :PCPN:    SNOW:  WIND      :SUNSHINE: SKY     :PK WND
================================================================================
1   2   3   4   5  6A  6B    7    8   9   10  11  12  13   14  15   16   17  18
                                     12Z  AVG MX 2MIN
DY MAX MIN AVG DEP HDD CDD  WTR  SNW DPTH SPD SPD DIR MIN PSBL S-S WX    SPD DR
================================================================================

 1  81  64  73   5   0   8    T  0.0    0  5.4 13  50   M    M   3 1      17  50
 2  67  53  60  -8   5   0 0.07  0.0    0  6.5 16 310   M    M   8 3      21 310
 3  72  50  61  -7   4   0 0.00  0.0    0  5.4 13 310   M    M   1        17 320
 4  80  50  65  -4   0   0 0.00  0.0    0  8.8 22 290   M    M   0        29 270
 5  79  53  66  -3   0   1 0.00  0.0    0  4.7 15  10   M    M   0        19  10
 6  79  51  65  -4   0   0 0.00  0.0    0  3.0  8  80   M    M   0        13  80
 7  83  51  67  -3   0   2 0.00  0.0    0  6.0 14 160   M    M   0        19 170
 8  74  61  68  -2   0   3 0.03  0.0    0  9.1 17 150   M    M   2        23 150
 9  79  61  70   0   0   5 1.27  0.0    0 10.5 44 310   M    M   4 13     58 320
10  87  64  76   6   0  11 0.00  0.0    0 11.8 20 190   M    M   3 18     27 220
11  84  71  78   8   0  13    T  0.0    0  8.6 18 200   M    M   1 18     25 200
12  85  65  75   4   0  10 0.00  0.0    0  6.5 15 240   M    M   1        19 220
13  81  54  68  -3   0   3 0.00  0.0    0  2.7  9  70   M    M   0        13  60
14  74  59  67  -4   0   2    T  0.0    0  5.2 14  20   M    M   3        19  20
15  68  59  64  -8   1   0 0.00  0.0    0  5.6 13  50   M    M   8        17  70
16  68  58  63  -9   2   0 0.12  0.0    0  4.5  9 160   M    M  10 1      13 140
17  85  64  75   3   0  10 0.01  0.0    0  5.8 15 310   M    M   5 1      19 340
18  65  58  62 -10   3   0    T  0.0    0  8.2 16  50   M    M   9        22  70
19  69  57  63  -9   2   0 0.67  0.0    0  5.0 13  80   M    M   9 1      17  70
20  74  56  65  -8   0   0 0.00  0.0    0  3.3 13 310   M    M   4 1      16 300
21  82  56  69  -4   0   4 0.00  0.0    0  2.8 10  40   M    M   2 12     14  80
22  82  62  72  -1   0   7 0.00  0.0    0  5.1 12  60   M    M   1        17 130
23  84  61  73  -1   0   8    T  0.0    0  7.1 20 150   M    M   2        23 290
24  85  68  77   3   0  12    T  0.0    0  7.6 16 180   M    M   4        20 180
25  89  74  82   8   0  17    T  0.0    0  9.2 17 190   M    M   5        24 190
26  81  70  76   2   0  11 0.77  0.0    0  7.1 20 250   M    M   6 13     24 200
27  76  64  70  -4   0   5 0.21  0.0    0  8.1 22 280   M    M   3 13     30 150
28  82  63  73  -2   0   8 0.00  0.0    0  3.5  8 170   M    M   4 1      13 220
29  90  67  79   4   0  14 0.06  0.0    0  4.4 13 270   M    M   2 13     16 260
================================================================================
SM 2285 1744        17 154  3.21     0.0 181.5          M      100
================================================================================
AV 78.8 60.1                               6.3 FASTST   M    M   3    MAX(MPH)
                                 MISC ---->  # 44 310               # 58  320
================================================================================
NOTES:
# LAST OF SEVERAL OCCURRENCES

COLUMN 17 PEAK WIND IN M.P.H.

PRELIMINARY LOCAL CLIMATOLOGICAL DATA (WS FORM: F-6) , PAGE 2

                                          STATION:  TEXARKANA
                                          MONTH:    MAY
                                          YEAR:     2016
                                          LATITUDE:   33 27 N
                                          LONGITUDE:  94  0 W

[TEMPERATURE DATA]      [PRECIPITATION DATA]       SYMBOLS USED IN COLUMN 16

AVERAGE MONTHLY: 69.5   TOTAL FOR MONTH:   3.21    1 = FOG OR MIST
DPTR FM NORMAL:  -2.0   DPTR FM NORMAL:   -1.61    2 = FOG REDUCING VISIBILITY
HIGHEST:    90 ON 29    GRTST 24HR  1.30 ON  8- 9      TO 1/4 MILE OR LESS
LOWEST:     50 ON  4, 3                            3 = THUNDER
                        SNOW, ICE PELLETS, HAIL    4 = ICE PELLETS
                        TOTAL MONTH:   0.0 INCH    5 = HAIL
                        GRTST 24HR     0.0         6 = FREEZING RAIN OR DRIZZLE
                        GRTST DEPTH:   0           7 = DUSTSTORM OR SANDSTORM:
                                                       VSBY 1/2 MILE OR LESS
                                                   8 = SMOKE OR HAZE
[NO. OF DAYS WITH]      [WEATHER - DAYS WITH]      9 = BLOWING SNOW
                                                   X = TORNADO
MAX 32 OR BELOW:   0    0.01 INCH OR MORE:   9
MAX 90 OR ABOVE:   1    0.10 INCH OR MORE:   5
MIN 32 OR BELOW:   0    0.50 INCH OR MORE:   3
MIN  0 OR BELOW:   0    1.00 INCH OR MORE:   1

[HDD (BASE 65) ]
TOTAL THIS MO.    17    CLEAR  (SCALE 0-3)  15
DPTR FM NORMAL     5    PTCLDY (SCALE 4-7)  11
TOTAL FM JUL 1  1908    CLOUDY (SCALE 8-10)  3
DPTR FM NORMAL  -707

[CDD (BASE 65) ]
TOTAL THIS MO.   154
DPTR FM NORMAL   -48    [PRESSURE DATA]
TOTAL FM JAN 1   269    HIGHEST SLP M ON M
DPTR FM NORMAL   -30    LOWEST  SLP 29.65 ON 27

[REMARKS]
