000
CXUS54 KSHV 291300
CF6TYR
PRELIMINARY LOCAL CLIMATOLOGICAL DATA (WS FORM: F-6)

                                          STATION:   TYLER
                                          MONTH:     MAY
                                          YEAR:      2017
                                          LATITUDE:   32 22 N
                                          LONGITUDE:  95 24 W

  TEMPERATURE IN F:       :PCPN:    SNOW:  WIND      :SUNSHINE: SKY     :PK WND
================================================================================
1   2   3   4   5  6A  6B    7    8   9   10  11  12  13   14  15   16   17  18
                                     12Z  AVG MX 2MIN
DY MAX MIN AVG DEP HDD CDD  WTR  SNW DPTH SPD SPD DIR MIN PSBL S-S WX    SPD DR
================================================================================

 1  80  46  63  -6   2   0 0.00  0.0    0  7.0 18 200   M    M   0        23 190
 2  86  57  72   3   0   7 0.00  0.0    0  8.7 17 150   M    M   0        23 190
 3  80  56  68  -2   0   3 0.74  0.0    0 11.1 25 170   M    M   7 13     34 350
 4  71  51  61  -9   4   0 0.00  0.0    0 14.7 28 340   M    M   1        39 320
 5  77  50  64  -6   1   0 0.00  0.0    0  8.1 22 340   M    M   0        28 320
 6  82  49  66  -4   0   1 0.00  0.0    0  2.1 10 250   M    M   0        14 240
 7  84  53  69  -2   0   4 0.00  0.0    0  5.9 14 160   M    M   0        20 140
 8  82  57  70  -1   0   5 0.00  0.0    0  7.5 16 150   M    M   1        21 190
 9  82  61  72   1   0   7 0.00  0.0    0  6.5 14 170   M    M   3        17 180
10  83  66  75   3   0  10 0.00  0.0    0 10.4 18 170   M    M   5 3      24 170
11  84  65  75   3   0  10 0.37  0.0    0 10.7 24 180   M    M   3 138    30 180
12  78  60  69  -3   0   4 0.00  0.0    0 10.4 22 320   M    M   4        29 350
13  81  58  70  -2   0   5 0.00  0.0    0  4.9 14  60   M    M   1        18  50
14  85  58  72  -1   0   7 0.00  0.0    0  6.1 10 170   M    M   1        16 170
15  86  64  75   2   0  10 0.00  0.0    0  9.4 17 160   M    M   0        22 210
16  85  64  75   2   0  10 0.00  0.0    0 13.8 24 170   M    M   5        31 160
17  84  69  77   4   0  12    T  0.0    0 14.9 26 190   M    M   9        32 200
18  88  73  81   7   0  16 0.00  0.0    0 13.8 23 150   M    M   7 18     32 160
19  90  73  82   8   0  17 0.00  0.0    0 13.6 21 170   M    M   5        29 180
20  83  66  75   1   0  10 1.38  0.0    0  8.1 24 310   M    M   3 13     29 250
21  72  59  66  -8   0   1 0.93  0.0    0  8.2 21  80   M    M   5 13     30 230
22  68  62  65 -10   0   0 0.21  0.0    0  7.4 17 100   M    M  10 1      22  90
23  77  58  68  -7   0   3 0.24  0.0    0  5.8 15 300   M    M   6 13     21 300
24  77  54  66  -9   0   1 0.00  0.0    0  9.5 25 310   M    M   1        34 280
25  88  56  72  -3   0   7 0.00  0.0    0 13.2 24 200   M    M   0        34 200
26  89  70  80   4   0  15 0.00  0.0    0 16.4 26 200   M    M   5        32 210
27  90  77  84   8   0  19 0.00  0.0    0 11.8 20 190   M    M   7 18     25 180
28  84  68  76   0   0  11 0.46  0.0    0  9.5 23 350   M    M   6 13     34 350
================================================================================
SM 2296 1700         7 195  4.33     0.0 269.5          M       95
================================================================================
AV 82.0 60.7                               9.6 FASTST   M    M   3    MAX(MPH)
                                 MISC ---->  # 28 340               # 39  320
================================================================================
NOTES:
# LAST OF SEVERAL OCCURRENCES

COLUMN 17 PEAK WIND IN M.P.H.

PRELIMINARY LOCAL CLIMATOLOGICAL DATA (WS FORM: F-6) , PAGE 2

                                          STATION:  TYLER
                                          MONTH:    MAY
                                          YEAR:     2017
                                          LATITUDE:   32 22 N
                                          LONGITUDE:  95 24 W

[TEMPERATURE DATA]      [PRECIPITATION DATA]       SYMBOLS USED IN COLUMN 16

AVERAGE MONTHLY: 71.4   TOTAL FOR MONTH:   4.33    1 = FOG OR MIST
DPTR FM NORMAL:  -1.3   DPTR FM NORMAL:    0.10    2 = FOG REDUCING VISIBILITY
HIGHEST:    90 ON 27,19 GRTST 24HR  1.38 ON 20-20      TO 1/4 MILE OR LESS
LOWEST:     46 ON  1                               3 = THUNDER
                        SNOW, ICE PELLETS, HAIL    4 = ICE PELLETS
                        TOTAL MONTH:   0.0 INCH    5 = HAIL
                        GRTST 24HR     0.0         6 = FREEZING RAIN OR DRIZZLE
                        GRTST DEPTH:   0           7 = DUSTSTORM OR SANDSTORM:
                                                       VSBY 1/2 MILE OR LESS
                                                   8 = SMOKE OR HAZE
[NO. OF DAYS WITH]      [WEATHER - DAYS WITH]      9 = BLOWING SNOW
                                                   X = TORNADO
MAX 32 OR BELOW:   0    0.01 INCH OR MORE:   7
MAX 90 OR ABOVE:   2    0.10 INCH OR MORE:   7
MIN 32 OR BELOW:   0    0.50 INCH OR MORE:   3
MIN  0 OR BELOW:   0    1.00 INCH OR MORE:   1

[HDD (BASE 65) ]
TOTAL THIS MO.     7    CLEAR  (SCALE 0-3)  15
DPTR FM NORMAL     1    PTCLDY (SCALE 4-7)  11
TOTAL FM JUL 1  1256    CLOUDY (SCALE 8-10)  2
DPTR FM NORMAL -1012

[CDD (BASE 65) ]
TOTAL THIS MO.   195
DPTR FM NORMAL   -28    [PRESSURE DATA]
TOTAL FM JAN 1   515    HIGHEST SLP M ON M
DPTR FM NORMAL   180    LOWEST  SLP 29.61 ON  3

[REMARKS]
