000
CXUS56 KPQR 211200
CF6UAO
PRELIMINARY LOCAL CLIMATOLOGICAL DATA (WS FORM: F-6)

                                          STATION:   AURORA STATE OR
                                          MONTH:     NOVEMBER
                                          YEAR:      2017
                                          LATITUDE:   45 15 N
                                          LONGITUDE: 122 46 W

  TEMPERATURE IN F:       :PCPN:    SNOW:  WIND      :SUNSHINE: SKY     :PK WND
================================================================================
1   2   3   4   5  6A  6B    7    8   9   10  11  12  13   14  15   16   17  18
                                     12Z  AVG MX 2MIN
DY MAX MIN AVG DEP HDD CDD  WTR  SNW DPTH SPD SPD DIR MIN PSBL S-S WX    SPD DR
================================================================================

 1  60  40  50   1  15   0    T    M    M  4.7 14 190   M    M   7 18     21 200
 2  56  46  51   2  14   0 0.23    M    M  9.0 22 190   M    M   8 1      28 190
 3  51  38  45  -4  20   0 0.02    M    0  4.9 15 180   M    M   8        20 180
 4  48  39  44  -4  21   0 0.19    M    0 10.1 25 190   M    M   9 1      34 200
 5  52  43  48   0  17   0 0.14    M    0  8.8 24 180   M    M   9 1      32 170
 6  52  37  45  -3  20   0 0.00  0.0    0  3.3  9  50   M    M   7        12  30
 7  52  35  44  -4  21   0 0.00  0.0    0  5.7 14  40   M    M   4        17  40
 8  50  41  46  -2  19   0 0.40    M    0  8.4 18  40   M    M   8 1      23  30
 9  57  42  50   3  15   0 0.28    M    0  7.7 23 180   M    M   8 1      34 180
10   M   M   M   M   M   M 0.43    M    0  5.8 12 190   M    M   9 1       M  M
11  60  46  53   6  12   0 0.02    M    M  3.3 23 180   M    M  10 1      31 180
12  62  49  56   9   9   0 0.16    M    0  2.4 12 120   M    M  10 18     14 130
13  58  46  52   6  13   0 0.60    M    0 14.6 29 180   M    M   6 1      41 180
14  58  46  52   6  13   0 0.01    M    0 12.0 28 180   M    M   9        34 180
15  56  43  50   4  15   0 1.03    M    0  8.2 29 190   M    M  10 1      38 180
16  48  43  46   0  19   0 0.22    M    0 10.7 22 180   M    M   6 1      26 170
17  51  42  47   2  18   0 0.13    M    0  7.0 15 180   M    M   7 1      18 190
18  45  34  40  -5  25   0 0.00  0.0    0  2.1  7 170   M    M   7 12      8 170
19  51  36  44  -1  21   0 0.23    M    0  5.2 17 190   M    M   8 1      25 200
20  58  45  52   7  13   0 0.55    M    0  7.1 23 180   M    M   8 1      30 190
================================================================================
SM 1025  791       320   0  4.64     0.0 141.0          M      158
================================================================================
AV 54.0 41.6                               7.1 FASTST   M    M   8    MAX(MPH)
                                 MISC ---->  # 29 180               # 41  180
================================================================================
NOTES:
# LAST OF SEVERAL OCCURRENCES

COLUMN 17 PEAK WIND IN M.P.H.

PRELIMINARY LOCAL CLIMATOLOGICAL DATA (WS FORM: F-6) , PAGE 2

                                          STATION:  AURORA STATE OR
                                          MONTH:    NOVEMBER
                                          YEAR:     2017
                                          LATITUDE:   45 15 N
                                          LONGITUDE: 122 46 W

[TEMPERATURE DATA]      [PRECIPITATION DATA]       SYMBOLS USED IN COLUMN 16

AVERAGE MONTHLY: 47.8   TOTAL FOR MONTH:   4.64    1 = FOG OR MIST
DPTR FM NORMAL:   0.8   DPTR FM NORMAL:    0.43    2 = FOG REDUCING VISIBILITY
HIGHEST:    62 ON 12    GRTST 24HR  1.03 ON 15-15      TO 1/4 MILE OR LESS
LOWEST:     34 ON 18                               3 = THUNDER
                        SNOW, ICE PELLETS, HAIL    4 = ICE PELLETS
                        TOTAL MONTH:   0.0 INCH    5 = HAIL
                        GRTST 24HR     0.0         6 = FREEZING RAIN OR DRIZZLE
                        GRTST DEPTH:   0           7 = DUSTSTORM OR SANDSTORM:
                                                       VSBY 1/2 MILE OR LESS
                                                   8 = SMOKE OR HAZE
[NO. OF DAYS WITH]      [WEATHER - DAYS WITH]      9 = BLOWING SNOW
                                                   X = TORNADO
MAX 32 OR BELOW:   0    0.01 INCH OR MORE:  16
MAX 90 OR ABOVE:   0    0.10 INCH OR MORE:  13
MIN 32 OR BELOW:   0    0.50 INCH OR MORE:   3
MIN  0 OR BELOW:   0    1.00 INCH OR MORE:   1

[HDD (BASE 65) ]
TOTAL THIS MO.   320    CLEAR  (SCALE 0-3)   0
DPTR FM NORMAL   -41    PTCLDY (SCALE 4-7)  12
TOTAL FM JUL 1   718    CLOUDY (SCALE 8-10)  8
DPTR FM NORMAL  -141

[CDD (BASE 65) ]
TOTAL THIS MO.     0
DPTR FM NORMAL     0    [PRESSURE DATA]
TOTAL FM JAN 1   732    HIGHEST SLP M ON M
DPTR FM NORMAL   396    LOWEST  SLP 29.55 ON 20

[REMARKS]
