000
CXUS56 KPQR 181330
CF6UAO
PRELIMINARY LOCAL CLIMATOLOGICAL DATA (WS FORM: F-6)

                                          STATION:   AURORA STATE OR
                                          MONTH:     DECEMBER
                                          YEAR:      2014
                                          LATITUDE:   45 15 N
                                          LONGITUDE: 122 46 W

  TEMPERATURE IN F:       :PCPN:    SNOW:  WIND      :SUNSHINE: SKY     :PK WND
================================================================================
1   2   3   4   5  6A  6B    7    8   9   10  11  12  13   14  15   16   17  18
                                     12Z  AVG MX 2MIN
DY MAX MIN AVG DEP HDD CDD  WTR  SNW DPTH SPD SPD DIR MIN PSBL S-S WX    SPD DR
================================================================================

 1  39  31  35  -7  30   0    T    M    0  5.1 14  10   M    M  10        17  10
 2  40  30  35  -7  30   0 0.00  0.0    0 12.8 20  10   M    M   1        26  20
 3  50  37  44   2  21   0 0.05    M    0 10.4 20  20   M    M   7        26  30
 4  43  36  40  -1  25   0 0.67    M    0  3.1 13 210   M    M  10 16     20 220
 5  47  41  44   3  21   0 0.30    M    0  6.8 14  20   M    M  10 1      16  10
 6  56  41  49   8  16   0 0.22    M    0  6.6 23 180   M    M   9 1      31 180
 7  52  36  44   3  21   0 0.00  0.0    0  2.2 10 200   M    M   2 1      31 210
 8  51  38  45   4  20   0 0.00  0.0    0  1.4  9  10   M    M   6 1      12  10
 9  61  48  55  14  10   0 0.28    M    0  6.3 22 200   M    M   9 1      32 180
10  61  44  53  13  12   0 0.62    M    0  6.4 22 240   M    M   7 1      30 260
11  62  44  53  13  12   0 0.19    M    0 11.9 43 180   M    M   6 1      62 180
12  51  38  45   5  20   0    T    M    0  1.4 10 180   M    M   9 12     15 190
13  47  36  42   2  23   0 0.00  0.0    0  1.4  6  90   M    M   9 12     12 200
14  53  35  44   4  21   0 0.00  0.0    0  5.3 15  50   M    M   5 12     20  50
15  51  42  47   7  18   0    T    M    0  7.9 14  50   M    M   7        18  40
16  49  41  45   5  20   0 0.02    M    0  6.2 13  10   M    M   8        15  10
17  49  39  44   4  21   0 0.06    M    0  5.3 17 190   M    M   9 1      24 200
================================================================================
SM  862  657       341   0  2.41     0.0 100.5          M      124
================================================================================
AV 50.7 38.6                               5.9 FASTST   M    M   7    MAX(MPH)
                                 MISC ---->  # 43 180               # 62  180
================================================================================
NOTES:
# LAST OF SEVERAL OCCURRENCES

COLUMN 17 PEAK WIND IN M.P.H.

PRELIMINARY LOCAL CLIMATOLOGICAL DATA (WS FORM: F-6) , PAGE 2

                                          STATION:  AURORA STATE OR
                                          MONTH:    DECEMBER
                                          YEAR:     2014
                                          LATITUDE:   45 15 N
                                          LONGITUDE: 122 46 W

[TEMPERATURE DATA]      [PRECIPITATION DATA]       SYMBOLS USED IN COLUMN 16

AVERAGE MONTHLY: 44.7   TOTAL FOR MONTH:   2.41    1 = FOG OR MIST
DPTR FM NORMAL:   4.0   DPTR FM NORMAL:   -1.21    2 = FOG REDUCING VISIBILITY
HIGHEST:    62 ON 11    GRTST 24HR  0.78 ON 10-11      TO 1/4 MILE OR LESS
LOWEST:     30 ON  2                               3 = THUNDER
                        SNOW, ICE PELLETS, HAIL    4 = ICE PELLETS
                        TOTAL MONTH:   0.0 INCH    5 = HAIL
                        GRTST 24HR     0.0         6 = FREEZING RAIN OR DRIZZLE
                        GRTST DEPTH:   0           7 = DUSTSTORM OR SANDSTORM:
                                                       VSBY 1/2 MILE OR LESS
                                                   8 = SMOKE OR HAZE
[NO. OF DAYS WITH]      [WEATHER - DAYS WITH]      9 = BLOWING SNOW
                                                   X = TORNADO
MAX 32 OR BELOW:   0    0.01 INCH OR MORE:   9
MAX 90 OR ABOVE:   0    0.10 INCH OR MORE:   6
MIN 32 OR BELOW:   2    0.50 INCH OR MORE:   2
MIN  0 OR BELOW:   0    1.00 INCH OR MORE:   0

[HDD (BASE 65) ]
TOTAL THIS MO.   341    CLEAR  (SCALE 0-3)   2
DPTR FM NORMAL   -72    PTCLDY (SCALE 4-7)   7
TOTAL FM JUL 1  1145    CLOUDY (SCALE 8-10)  8
DPTR FM NORMAL  -345

[CDD (BASE 65) ]
TOTAL THIS MO.     0
DPTR FM NORMAL     0    [PRESSURE DATA]
TOTAL FM JAN 1   538    HIGHEST SLP M ON M
DPTR FM NORMAL   202    LOWEST  SLP 29.12 ON 11

[REMARKS]
