000
CXUS56 KPQR 261330
CF6UAO
PRELIMINARY LOCAL CLIMATOLOGICAL DATA (WS FORM: F-6)

                                          STATION:   AURORA STATE OR
                                          MONTH:     NOVEMBER
                                          YEAR:      2014
                                          LATITUDE:   45 15 N
                                          LONGITUDE: 122 46 W

  TEMPERATURE IN F:       :PCPN:    SNOW:  WIND      :SUNSHINE: SKY     :PK WND
================================================================================
1   2   3   4   5  6A  6B    7    8   9   10  11  12  13   14  15   16   17  18
                                     12Z  AVG MX 2MIN
DY MAX MIN AVG DEP HDD CDD  WTR  SNW DPTH SPD SPD DIR MIN PSBL S-S WX    SPD DR
================================================================================

 1  52  45  49   0  16   0 0.01    M    0  3.6  8 220   M    M  10 12     11 180
 2  54  46  50   1  15   0 0.06    M    0  9.2 20 180   M    M  10 1      25 190
 3  57  52  55   6  10   0 0.14  0.0    0 10.1 18 190   M    M  10        26 190
 4  60  54  57   9   8   0 0.26  0.0    0  8.7 22 190   M    M   9 1      31 180
 5  63  52  58  10   7   0    T  0.0    0  0.6  6  20   M    M   8 12      6  30
 6  60  44  52   4  13   0 0.26    M    0  6.9 24 180   M    M   8 12     33 220
 7  57  42  50   2  15   0 0.00  0.0    0  3.5 12  10   M    M   6 12     15 310
 8  55  37  46  -2  19   0 0.00  0.0    0  2.0  7 180   M    M   3 12      9 190
 9  56  42  49   2  16   0 0.01    M    0  5.0 16 190   M    M   8 12     24 190
10  57  37  47   0  18   0 0.00  0.0    0  7.3 17  30   M    M   4 1      23  20
11  49  36  43  -4  22   0 0.00  0.0    0 16.9 29  60   M    M   0        44  50
12  45  33  39  -8  26   0 0.00  0.0    0 15.6 23  50   M    M   0        30  50
13  39  32  36 -10  29   0 0.12    M    0 10.4 21  50   M    M  10 16     28  40
14  44  29  37  -9  28   0 0.00  0.0    0  7.5 13  20   M    M   4        15  30
15  45  27  36 -10  29   0 0.00  0.0    0 11.5 21  40   M    M   0        31  60
16  48  22  35 -11  30   0 0.00  0.0    0  5.6 13  10   M    M   0        14  10
17  49  22  36  -9  29   0 0.00  0.0    0  4.2 12 350   M    M   0        14  10
18  43  22  33 -12  32   0 0.00  0.0    0  1.8  9  10   M    M   1 18     11  10
19  50  33  42  -3  23   0 0.08    M    0  2.8  8  50   M    M   3 18     10  10
20  49  38  44  -1  21   0 0.03    M    0  2.7  8  20   M    M   9 18     10  10
21  55  43  49   5  16   0 0.56    M    0  6.5 29 190   M    M  10 1      40 190
22  55  40  48   4  17   0 0.39    M    0  5.7 15 190   M    M   3 1      22 250
23  55  46  51   7  14   0 0.30    M    0 10.1 23 190   M    M   8 1      37 170
24  55  40  48   4  17   0    T    M    0  5.9 20 190   M    M   8 12     26 190
25  61  54  58  15   7   0    T  0.0    0  9.3 16 190   M    M  10 1      23 220
================================================================================
SM 1313  968       477   0  2.22     0.0 173.4          M      142
================================================================================
AV 52.5 38.7                               6.9 FASTST   M    M   6    MAX(MPH)
                                 MISC ---->  # 29  60               # 44   50
================================================================================
NOTES:
# LAST OF SEVERAL OCCURRENCES

COLUMN 17 PEAK WIND IN M.P.H.

PRELIMINARY LOCAL CLIMATOLOGICAL DATA (WS FORM: F-6) , PAGE 2

                                          STATION:  AURORA STATE OR
                                          MONTH:    NOVEMBER
                                          YEAR:     2014
                                          LATITUDE:   45 15 N
                                          LONGITUDE: 122 46 W

[TEMPERATURE DATA]      [PRECIPITATION DATA]       SYMBOLS USED IN COLUMN 16

AVERAGE MONTHLY: 45.6   TOTAL FOR MONTH:   2.22    1 = FOG OR MIST
DPTR FM NORMAL:  -0.7   DPTR FM NORMAL:   -3.14    2 = FOG REDUCING VISIBILITY
HIGHEST:    63 ON  5    GRTST 24HR  0.74 ON 21-22      TO 1/4 MILE OR LESS
LOWEST:     22 ON 18,17                            3 = THUNDER
                        SNOW, ICE PELLETS, HAIL    4 = ICE PELLETS
                        TOTAL MONTH:   0.0 INCH    5 = HAIL
                        GRTST 24HR     0.0         6 = FREEZING RAIN OR DRIZZLE
                        GRTST DEPTH:   0           7 = DUSTSTORM OR SANDSTORM:
                                                       VSBY 1/2 MILE OR LESS
                                                   8 = SMOKE OR HAZE
[NO. OF DAYS WITH]      [WEATHER - DAYS WITH]      9 = BLOWING SNOW
                                                   X = TORNADO
MAX 32 OR BELOW:   0    0.01 INCH OR MORE:  12
MAX 90 OR ABOVE:   0    0.10 INCH OR MORE:   7
MIN 32 OR BELOW:   6    0.50 INCH OR MORE:   1
MIN  0 OR BELOW:   0    1.00 INCH OR MORE:   0

[HDD (BASE 65) ]
TOTAL THIS MO.   477    CLEAR  (SCALE 0-3)   8
DPTR FM NORMAL    10    PTCLDY (SCALE 4-7)   6
TOTAL FM JUL 1   713    CLOUDY (SCALE 8-10) 11
DPTR FM NORMAL  -252

[CDD (BASE 65) ]
TOTAL THIS MO.     0
DPTR FM NORMAL     0    [PRESSURE DATA]
TOTAL FM JAN 1   538    HIGHEST SLP M ON M
DPTR FM NORMAL   202    LOWEST  SLP 29.42 ON 21

[REMARKS]
