000
CXUS55 KSEW 210930
CF6UIL
PRELIMINARY LOCAL CLIMATOLOGICAL DATA (WS FORM: F-6)

                                          STATION:   QUILLAYUTE WA AIRPORT
                                          MONTH:     FEBRUARY
                                          YEAR:      2017
                                          LATITUDE:   47 57 N
                                          LONGITUDE: 124 33 W

  TEMPERATURE IN F:       :PCPN:    SNOW:  WIND      :SUNSHINE: SKY     :PK WND
================================================================================
1   2   3   4   5  6A  6B    7    8   9   10  11  12  13   14  15   16   17  18
                                     12Z  AVG MX 2MIN
DY MAX MIN AVG DEP HDD CDD  WTR  SNW DPTH SPD SPD DIR MIN PSBL S-S WX    SPD DR
================================================================================

 1  41  33  37  -5  28   0 0.00  0.0    0 18.7 29  50   M    M   0        39  50
 2  44  35  40  -2  25   0    T  0.0    0 13.8 23  50   M    M   1        32  60
 3  45  34  40  -2  25   0 1.34  0.0    0  6.7 15 150   M    M  10 1      20 140
 4  46  35  41  -1  24   0 0.77  0.0    0  6.2 20 210   M    M  10 1      29 210
 5  38  33  36  -6  29   0 0.19    M    0  4.2 17 230   M    M   9 1      23 220
 6  41  31  36  -6  29   0 0.23    M    M  8.2 25 240   M    M  10 1      33 240
 7  41  28  35  -7  30   0 0.00  0.0    0  4.3 10  70   M    M   3 1      12  70
 8  50  32  41  -1  24   0 1.34  0.0    0  7.9 16  50   M    M  10 1      24 140
 9  51  44  48   6  17   0 1.45  0.0    0 12.5 23 190   M    M  10 1      40 190
10  46  35  41  -1  24   0 0.30  0.0    0 10.3 28 260   M    M   9 1      36 250
11  48  32  40  -2  25   0 0.05  0.0    0  3.8 12 220   M    M   5 1      15 220
12  51  30  41  -1  24   0 0.00  0.0    0  3.5  9 280   M    M   0        12  80
13  59  27  43   1  22   0 0.00  0.0    0  3.9 12  70   M    M   0        15  70
14  60  35  48   6  17   0 0.65  0.0    0  9.3 23 160   M    M   7 1      41 140
15  53  48  51   9  14   0 2.61  0.0    0 15.2 25 180   M    M  10 1      47 200
16  51  42  47   5  18   0 0.24  0.0    0  6.9 26 190   M    M   9 1      41 190
17  52  38  45   3  20   0 0.08  0.0    0  5.2 16  30   M    M   5 1      22  30
18  48  37  43   1  22   0 0.12  0.0    0  3.4 14 240   M    M   8 1      18 240
19  44  37  41  -1  24   0 0.54  0.0    0  5.8 17 130   M    M  10 1      26 140
20  48  32  40  -2  25   0    T    M    0  2.6  9 280   M    M   9 1      12 330
================================================================================
SM  957  698       466   0  9.91     0.0 152.4          M      135
================================================================================
AV 47.9 34.9                               7.6 FASTST   M    M   7    MAX(MPH)
                                 MISC ---->  # 29  50               # 47  200
================================================================================
NOTES:
# LAST OF SEVERAL OCCURRENCES

COLUMN 17 PEAK WIND IN M.P.H.

PRELIMINARY LOCAL CLIMATOLOGICAL DATA (WS FORM: F-6) , PAGE 2

                                          STATION:  QUILLAYUTE WA AIRPORT
                                          MONTH:    FEBRUARY
                                          YEAR:     2017
                                          LATITUDE:   47 57 N
                                          LONGITUDE: 124 33 W

[TEMPERATURE DATA]      [PRECIPITATION DATA]       SYMBOLS USED IN COLUMN 16

AVERAGE MONTHLY: 41.4   TOTAL FOR MONTH:   9.91    1 = FOG OR MIST
DPTR FM NORMAL:  -0.6   DPTR FM NORMAL:    2.45    2 = FOG REDUCING VISIBILITY
HIGHEST:    60 ON 14    GRTST 24HR  2.61 ON 15-15      TO 1/4 MILE OR LESS
LOWEST:     27 ON 13                               3 = THUNDER
                        SNOW, ICE PELLETS, HAIL    4 = ICE PELLETS
                        TOTAL MONTH:   0.0 INCH    5 = HAIL
                        GRTST 24HR     0.0         6 = FREEZING RAIN OR DRIZZLE
                        GRTST DEPTH:   0           7 = DUSTSTORM OR SANDSTORM:
                                                       VSBY 1/2 MILE OR LESS
                                                   8 = SMOKE OR HAZE
[NO. OF DAYS WITH]      [WEATHER - DAYS WITH]      9 = BLOWING SNOW
                                                   X = TORNADO
MAX 32 OR BELOW:   0    0.01 INCH OR MORE:  14
MAX 90 OR ABOVE:   0    0.10 INCH OR MORE:  12
MIN 32 OR BELOW:   7    0.50 INCH OR MORE:   7
MIN  0 OR BELOW:   0    1.00 INCH OR MORE:   4

[HDD (BASE 65) ]
TOTAL THIS MO.   466    CLEAR  (SCALE 0-3)   5
DPTR FM NORMAL     6    PTCLDY (SCALE 4-7)   3
TOTAL FM JUL 1  3592    CLOUDY (SCALE 8-10) 12
DPTR FM NORMAL   -73

[CDD (BASE 65) ]
TOTAL THIS MO.     0
DPTR FM NORMAL     0    [PRESSURE DATA]
TOTAL FM JAN 1     0    HIGHEST SLP M ON M
DPTR FM NORMAL     0    LOWEST  SLP 29.27 ON  9

[REMARKS]
