000
CXUS55 KSEW 260930
CF6UIL
PRELIMINARY LOCAL CLIMATOLOGICAL DATA (WS FORM: F-6)

                                          STATION:   QUILLAYUTE WA AIRPORT
                                          MONTH:     SEPTEMBER
                                          YEAR:      2016
                                          LATITUDE:   47 57 N
                                          LONGITUDE: 124 33 W

  TEMPERATURE IN F:       :PCPN:    SNOW:  WIND      :SUNSHINE: SKY     :PK WND
================================================================================
1   2   3   4   5  6A  6B    7    8   9   10  11  12  13   14  15   16   17  18
                                     12Z  AVG MX 2MIN
DY MAX MIN AVG DEP HDD CDD  WTR  SNW DPTH SPD SPD DIR MIN PSBL S-S WX    SPD DR
================================================================================

 1  60  56  58  -1   7   0 0.72  0.0    0  4.3 10 170   M    M   9 1      18 150
 2  63  48  56  -3   9   0 0.54  0.0    0  4.5 13 240   M    M   9 1      15 240
 3  63  44  54  -4  11   0 0.03  0.0    0  3.5 13 250   M    M   7 1      16 250
 4  62  44  53  -5  12   0 0.00  0.0    0  3.9 13 260   M    M   9 12     16 250
 5  59  53  56  -2   9   0 0.77  0.0    0  2.9  9 210   M    M   9 1      14 200
 6  65  53  59   1   6   0 0.02  0.0    0  4.1 14 250   M    M  10 1      15 250
 7  63  54  59   1   6   0 0.25  0.0    0  4.6 13 210   M    M  10 1      17 210
 8  63  52  58   0   7   0    T  0.0    0  4.0 12 260   M    M   8 1      15 290
 9  68  42  55  -3  10   0 0.00  0.0    0  3.0  9 240   M    M   1 1      12 230
10  65  49  57  -1   8   0 0.01  0.0    0  3.9 12 320   M    M   9 1      15 300
11  68  45  57  -1   8   0 0.00  0.0    0  4.5 14 240   M    M   4 1      17 220
12  75  43  59   2   6   0 0.00  0.0    0  9.1 23  50   M    M   0        30  50
13  76  39  58   1   7   0 0.00  0.0    0  4.2 14 320   M    M   0        22 300
14  65  41  53  -4  12   0 0.00  0.0    0  4.3 15 200   M    M   4        20 200
15  66  50  58   1   7   0 0.00  0.0    0  3.6 14 270   M    M   5        17 270
16  60  51  56  -1   9   0 0.06  0.0    0  3.3  9 260   M    M  10 1      13 260
17  61  53  57   1   8   0 0.86  0.0    0  5.9 15 250   M    M  10 1      23 230
18  65  52  59   3   6   0 0.05  0.0    0  5.2 14 220   M    M   8 1      17 230
19  65  51  58   2   7   0 0.12  0.0    0  4.0 14 230   M    M   9 13     22 230
20  67  45  56   0   9   0 0.22  0.0    0  4.0 10 360   M    M   5 12     14 350
21  71  40  56   0   9   0 0.00  0.0    0  5.5 18  20   M    M   0        27  10
22  61  45  53  -3  12   0 0.00  0.0    0  3.0 17 260   M    M   7 12     22 250
23  60  45  53  -2  12   0 0.50  0.0    0  6.6 17 180   M    M   9 1      28 150
24  61  45  53  -2  12   0    T  0.0    0  1.2  7  80   M    M   9 12      9  80
25  70  53  62   7   3   0    T  0.0    0  2.3 10 250   M    M   6        14 270
================================================================================
SM 1622 1193       212   0  4.15     0.0 105.4          M      167
================================================================================
AV 64.9 47.7                               4.2 FASTST   M    M   7    MAX(MPH)
                                 MISC ---->  # 23  50               # 30   50
================================================================================
NOTES:
# LAST OF SEVERAL OCCURRENCES

COLUMN 17 PEAK WIND IN M.P.H.

PRELIMINARY LOCAL CLIMATOLOGICAL DATA (WS FORM: F-6) , PAGE 2

                                          STATION:  QUILLAYUTE WA AIRPORT
                                          MONTH:    SEPTEMBER
                                          YEAR:     2016
                                          LATITUDE:   47 57 N
                                          LONGITUDE: 124 33 W

[TEMPERATURE DATA]      [PRECIPITATION DATA]       SYMBOLS USED IN COLUMN 16

AVERAGE MONTHLY: 56.3   TOTAL FOR MONTH:   4.15    1 = FOG OR MIST
DPTR FM NORMAL:  -0.7   DPTR FM NORMAL:    1.19    2 = FOG REDUCING VISIBILITY
HIGHEST:    76 ON 13    GRTST 24HR  0.92 ON 16-17      TO 1/4 MILE OR LESS
LOWEST:     39 ON 13                               3 = THUNDER
                        SNOW, ICE PELLETS, HAIL    4 = ICE PELLETS
                        TOTAL MONTH:   0.0 INCH    5 = HAIL
                        GRTST 24HR     0.0         6 = FREEZING RAIN OR DRIZZLE
                        GRTST DEPTH:   0           7 = DUSTSTORM OR SANDSTORM:
                                                       VSBY 1/2 MILE OR LESS
                                                   8 = SMOKE OR HAZE
[NO. OF DAYS WITH]      [WEATHER - DAYS WITH]      9 = BLOWING SNOW
                                                   X = TORNADO
MAX 32 OR BELOW:   0    0.01 INCH OR MORE:  13
MAX 90 OR ABOVE:   0    0.10 INCH OR MORE:   8
MIN 32 OR BELOW:   0    0.50 INCH OR MORE:   5
MIN  0 OR BELOW:   0    1.00 INCH OR MORE:   0

[HDD (BASE 65) ]
TOTAL THIS MO.   212    CLEAR  (SCALE 0-3)   4
DPTR FM NORMAL    10    PTCLDY (SCALE 4-7)   8
TOTAL FM JUL 1   488    CLOUDY (SCALE 8-10) 13
DPTR FM NORMAL   -83

[CDD (BASE 65) ]
TOTAL THIS MO.     0
DPTR FM NORMAL     0    [PRESSURE DATA]
TOTAL FM JAN 1    54    HIGHEST SLP M ON M
DPTR FM NORMAL    37    LOWEST  SLP 29.80 ON 17

[REMARKS]
