000
CXUS53 KLSX 291600
CF6UIN
PRELIMINARY LOCAL CLIMATOLOGICAL DATA (WS FORM: F-6)

                                          STATION:   QUINCY IL
                                          MONTH:     MAY
                                          YEAR:      2017
                                          LATITUDE:   39 57 N
                                          LONGITUDE:  91 12 W

  TEMPERATURE IN F:       :PCPN:    SNOW:  WIND      :SUNSHINE: SKY     :PK WND
================================================================================
1   2   3   4   5  6A  6B    7    8   9   10  11  12  13   14  15   16   17  18
                                     12Z  AVG MX 2MIN
DY MAX MIN AVG DEP HDD CDD  WTR  SNW DPTH SPD SPD DIR MIN PSBL S-S WX    SPD DR
================================================================================

 1  52  45  49  -9  16   0 0.06  0.0    0 16.3 28 290   M    M   8 1      36 250
 2  64  42  53  -6  12   0 0.00  0.0    0 10.9 25 290   M    M   1        33 300
 3  50  46  48 -11  17   0 0.13  0.0    0  9.5 17  50   M    M   8 1      20  40
 4  63  45  54  -5  11   0    T  0.0    0 16.0 32  20   M    M   1        38  20
 5  70  41  56  -4   9   0 0.00  0.0    0 11.5 25  20   M    M   1        34 330
 6  69  51  60   0   5   0 0.00  0.0    0 10.0 21  10   M    M   1        25  10
 7  75  43  59  -1   6   0 0.00  0.0    0  4.2 13 330   M    M   0        16 330
 8  77  52  65   5   0   0    T  0.0    0  7.5 13 130   M    M   1        16 130
 9  85  63  74  13   0   9 0.00  0.0    0  9.7 18 280   M    M   2        24 280
10  84  59  72  11   0   7 0.69  0.0    0  8.2 24 340   M    M   4 13     30 340
11  68  56  62   1   3   0    T  0.0    0  7.6 20  30   M    M   9 1      24  30
12  74  52  63   1   2   0 0.00  0.0    0  6.4 15  30   M    M   2 1      21 330
13  79  52  66   4   0   1 0.00  0.0    0  4.2 10 240   M    M   0 18     16 240
14  80  55  68   6   0   3 0.00  0.0    0  9.4 20 210   M    M   0        27 250
15  86  62  74  11   0   9 0.00  0.0    0  9.7 18 210   M    M   0        24 210
16  86  66  76  13   0  11    T  0.0    0 15.5 28 190   M    M   0        35 190
17  81  71  76  13   0  11 0.01  0.0    0 17.7 33 180   M    M   4        49 180
18  84  66  75  12   0  10 0.00  0.0    0 12.2 23 220   M    M   1 38     34 210
19  67  51  59  -5   6   0 1.96  0.0    0 14.1 31 110   M    M   9 13     38 110
20  76  52  64   0   1   0 0.58  0.0    0 10.6 18  80   M    M   7 13     23 280
21  62  49  56  -8   9   0 0.00  0.0    0 10.0 21 290   M    M   5        28 270
22  73  47  60  -5   5   0 0.34  0.0    0  8.4 22 230   M    M   5 1      27 210
23  64  51  58  -7   7   0 0.76  0.0    0  6.9 15 330   M    M   8 1      19 320
24  65  47  56  -9   9   0 0.09  0.0    0  8.5 25  10   M    M   5        31 360
25  73  49  61  -5   4   0 0.00  0.0    0  6.3  M   M   M    M   1 1       M  M
26  81  60  71   5   0   6 0.09  0.0    0  8.8 32 110   M    M   3 13     39 110
27  77  56  67   1   0   2 0.00  0.0    0  5.5 31 120   M    M   2 12     36 120
28  80  61  71   5   0   6 0.02  0.0    0  9.6 18 300   M    M   3 128    24 300
================================================================================
SM 2045 1490       122  75  4.73     0.0 275.2          M       91
================================================================================
AV 73.0 53.2                               9.8 FASTST   M    M   3    MAX(MPH)
                                 MISC ---->  # 33 180               # 49  180
================================================================================
NOTES:
# LAST OF SEVERAL OCCURRENCES

COLUMN 17 PEAK WIND IN M.P.H.

PRELIMINARY LOCAL CLIMATOLOGICAL DATA (WS FORM: F-6) , PAGE 2

                                          STATION:  QUINCY IL
                                          MONTH:    MAY
                                          YEAR:     2017
                                          LATITUDE:   39 57 N
                                          LONGITUDE:  91 12 W

[TEMPERATURE DATA]      [PRECIPITATION DATA]       SYMBOLS USED IN COLUMN 16

AVERAGE MONTHLY: 63.1   TOTAL FOR MONTH:   4.73    1 = FOG OR MIST
DPTR FM NORMAL:   0.7   DPTR FM NORMAL:    0.65    2 = FOG REDUCING VISIBILITY
HIGHEST:    86 ON 16,15 GRTST 24HR  1.96 ON 19-19      TO 1/4 MILE OR LESS
LOWEST:     41 ON  5                               3 = THUNDER
                        SNOW, ICE PELLETS, HAIL    4 = ICE PELLETS
                        TOTAL MONTH:   0.0 INCH    5 = HAIL
                        GRTST 24HR     0.0         6 = FREEZING RAIN OR DRIZZLE
                        GRTST DEPTH:   0           7 = DUSTSTORM OR SANDSTORM:
                                                       VSBY 1/2 MILE OR LESS
                                                   8 = SMOKE OR HAZE
[NO. OF DAYS WITH]      [WEATHER - DAYS WITH]      9 = BLOWING SNOW
                                                   X = TORNADO
MAX 32 OR BELOW:   0    0.01 INCH OR MORE:  11
MAX 90 OR ABOVE:   0    0.10 INCH OR MORE:   6
MIN 32 OR BELOW:   0    0.50 INCH OR MORE:   4
MIN  0 OR BELOW:   0    1.00 INCH OR MORE:   1

[HDD (BASE 65) ]
TOTAL THIS MO.   122    CLEAR  (SCALE 0-3)  16
DPTR FM NORMAL    -8    PTCLDY (SCALE 4-7)   9
TOTAL FM JUL 1  4433    CLOUDY (SCALE 8-10)  3
DPTR FM NORMAL -1127

[CDD (BASE 65) ]
TOTAL THIS MO.    75
DPTR FM NORMAL    20    [PRESSURE DATA]
TOTAL FM JAN 1   107    HIGHEST SLP M ON M
DPTR FM NORMAL    34    LOWEST  SLP 29.50 ON  1

[REMARKS]
