077
CXUS56 KEKA 221230
CF6UKI
PRELIMINARY LOCAL CLIMATOLOGICAL DATA (WS FORM: F-6)

                                          STATION:   UKIAH CA
                                          MONTH:     MAY
                                          YEAR:      2017
                                          LATITUDE:   39  7 N
                                          LONGITUDE: 123 12 W

  TEMPERATURE IN F:       :PCPN:    SNOW:  WIND      :SUNSHINE: SKY     :PK WND
================================================================================
1   2   3   4   5  6A  6B    7    8   9   10  11  12  13   14  15   16   17  18
                                     12Z  AVG MX 2MIN
DY MAX MIN AVG DEP HDD CDD  WTR  SNW DPTH SPD SPD DIR MIN PSBL S-S WX    SPD DR
================================================================================

 1  89  47  68   9   0   3 0.00  0.0    0  4.3 18 290   M    M   0        26 310
 2  89  52  71  12   0   6 0.00  0.0    0  3.2 14 300   M    M   0        19 300
 3  95  55  75  15   0  10 0.00  0.0    0  1.8 13 260   M    M   0        17 260
 4  86  54  70  10   0   5 0.00  0.0    0  5.4 15 150   M    M   0        22 160
 5  65  50  58  -2   7   0 0.00  0.0    0  9.4 20 300   M    M   3        27 310
 6  67  48  58  -2   7   0 0.00  0.0    0  8.7 18 300   M    M   2        26 310
 7  81  42  62   2   3   0 0.00  0.0    0  3.0 16 330   M    M   0        20 320
 8  86  46  66   5   0   1 0.00  0.0    0  2.7 13 310   M    M   0        16 310
 9  91  49  70   9   0   5 0.00  0.0    0  3.0 14 330   M    M   0        20 310
10  75  50  63   2   2   0 0.00  0.0    0  5.7 15 150   M    M   0        20 160
11  64  49  57  -4   8   0 0.01    M    0  5.3 14 250   M    M   7 8      18 240
12  64  45  55  -6  10   0    T    M    0  8.0 17 300   M    M   4        25 260
13  66  39  53  -9  12   0 0.00  0.0    0  5.5 18 300   M    M   2        28 320
14  70  43  57  -5   8   0 0.00  0.0    0  4.8 16 300   M    M   1 8      23 330
15  72  42  57  -5   8   0 0.00  0.0    0  6.6 16 330   M    M   0        24 340
16  66  46  56  -6   9   0    T    M    0  6.0 16 330   M    M   7        22 330
17  73  43  58  -4   7   0 0.00  0.0    0  5.8 16 300   M    M   0        22 300
18  84  42  63   1   2   0 0.00  0.0    0  3.4 14 310   M    M   0        19 320
19  91  48  70   8   0   5 0.00  0.0    0  2.4 15 290   M    M   0 8      21 250
20  95  50  73  10   0   8 0.00  0.0    0  3.2 14 280   M    M   0        19 230
21  95  51  73  10   0   8 0.00  0.0    0  2.7 13 270   M    M   0        18  60
================================================================================
SM 1664  991        83  51  0.01     0.0 100.9          M       26
================================================================================
AV 79.2 47.2                               4.8 FASTST   M    M   1    MAX(MPH)
                                 MISC ---->  # 20 300               # 28  320
================================================================================
NOTES:
# LAST OF SEVERAL OCCURRENCES

COLUMN 17 PEAK WIND IN M.P.H.

PRELIMINARY LOCAL CLIMATOLOGICAL DATA (WS FORM: F-6) , PAGE 2

                                          STATION:  UKIAH CA
                                          MONTH:    MAY
                                          YEAR:     2017
                                          LATITUDE:   39  7 N
                                          LONGITUDE: 123 12 W

[TEMPERATURE DATA]      [PRECIPITATION DATA]       SYMBOLS USED IN COLUMN 16

AVERAGE MONTHLY: 63.2   TOTAL FOR MONTH:   0.01    1 = FOG OR MIST
DPTR FM NORMAL:   2.1   DPTR FM NORMAL:   -1.15    2 = FOG REDUCING VISIBILITY
HIGHEST:    95 ON 21,20 GRTST 24HR  0.01 ON 11-11      TO 1/4 MILE OR LESS
LOWEST:     39 ON 13                               3 = THUNDER
                        SNOW, ICE PELLETS, HAIL    4 = ICE PELLETS
                        TOTAL MONTH:   0.0 INCH    5 = HAIL
                        GRTST 24HR     0.0         6 = FREEZING RAIN OR DRIZZLE
                        GRTST DEPTH:   0           7 = DUSTSTORM OR SANDSTORM:
                                                       VSBY 1/2 MILE OR LESS
                                                   8 = SMOKE OR HAZE
[NO. OF DAYS WITH]      [WEATHER - DAYS WITH]      9 = BLOWING SNOW
                                                   X = TORNADO
MAX 32 OR BELOW:   0    0.01 INCH OR MORE:   1
MAX 90 OR ABOVE:   5    0.10 INCH OR MORE:   0
MIN 32 OR BELOW:   0    0.50 INCH OR MORE:   0
MIN  0 OR BELOW:   0    1.00 INCH OR MORE:   0

[HDD (BASE 65) ]
TOTAL THIS MO.    83    CLEAR  (SCALE 0-3)  18
DPTR FM NORMAL   -24    PTCLDY (SCALE 4-7)   3
TOTAL FM JUL 1  2859    CLOUDY (SCALE 8-10)  0
DPTR FM NORMAL  -194

[CDD (BASE 65) ]
TOTAL THIS MO.    51
DPTR FM NORMAL    23    [PRESSURE DATA]
TOTAL FM JAN 1    51    HIGHEST SLP M ON M
DPTR FM NORMAL    15    LOWEST  SLP 29.90 ON  4

[REMARKS]
