000
CXUS56 KEKA 271230
CF6UKI
PRELIMINARY LOCAL CLIMATOLOGICAL DATA (WS FORM: F-6)

                                          STATION:   UKIAH CA
                                          MONTH:     FEBRUARY
                                          YEAR:      2015
                                          LATITUDE:   39  7 N
                                          LONGITUDE: 123 12 W

  TEMPERATURE IN F:       :PCPN:    SNOW:  WIND      :SUNSHINE: SKY     :PK WND
================================================================================
1   2   3   4   5  6A  6B    7    8   9   10  11  12  13   14  15   16   17  18
                                     12Z  AVG MX 2MIN
DY MAX MIN AVG DEP HDD CDD  WTR  SNW DPTH SPD SPD DIR MIN PSBL S-S WX    SPD DR
================================================================================

 1  71  38  55   7  10   0 0.00  0.0    0  1.1  7 270   M    M   0         8  90
 2  65  43  54   6  11   0    T    M    0  0.8  7 350   M    M   5 18      9  10
 3  70  46  58  10   7   0 0.00  0.0    0  0.9  6 130   M    M   4 2       8  50
 4  65  45  55   7  10   0 0.00  0.0    0  5.6 17 150   M    M   6 2      23 160
 5   M   M   M   M   M   M    T    M    0 10.7 15 170   M    M  10        24 140
 6  63  55  59  10   6   0 3.25  0.0    0 14.0 24 150   M    M  10 1      38 160
 7  65  51  58   9   7   0 0.01  0.0    0  7.2 22 210   M    M   7        36 220
 8  61  55  58   9   7   0 1.04    M    0  8.5 15 150   M    M  10 1      31 160
 9  61  43  52   3  13   0 0.42    M    0  5.3 17 180   M    M   5 18     25 200
10  62  36  49   0  16   0 0.00  0.0    0  1.2  6 290   M    M   1 1       8 280
11  67  38  53   4  12   0 0.00  0.0    0  0.5  6 280   M    M   0         8 280
12  71  39  55   6  10   0 0.00  0.0    0  0.3  5 340   M    M   0         7  20
13  74  41  58   9   7   0 0.00  0.0    0  0.4  7 270   M    M   0         8 270
14  77  40  59   9   6   0 0.00  0.0    0  0.8  5  20   M    M   0 1       8  M
15  79  39  59   9   6   0 0.00  0.0    0  0.2  7 300   M    M   0         8 280
16  78  41  60  10   5   0 0.00  0.0    0  1.0  5 170   M    M   0         M  M
17  65  40  53   3  12   0 0.00  0.0    M  4.0 13 150   M    M   4 2      18 150
18  71  48  60  10   5   0 0.00  0.0    0  2.3  8 300   M    M   5         9 300
19  75  40  58   8   7   0 0.00  0.0    0  0.4  8 330   M    M   2 28     11 320
20  76  41  59   9   6   0 0.00  0.0    0  1.2  9 300   M    M   2 2      11 320
21  74  40  57   7   8   0 0.00  0.0    0  2.2  9 170   M    M   1        14 160
22  68  36  52   2  13   0 0.00  0.0    0  2.8 13 330   M    M   0        15 330
23  64  31  48  -2  17   0 0.00  0.0    0  3.2 13 170   M    M   0        16 180
24  70  29  50  -1  15   0 0.00  0.0    0  1.9  9 290   M    M   0        13 300
25  72  33  53   2  12   0 0.00  0.0    0  1.4 16 300   M    M   0        22 300
26  67  40  54   3  11   0 0.00  0.0    0  7.3 20 300   M    M   0        27 310
================================================================================
SM 1731 1028       239   0  4.72     0.0  85.2          M       72
================================================================================
AV 69.2 41.1                               3.3 FASTST   M    M   3    MAX(MPH)
                                 MISC ---->  # 24 150               # 38  160
================================================================================
NOTES:
# LAST OF SEVERAL OCCURRENCES

COLUMN 17 PEAK WIND IN M.P.H.

PRELIMINARY LOCAL CLIMATOLOGICAL DATA (WS FORM: F-6) , PAGE 2

                                          STATION:  UKIAH CA
                                          MONTH:    FEBRUARY
                                          YEAR:     2015
                                          LATITUDE:   39  7 N
                                          LONGITUDE: 123 12 W

[TEMPERATURE DATA]      [PRECIPITATION DATA]       SYMBOLS USED IN COLUMN 16

AVERAGE MONTHLY: 55.2   TOTAL FOR MONTH:   4.72    1 = FOG OR MIST
DPTR FM NORMAL:   5.8   DPTR FM NORMAL:   -1.32    2 = FOG REDUCING VISIBILITY
HIGHEST:    79 ON 15    GRTST 24HR  3.25 ON  6- 6      TO 1/4 MILE OR LESS
LOWEST:     29 ON 24                               3 = THUNDER
                        SNOW, ICE PELLETS, HAIL    4 = ICE PELLETS
                        TOTAL MONTH:   0.0 INCH    5 = HAIL
                        GRTST 24HR     0.0         6 = FREEZING RAIN OR DRIZZLE
                        GRTST DEPTH:   0           7 = DUSTSTORM OR SANDSTORM:
                                                       VSBY 1/2 MILE OR LESS
                                                   8 = SMOKE OR HAZE
[NO. OF DAYS WITH]      [WEATHER - DAYS WITH]      9 = BLOWING SNOW
                                                   X = TORNADO
MAX 32 OR BELOW:   0    0.01 INCH OR MORE:   4
MAX 90 OR ABOVE:   0    0.10 INCH OR MORE:   3
MIN 32 OR BELOW:   2    0.50 INCH OR MORE:   2
MIN  0 OR BELOW:   0    1.00 INCH OR MORE:   2

[HDD (BASE 65) ]
TOTAL THIS MO.   239    CLEAR  (SCALE 0-3)  16
DPTR FM NORMAL  -165    PTCLDY (SCALE 4-7)   7
TOTAL FM JUL 1  1486    CLOUDY (SCALE 8-10)  3
DPTR FM NORMAL  -718

[CDD (BASE 65) ]
TOTAL THIS MO.     0
DPTR FM NORMAL     0    [PRESSURE DATA]
TOTAL FM JAN 1     0    HIGHEST SLP M ON M
DPTR FM NORMAL     0    LOWEST  SLP 29.45 ON  6

[REMARKS]
