000
CXUS53 KSGF 010800
CF6UNO
PRELIMINARY LOCAL CLIMATOLOGICAL DATA (WS FORM: F-6)

                                          STATION:   WEST PLAINS MO
                                          MONTH:     JUNE
                                          YEAR:      2015
                                          LATITUDE:   36 52 N
                                          LONGITUDE:  91 55 W

  TEMPERATURE IN F:       :PCPN:    SNOW:  WIND      :SUNSHINE: SKY     :PK WND
================================================================================
1   2   3   4   5  6A  6B    7    8   9   10  11  12  13   14  15   16   17  18
                                     12Z  AVG MX 2MIN
DY MAX MIN AVG DEP HDD CDD  WTR  SNW DPTH SPD SPD DIR MIN PSBL S-S WX    SPD DR
================================================================================

 1  68  56  62  -8   3   0 0.00  0.0    0  5.4 10  40   M    M   9 1      14  30
 2  73  56  65  -5   0   0 0.00  0.0    0  4.1  9 120   M    M   5 1      12  60
 3  72  54  63  -7   2   0 0.00  0.0    0  3.5 14 180   M    M   7 18     19 170
 4  84  57  71   0   0   6 0.18    M    M  3.6 10 170   M    M   4 1238   20 190
 5  84  65  75   4   0  10 1.35    M    M  3.9 29  10   M    M   5 123    38 350
 6  85  61  73   2   0   8 0.00    M    M  2.0  9  80   M    M   2 12     12  80
 7  88  69  79   7   0  14 0.00    M    M  7.3 14 190   M    M   1 1      18 200
 8  84  65  75   3   0  10 0.13    M    M  5.9 13 320   M    M   2 138    19 320
 9  90  64  77   5   0  12 0.00    M    M  3.7 10 320   M    M   0        14 300
10  90  62  76   4   0  11 0.00    M    M  2.6  9 190   M    M   0        12 230
11  88  68  78   5   0  13 0.00    M    M  6.7 14 210   M    M   1        18 210
12  88  73  81   8   0  16 0.01    M    M  8.6 17 270   M    M   2 38     25 220
13  85  71  78   5   0  13 0.02    M    M  8.8 23 200   M    M   5 8      33 210
14  82  71  77   3   0  12 0.29    M    M  7.3 15 180   M    M   5 138    20 170
15  84  70  77   3   0  12 0.28    M    M  6.6 15 250   M    M   5 138    23 220
16  83  71  77   3   0  12 0.34    M    M  3.5  7 240   M    M   4 1       M  M
17  84  70  77   3   0  12 0.01    M    M  4.9 15 220   M    M   2 1      20 230
18  79  70  75   1   0  10 1.17    M    M  8.4 17 180   M    M   9 18     22 180
19  80  67  74  -1   0   9 0.81    M    M  7.6 21 320   M    M   9 1      28 350
20  88  63  76   1   0  11 0.00    M    M  6.4 13 230   M    M   3 12     19 210
21  88  69  79   4   0  14 0.00    M    M  6.3 15 220   M    M   1 1      24 220
22  88  73  81   5   0  16 0.00    M    M  8.9 20 220   M    M   1        28 240
23  91  73  82   6   0  17 0.00    M    M  7.6 17 280   M    M   2        23 280
24  91  72  82   6   0  17 0.00    M    M  4.9 10 260   M    M   1 1      15 270
25  90  73  82   6   0  17 0.00  0.0    0  6.2 16 280   M    M   0        22 280
26  80  69  75  -1   0  10 0.10    M    M  5.1 16  40   M    M   4 13     20  20
27  80  62  71  -5   0   6 0.00    M    M  6.8 16  10   M    M   4        20 360
28  82  60  71  -6   0   6 1.03    M    M  6.6 24 260   M    M   1 13     31 280
29  86  66  76  -1   0  11 0.00  0.0    0  5.9 14 320   M    M   1        20 320
30  84  66  75  -2   0  10 0.00  0.0    0  5.3 12 260   M    M   0        17 260
================================================================================
SM 2519 1986         5 315  5.72     0.0 174.4          M       95
================================================================================
AV 84.0 66.2                               5.8 FASTST   M    M   3    MAX(MPH)
                                 MISC ---->  # 29  10               # 38  350
================================================================================
NOTES:
# LAST OF SEVERAL OCCURRENCES

COLUMN 17 PEAK WIND IN M.P.H.

PRELIMINARY LOCAL CLIMATOLOGICAL DATA (WS FORM: F-6) , PAGE 2

                                          STATION:  WEST PLAINS MO
                                          MONTH:    JUNE
                                          YEAR:     2015
                                          LATITUDE:   36 52 N
                                          LONGITUDE:  91 55 W

[TEMPERATURE DATA]      [PRECIPITATION DATA]       SYMBOLS USED IN COLUMN 16

AVERAGE MONTHLY: 75.1   TOTAL FOR MONTH:   5.72    1 = FOG OR MIST
DPTR FM NORMAL:   1.4   DPTR FM NORMAL:    1.70    2 = FOG REDUCING VISIBILITY
HIGHEST:    91 ON 24,23 GRTST 24HR  1.35 ON  5- 5      TO 1/4 MILE OR LESS
LOWEST:     54 ON  3                               3 = THUNDER
                        SNOW, ICE PELLETS, HAIL    4 = ICE PELLETS
                        TOTAL MONTH:   0.0 INCH    5 = HAIL
                        GRTST 24HR     0.0         6 = FREEZING RAIN OR DRIZZLE
                        GRTST DEPTH:   0           7 = DUSTSTORM OR SANDSTORM:
                                                       VSBY 1/2 MILE OR LESS
                                                   8 = SMOKE OR HAZE
[NO. OF DAYS WITH]      [WEATHER - DAYS WITH]      9 = BLOWING SNOW
                                                   X = TORNADO
MAX 32 OR BELOW:   0    0.01 INCH OR MORE:  13
MAX 90 OR ABOVE:   5    0.10 INCH OR MORE:  10
MIN 32 OR BELOW:   0    0.50 INCH OR MORE:   4
MIN  0 OR BELOW:   0    1.00 INCH OR MORE:   3

[HDD (BASE 65) ]
TOTAL THIS MO.     5    CLEAR  (SCALE 0-3)  17
DPTR FM NORMAL     0    PTCLDY (SCALE 4-7)  10
TOTAL FM JUL 1  4642    CLOUDY (SCALE 8-10)  3
DPTR FM NORMAL   295

[CDD (BASE 65) ]
TOTAL THIS MO.   315
DPTR FM NORMAL    49    [PRESSURE DATA]
TOTAL FM JAN 1   437    HIGHEST SLP 30.10 ON 27
DPTR FM NORMAL    49    LOWEST  SLP 29.71 ON 11

[REMARKS]
#FINAL-06-15#
