000
CXUS56 KSTO 191425
CF6VCB
PRELIMINARY LOCAL CLIMATOLOGICAL DATA (WS FORM: F-6)

                                          STATION:   VACAVILLE AIRPORT CA
                                          MONTH:     AUGUST
                                          YEAR:      2017
                                          LATITUDE:   38 22 N
                                          LONGITUDE: 121 58 W

  TEMPERATURE IN F:       :PCPN:    SNOW:  WIND      :SUNSHINE: SKY     :PK WND
================================================================================
1   2   3   4   5  6A  6B    7    8   9   10  11  12  13   14  15   16   17  18
                                     12Z  AVG MX 2MIN
DY MAX MIN AVG DEP HDD CDD  WTR  SNW DPTH SPD SPD DIR MIN PSBL S-S WX    SPD DR
================================================================================

 1 106  66  86  10   0  21 0.00  0.0    0  6.3 20 230   M    M   0        25 220
 2 107  66  87  11   0  22 0.00  0.0    0  6.0 17 240   M    M   0        23 210
 3 108  73  91  15   0  26 0.00  0.0    0  6.4 20 230   M    M   0 3      26 230
 4  96  76  86  10   0  21 0.00  0.0    0  8.0 16 210   M    M   1        20 210
 5  97  66  82   6   0  17 0.01  0.0    0  8.9 22 220   M    M   0        26 220
 6  94  62  78   2   0  13 0.00  0.0    0  8.9 17 220   M    M   0        24 210
 7  91  60  76   0   0  11 0.00  0.0    0  7.0 14 210   M    M   0        19 210
 8  95  60  78   2   0  13 0.00  0.0    0  7.3 16 210   M    M   0        20 220
 9  92  60  76   0   0  11 0.00  0.0    0  9.1 16 220   M    M   0        21 220
10  95  61  78   2   0  13 0.00  0.0    0  7.3 16 190   M    M   0        20 180
11  97  63  80   4   0  15 0.00  0.0    0  6.5 13 200   M    M   0        17 210
12 100  64  82   6   0  17 0.00  0.0    0  7.9 15 220   M    M   0        20 210
13  90  60  75  -1   0  10 0.00  0.0    0  9.5 22 210   M    M   0        29 210
14  80  61  71  -5   0   6 0.00  0.0    0 13.2 23 210   M    M   0        30 210
15  82  58  70  -6   0   5 0.00  0.0    0 10.0 18 210   M    M   0        24 210
16  90  57  74  -2   0   9 0.00  0.0    0  7.6 15 220   M    M   0        19 180
17  95  62  79   3   0  14 0.00  0.0    0  6.0 15 220   M    M   0        19 230
18  96  61  79   3   0  14 0.00  0.0    0  7.4 15 230   M    M   0        20 200
================================================================================
SM 1711 1136         0 258  0.01     0.0 143.3          M        1
================================================================================
AV 95.1 63.1                               8.0 FASTST   M    M   0    MAX(MPH)
                                 MISC ---->  # 23 210               # 30  210
================================================================================
NOTES:
# LAST OF SEVERAL OCCURRENCES

COLUMN 17 PEAK WIND IN M.P.H.

PRELIMINARY LOCAL CLIMATOLOGICAL DATA (WS FORM: F-6) , PAGE 2

                                          STATION:  VACAVILLE AIRPORT CA
                                          MONTH:    AUGUST
                                          YEAR:     2017
                                          LATITUDE:   38 22 N
                                          LONGITUDE: 121 58 W

[TEMPERATURE DATA]      [PRECIPITATION DATA]       SYMBOLS USED IN COLUMN 16

AVERAGE MONTHLY: 79.1   TOTAL FOR MONTH:   0.01    1 = FOG OR MIST
DPTR FM NORMAL:   3.1   DPTR FM NORMAL:   -0.01    2 = FOG REDUCING VISIBILITY
HIGHEST:   108 ON  3    GRTST 24HR  0.01 ON  5- 5      TO 1/4 MILE OR LESS
LOWEST:     57 ON 16                               3 = THUNDER
                        SNOW, ICE PELLETS, HAIL    4 = ICE PELLETS
                        TOTAL MONTH:   0.0 INCH    5 = HAIL
                        GRTST 24HR     0.0         6 = FREEZING RAIN OR DRIZZLE
                        GRTST DEPTH:   0           7 = DUSTSTORM OR SANDSTORM:
                                                       VSBY 1/2 MILE OR LESS
                                                   8 = SMOKE OR HAZE
[NO. OF DAYS WITH]      [WEATHER - DAYS WITH]      9 = BLOWING SNOW
                                                   X = TORNADO
MAX 32 OR BELOW:   0    0.01 INCH OR MORE:   1
MAX 90 OR ABOVE:  16    0.10 INCH OR MORE:   0
MIN 32 OR BELOW:   0    0.50 INCH OR MORE:   0
MIN  0 OR BELOW:   0    1.00 INCH OR MORE:   0

[HDD (BASE 65) ]
TOTAL THIS MO.     0    CLEAR  (SCALE 0-3)  18
DPTR FM NORMAL     0    PTCLDY (SCALE 4-7)   0
TOTAL FM JUL 1     0    CLOUDY (SCALE 8-10)  0
DPTR FM NORMAL     0

[CDD (BASE 65) ]
TOTAL THIS MO.   258
DPTR FM NORMAL    61    [PRESSURE DATA]
TOTAL FM JAN 1  1209    HIGHEST SLP M ON M
DPTR FM NORMAL   314    LOWEST  SLP 29.75 ON  1

[REMARKS]
