079
CXUS55 KLOX 211655
CF6VNY
PRELIMINARY LOCAL CLIMATOLOGICAL DATA (WS FORM: F-6)

                                          STATION:   VAN NUYS AIRPORT CA
                                          MONTH:     JANUARY
                                          YEAR:      2018
                                          LATITUDE:   34 13 N
                                          LONGITUDE: 118 29 W

  TEMPERATURE IN F:       :PCPN:    SNOW:  WIND      :SUNSHINE: SKY     :PK WND
================================================================================
1   2   3   4   5  6A  6B    7    8   9   10  11  12  13   14  15   16   17  18
                                     12Z  AVG MX 2MIN
DY MAX MIN AVG DEP HDD CDD  WTR  SNW DPTH SPD SPD DIR MIN PSBL S-S WX    SPD DR
================================================================================

 1  75  43  59   4   6   0 0.00  0.0    0  1.2  7 350   M    M   0 18      9 140
 2  83  50  67  12   0   2 0.00  0.0    0  2.9 12 360   M    M   1 8      22 350
 3  75  51  63   8   2   0 0.00  0.0    0  1.1 12  30   M    M   1        13  30
 4  76  51  64   9   1   0 0.00  0.0    0  2.3 10 170   M    M   4        13 170
 5  76  52  64   9   1   0 0.00  0.0    0  2.2 12 160   M    M   1        13 170
 6  73  56  65  10   0   0 0.00  0.0    0  2.7 10 120   M    M   1        14 160
 7  76  50  63   8   2   0 0.00  0.0    0  1.3  7 170   M    M   2 128     8 320
 8  64  59  62   7   3   0 0.46  0.0    0  4.0 15 140   M    M   9 1      22 140
 9  59  47  53  -2  12   0 1.33    M    0  7.2 26 170   M    M   7 138    31 140
10  67  44  56   1   9   0 0.00  0.0    0  4.4 23 360   M    M   1 1      29  10
11  73  45  59   4   6   0 0.00  0.0    0  1.2  7 300   M    M   0 18      8 290
12  84  47  66  11   0   1 0.00  0.0    0  8.1 22 350   M    M   0        29 350
13  82  57  70  15   0   5 0.00  0.0    0 12.7 21 350   M    M   0        29 350
14  81  55  68  13   0   3 0.00  0.0    0  5.5 15 360   M    M   0        19 350
15  76  47  62   7   3   0 0.00  0.0    0  2.3  9 150   M    M   1        12 110
16  73  50  62   7   3   0 0.00  0.0    0  1.5  7  70   M    M   2 8       9 150
17  80  50  65  10   0   0 0.00  0.0    0  3.5 16 360   M    M   0        23  10
18  78  51  65  10   0   0 0.00  0.0    0  3.0 12 160   M    M   0        15 140
19  60  51  56   1   9   0 0.00  0.0    0  6.0 17 350   M    M   7 18     28 360
20  59  49  54  -1  11   0 0.00  0.0    0 15.1 28 350   M    M   2        39 350
================================================================================
SM 1470 1005        68  11  1.79     0.0  88.1          M       39
================================================================================
AV 73.5 50.3                               4.4 FASTST   M    M   2    MAX(MPH)
                                 MISC ---->  # 28 350               # 39  350
================================================================================
NOTES:
# LAST OF SEVERAL OCCURRENCES

COLUMN 17 PEAK WIND IN M.P.H.

PRELIMINARY LOCAL CLIMATOLOGICAL DATA (WS FORM: F-6) , PAGE 2

                                          STATION:  VAN NUYS AIRPORT CA
                                          MONTH:    JANUARY
                                          YEAR:     2018
                                          LATITUDE:   34 13 N
                                          LONGITUDE: 118 29 W

[TEMPERATURE DATA]      [PRECIPITATION DATA]       SYMBOLS USED IN COLUMN 16

AVERAGE MONTHLY: 61.9   TOTAL FOR MONTH:   1.79    1 = FOG OR MIST
DPTR FM NORMAL:   6.9   DPTR FM NORMAL:    0.48    2 = FOG REDUCING VISIBILITY
HIGHEST:    84 ON 12    GRTST 24HR  1.33 ON  9- 9      TO 1/4 MILE OR LESS
LOWEST:     43 ON  1                               3 = THUNDER
                        SNOW, ICE PELLETS, HAIL    4 = ICE PELLETS
                        TOTAL MONTH:   0.0 INCH    5 = HAIL
                        GRTST 24HR     0.0         6 = FREEZING RAIN OR DRIZZLE
                        GRTST DEPTH:   0           7 = DUSTSTORM OR SANDSTORM:
                                                       VSBY 1/2 MILE OR LESS
                                                   8 = SMOKE OR HAZE
[NO. OF DAYS WITH]      [WEATHER - DAYS WITH]      9 = BLOWING SNOW
                                                   X = TORNADO
MAX 32 OR BELOW:   0    0.01 INCH OR MORE:   2
MAX 90 OR ABOVE:   0    0.10 INCH OR MORE:   2
MIN 32 OR BELOW:   0    0.50 INCH OR MORE:   1
MIN  0 OR BELOW:   0    1.00 INCH OR MORE:   1

[HDD (BASE 65) ]
TOTAL THIS MO.    68    CLEAR  (SCALE 0-3)  16
DPTR FM NORMAL  -132    PTCLDY (SCALE 4-7)   3
TOTAL FM JUL 1   241    CLOUDY (SCALE 8-10)  1
DPTR FM NORMAL  -488

[CDD (BASE 65) ]
TOTAL THIS MO.    11
DPTR FM NORMAL    11    [PRESSURE DATA]
TOTAL FM JAN 1    11    HIGHEST SLP M ON M
DPTR FM NORMAL    11    LOWEST  SLP 29.55 ON  9

[REMARKS]
