000
CXUS52 KFFC 291110
CF6VPC
PRELIMINARY LOCAL CLIMATOLOGICAL DATA (WS FORM: F-6)

                                          STATION:   CARTERSVILLE
                                          MONTH:     MARCH
                                          YEAR:      2015
                                          LATITUDE:   34  7 N
                                          LONGITUDE:  84 51 W

  TEMPERATURE IN F:       :PCPN:    SNOW:  WIND      :SUNSHINE: SKY     :PK WND
================================================================================
1   2   3   4   5  6A  6B    7    8   9   10  11  12  13   14  15   16   17  18
                                     12Z  AVG MX 2MIN
DY MAX MIN AVG DEP HDD CDD  WTR  SNW DPTH SPD SPD DIR MIN PSBL S-S WX    SPD DR
================================================================================

 1  50  39  45  -3  20   0 0.00    M    M  5.3 15 110   M    M  10 8      23 100
 2  59  45  52   4  13   0    T    M    M  2.5 10 360   M    M   9 18     15 350
 3  52  47  50   1  15   0 0.16    M    M  5.0 12 100   M    M  10 1      17 110
 4  77  50  64  15   1   0 0.27    M    M  5.4 15 170   M    M   9 1      24 220
 5  63  27  45  -4  20   0 0.29    M    M  6.1 14 350   M    M  10 1      24 320
 6  48  24  36 -13  29   0    T    M    M  3.1 10 360   M    M   5 18     16 330
 7  60  25  43  -7  22   0 0.00  0.0    M  1.3  7 220   M    M   0        11 180
 8  70  25  48  -2  17   0 0.00  0.0    M  1.2  8 330   M    M   2        14 350
 9  67  48  58   8   7   0 0.03  0.0    M  2.2  8 170   M    M  10        12  60
10  76  54  65  15   0   0 0.01  0.0    M  5.0 16 180   M    M  10        22 180
11  70  56  63  12   2   0 0.28  0.0    M  0.6  7  30   M    M   9 12     12 330
12  67  55  61  10   4   0 0.02    M    M  6.7 18 110   M    M  10 12     27 130
13  60  47  54   3  11   0 0.12    M    M 10.0 18 120   M    M  10 1      29 120
14  70  47  59   8   6   0 0.04    M    M  3.3 12  90   M    M  10 1      17 100
15  74  45  60   8   5   0 0.00    M    M  3.1 12 360   M    M   1 1      16 360
16  80  35  58   6   7   0 0.00    M    M  1.2 12  10   M    M   0 8      14  20
17  80  44  62  10   3   0 0.00    M    M  3.3 17 360   M    M   2 8      26 360
18  74  50  62  10   3   0 0.00    M    M  3.8 12  30   M    M   1        17  20
19  56  47  52  -1  13   0 0.14    M    M  7.2 15  90   M    M  10 1      23 100
20  64  47  56   3   9   0 0.03  0.0    M  2.1  8 120   M    M  10 1      13  70
21  69  51  60   7   5   0 0.00  0.0    M  2.5 12 360   M    M   6 1      16  10
22  59  52  56   3   9   0 0.62    M    M  2.5 12  70   M    M  10 1      18  70
23  68  46  57   4   8   0    T  0.0    M  3.7 12  80   M    M   6        17  80
24  73  41  57   3   8   0 0.00    M    M  3.5 12 140   M    M   0 1      16 130
25  75  47  61   7   4   0 0.00    M    M  3.9 14 120   M    M   6        20 130
26  73  50  62   8   3   0 0.23    M    M  4.3 16  10   M    M   6 1      23  10
27  58  42  50  -4  15   0 0.09    M    M  5.9 13 340   M    M   8 1      22 360
28  52  28  40 -15  25   0 0.00    M    M  3.3 15 360   M    M   2        22 350
================================================================================
SM 1844 1214       284   0  2.33     0.0 108.0          M      182
================================================================================
AV 65.9 43.4                               3.9 FASTST   M    M   7    MAX(MPH)
                                 MISC ---->  # 18 110               # 29  120
================================================================================
NOTES:
# LAST OF SEVERAL OCCURRENCES

COLUMN 17 PEAK WIND IN M.P.H.

PRELIMINARY LOCAL CLIMATOLOGICAL DATA (WS FORM: F-6) , PAGE 2

                                          STATION:  CARTERSVILLE
                                          MONTH:    MARCH
                                          YEAR:     2015
                                          LATITUDE:   34  7 N
                                          LONGITUDE:  84 51 W

[TEMPERATURE DATA]      [PRECIPITATION DATA]       SYMBOLS USED IN COLUMN 16

AVERAGE MONTHLY: 54.6   TOTAL FOR MONTH:   2.33    1 = FOG OR MIST
DPTR FM NORMAL:   3.2   DPTR FM NORMAL:   -1.96    2 = FOG REDUCING VISIBILITY
HIGHEST:    80 ON 17,16 GRTST 24HR  0.62 ON 22-22      TO 1/4 MILE OR LESS
LOWEST:     24 ON  6                               3 = THUNDER
                        SNOW, ICE PELLETS, HAIL    4 = ICE PELLETS
                        TOTAL MONTH:   0.0 INCH    5 = HAIL
                        GRTST 24HR     0.0         6 = FREEZING RAIN OR DRIZZLE
                        GRTST DEPTH:  M  ON   M    7 = DUSTSTORM OR SANDSTORM:
                                                       VSBY 1/2 MILE OR LESS
                                                   8 = SMOKE OR HAZE
[NO. OF DAYS WITH]      [WEATHER - DAYS WITH]      9 = BLOWING SNOW
                                                   X = TORNADO
MAX 32 OR BELOW:   0    0.01 INCH OR MORE:  14
MAX 90 OR ABOVE:   0    0.10 INCH OR MORE:   8
MIN 32 OR BELOW:   5    0.50 INCH OR MORE:   1
MIN  0 OR BELOW:   0    1.00 INCH OR MORE:   0

[HDD (BASE 65) ]
TOTAL THIS MO.   284    CLEAR  (SCALE 0-3)   8
DPTR FM NORMAL  -102    PTCLDY (SCALE 4-7)   5
TOTAL FM JUL 1  3135    CLOUDY (SCALE 8-10) 15
DPTR FM NORMAL   137

[CDD (BASE 65) ]
TOTAL THIS MO.     0
DPTR FM NORMAL     0    [PRESSURE DATA]
TOTAL FM JAN 1     0    HIGHEST SLP M ON M
DPTR FM NORMAL     0    LOWEST  SLP 29.67 ON 27

[REMARKS]
