687
CXUS54 KFWD 240730
CF6XBP
PRELIMINARY LOCAL CLIMATOLOGICAL DATA (WS FORM: F-6)

                                          STATION:   BRIDGEPORT
                                          MONTH:     MAY
                                          YEAR:      2016
                                          LATITUDE:   33 10 N
                                          LONGITUDE:  96 30 W

  TEMPERATURE IN F:       :PCPN:    SNOW:  WIND      :SUNSHINE: SKY     :PK WND
================================================================================
1   2   3   4   5  6A  6B    7    8   9   10  11  12  13   14  15   16   17  18
                                     12Z  AVG MX 2MIN
DY MAX MIN AVG DEP HDD CDD  WTR  SNW DPTH SPD SPD DIR MIN PSBL S-S WX    SPD DR
================================================================================

 1  73  53  63  -4   2   0 0.00  0.0    0  8.2 13 340   M    M   3 3      24 340
 2  66  47  57 -10   8   0 0.05  0.0    0  8.2 13 350   M    M   5 3      22 360
 3  74  43  59  -8   6   0 0.03  0.0    0  1.6  8  20   M    M   1         M  M
 4  80  51  66  -1   0   1 0.00  0.0    0  5.2 10 330   M    M   0        17 310
 5  83  50  67  -1   0   2 0.00  0.0    0  1.6  7 320   M    M   0         M  M
 6  83  47  65  -3   0   0 0.00  0.0    0  4.5  9 140   M    M   0        16 130
 7  84  51  68   0   0   3 0.00  0.0    0  8.6 17 160   M    M   0        25 160
 8  82  62  72   4   0   7 2.17  0.0    0 10.4 29 150   M    M   5 3      38 150
 9  86  62  74   5   0   9 0.15  0.0    0 11.5 22 140   M    M   4 3      31 140
10  94  69  82  13   0  17 0.00  0.0    0 13.0 20 200   M    M   0 3      28 200
11  89  64  77   8   0  12 0.05  0.0    0  8.5 20 150   M    M   2 3      28 150
12  82  60  71   1   0   6 0.00  0.0    0  6.5 15  10   M    M   1 3      17  30
13  83  54  69  -1   0   4 0.00  0.0    0  4.5 10 170   M    M   0         M  M
14  73  55  64  -6   1   0 0.00  0.0    0  7.9 17  40   M    M   3        24  40
15  73  56  65  -5   0   0 0.00  0.0    0  4.8  9  50   M    M   9         M  M
16  78  63  71   1   0   6 0.00  0.0    0  7.6 12 160   M    M   8 1      18 170
17   M   M   M   M   M   M 0.23  0.0    0   M   M   M   M    M   M 3       M  M
18   M   M   M   M   M   M    M    M    M   M   M   M   M    M   M         M  M
19   M   M   M   M   M   M    M    M    M   M   M   M   M    M   M         M  M
20   M   M   M   M   M   M    M    M    M   M   M   M   M    M   M         M  M
21   M   M   M   M   M   M    M    M    M   M   M   M   M    M   M         M  M
22   M   M   M   M   M   M    M    M    M   M   M   M   M    M   M         M  M
23   M   M   M   M   M   M    M    M    M   M   M   M   M    M   M         M  M
================================================================================
SM 1283  887        17  67  2.68     0.0 112.6          M       41
================================================================================
AV 80.2 55.4                               7.0 FASTST   M    M   3    MAX(MPH)
                                 MISC ---->    29   M               # 38  150
================================================================================
NOTES:
# LAST OF SEVERAL OCCURRENCES

COLUMN 17 PEAK WIND IN M.P.H.

PRELIMINARY LOCAL CLIMATOLOGICAL DATA (WS FORM: F-6) , PAGE 2

                                          STATION:  BRIDGEPORT
                                          MONTH:    MAY
                                          YEAR:     2016
                                          LATITUDE:   33 10 N
                                          LONGITUDE:  96 30 W

[TEMPERATURE DATA]      [PRECIPITATION DATA]       SYMBOLS USED IN COLUMN 16

AVERAGE MONTHLY: 67.8   TOTAL FOR MONTH:   2.68    1 = FOG OR MIST
DPTR FM NORMAL:  -1.7   DPTR FM NORMAL:   -1.02    2 = FOG REDUCING VISIBILITY
HIGHEST:    94 ON 10    GRTST 24HR  2.17 ON  8- 8      TO 1/4 MILE OR LESS
LOWEST:     43 ON  3                               3 = THUNDER
                        SNOW, ICE PELLETS, HAIL    4 = ICE PELLETS
                        TOTAL MONTH:   0.0 INCH    5 = HAIL
                        GRTST 24HR     0.0         6 = FREEZING RAIN OR DRIZZLE
                        GRTST DEPTH:   0           7 = DUSTSTORM OR SANDSTORM:
                                                       VSBY 1/2 MILE OR LESS
                                                   8 = SMOKE OR HAZE
[NO. OF DAYS WITH]      [WEATHER - DAYS WITH]      9 = BLOWING SNOW
                                                   X = TORNADO
MAX 32 OR BELOW:   0    0.01 INCH OR MORE:   6
MAX 90 OR ABOVE:   1    0.10 INCH OR MORE:   3
MIN 32 OR BELOW:   0    0.50 INCH OR MORE:   1
MIN  0 OR BELOW:   0    1.00 INCH OR MORE:   1

[HDD (BASE 65) ]
TOTAL THIS MO.    17    CLEAR  (SCALE 0-3)  11
DPTR FM NORMAL    -7    PTCLDY (SCALE 4-7)   4
TOTAL FM JUL 1  2018    CLOUDY (SCALE 8-10)  1
DPTR FM NORMAL  -943

[CDD (BASE 65) ]
TOTAL THIS MO.    67
DPTR FM NORMAL   -60    [PRESSURE DATA]
TOTAL FM JAN 1   147    HIGHEST SLP M ON M
DPTR FM NORMAL   -59    LOWEST  SLP M ON M

[REMARKS]
