000
CXUS54 KFWD 300730
CF6XBP
PRELIMINARY LOCAL CLIMATOLOGICAL DATA (WS FORM: F-6)

                                          STATION:   BRIDGEPORT
                                          MONTH:     OCTOBER
                                          YEAR:      2014
                                          LATITUDE:   33 10 N
                                          LONGITUDE:  96 30 W

  TEMPERATURE IN F:       :PCPN:    SNOW:  WIND      :SUNSHINE: SKY     :PK WND
================================================================================
1   2   3   4   5  6A  6B    7    8   9   10  11  12  13   14  15   16   17  18
                                     12Z  AVG MX 2MIN
DY MAX MIN AVG DEP HDD CDD  WTR  SNW DPTH SPD SPD DIR MIN PSBL S-S WX    SPD DR
================================================================================

 1  96  71  84  15   0  19 0.00  0.0    0  9.0 15 190   M    M   1 3      22 180
 2  93  62  78  10   0  13 0.00  0.0    0 10.4 18 300   M    M   3 3      30 300
 3  80  53  67  -1   0   2 0.00  0.0    0  5.4 15 360   M    M   0        22  10
 4  81  42  62  -6   3   0 0.00  0.0    0  4.5 10 180   M    M   0        17 200
 5  89  49  69   2   0   4 0.00  0.0    0  5.2 10 140   M    M   0        16 140
 6  89  64  77  10   0  12 0.00  0.0    0  7.9 12 170   M    M   2 3      17 160
 7 101  62  82  15   0  17 0.00  0.0    0  6.8 13 200   M    M   0        21 220
 8  94  73  84  18   0  19 0.00  0.0    0  9.5 15 180   M    M   0        18 190
 9  93  73  83  17   0  18 0.00  0.0    0  9.9 15 180   M    M   2        22 180
10  92  59  76  10   0  11 0.37  0.0    0  8.3 13 190   M    M   4 3      21 310
11  58  53  56  -9   9   0 0.01  0.0    0  8.0 18 330   M    M  10 3      24 330
12  77  47  62  -3   3   0 0.00  0.0    0  7.8 17 160   M    M   2 13     23 170
13  67  54  61  -4   4   0 0.40  0.0    0 11.7 24 300   M    M   6 3      31 310
14  76  50  63  -1   2   0 0.00  0.0    0  6.3 17 340   M    M   0        23 320
15  83  43  63  -1   2   0 0.00  0.0    0  1.3  6 330   M    M   0         M  M
16  90  46  68   4   0   3 0.00  0.0    0  6.2 13 200   M    M   0        22 210
17  84  52  68   4   0   3 0.00  0.0    0  3.8  8  70   M    M   0         M  M
18  79  56  68   5   0   3 0.00  0.0    0  4.8  9  60   M    M   4        16  80
19  75  55  65   2   0   0 0.00  0.0    0  3.9  9 120   M    M   5         M  M
20  84  54  69   6   0   4 0.00  0.0    0  2.1  8 170   M    M   1 1       M  M
21  82  53  68   6   0   3 0.00  0.0    0  3.2  9 140   M    M   0 1       M  M
22  79  52  66   4   0   1 0.00  0.0    0  3.8  9 160   M    M   3 1       M  M
23  82  63  73  11   0   8 0.00  0.0    0  4.3  8 180   M    M   5         M  M
24  86  56  71   9   0   6 0.00  0.0    0  4.6 10 200   M    M   0         M  M
25  90  56  73  12   0   8 0.00  0.0    0  3.6  9 190   M    M   0         M  M
26  89  56  73  12   0   8 0.00  0.0    0  9.4 21 180   M    M   0        27 200
27  86  65  76  15   0  11 0.00  0.0    0 11.7 16 180   M    M   0        22 180
28  78  57  68   8   0   3 0.00  0.0    0  7.0 14  40   M    M   3        20  40
29  77  44  61   1   4   0 0.00  0.0    0  2.6  8  80   M    M   0         M  M
================================================================================
SM 2430 1620        27 176  0.78     0.0 183.0          M       51
================================================================================
AV 83.8 55.9                               6.3 FASTST   M    M   2    MAX(MPH)
                                 MISC ---->    24   M                 31    M
================================================================================
NOTES:
# LAST OF SEVERAL OCCURRENCES

COLUMN 17 PEAK WIND IN M.P.H.

PRELIMINARY LOCAL CLIMATOLOGICAL DATA (WS FORM: F-6) , PAGE 2

                                          STATION:  BRIDGEPORT
                                          MONTH:    OCTOBER
                                          YEAR:     2014
                                          LATITUDE:   33 10 N
                                          LONGITUDE:  96 30 W

[TEMPERATURE DATA]      [PRECIPITATION DATA]       SYMBOLS USED IN COLUMN 16

AVERAGE MONTHLY: 69.8   TOTAL FOR MONTH:   0.78    1 = FOG OR MIST
DPTR FM NORMAL:   5.6   DPTR FM NORMAL:   -2.96    2 = FOG REDUCING VISIBILITY
HIGHEST:   101 ON  7    GRTST 24HR  0.40 ON 13-13      TO 1/4 MILE OR LESS
LOWEST:     42 ON  4                               3 = THUNDER
                        SNOW, ICE PELLETS, HAIL    4 = ICE PELLETS
                        TOTAL MONTH:   0.0 INCH    5 = HAIL
                        GRTST 24HR     0.0         6 = FREEZING RAIN OR DRIZZLE
                        GRTST DEPTH:   0           7 = DUSTSTORM OR SANDSTORM:
                                                       VSBY 1/2 MILE OR LESS
                                                   8 = SMOKE OR HAZE
[NO. OF DAYS WITH]      [WEATHER - DAYS WITH]      9 = BLOWING SNOW
                                                   X = TORNADO
MAX 32 OR BELOW:   0    0.01 INCH OR MORE:   3
MAX 90 OR ABOVE:   8    0.10 INCH OR MORE:   2
MIN 32 OR BELOW:   0    0.50 INCH OR MORE:   0
MIN  0 OR BELOW:   0    1.00 INCH OR MORE:   0

[HDD (BASE 65) ]
TOTAL THIS MO.    27    CLEAR  (SCALE 0-3)  22
DPTR FM NORMAL   -80    PTCLDY (SCALE 4-7)   6
TOTAL FM JUL 1    32    CLOUDY (SCALE 8-10)  1
DPTR FM NORMAL   -91

[CDD (BASE 65) ]
TOTAL THIS MO.   176
DPTR FM NORMAL    93    [PRESSURE DATA]
TOTAL FM JAN 1  2421    HIGHEST SLP M ON M
DPTR FM NORMAL   271    LOWEST  SLP M ON M

[REMARKS]
