910
CXUS54 KTSA 280840
CF6XNA
PRELIMINARY LOCAL CLIMATOLOGICAL DATA (WS FORM: F-6)

                                          STATION:   HIGHFILL ARKANSAS
                                          MONTH:     MARCH
                                          YEAR:      2017
                                          LATITUDE:   36 16 N
                                          LONGITUDE:  94 19 W

  TEMPERATURE IN F:       :PCPN:    SNOW:  WIND      :SUNSHINE: SKY     :PK WND
================================================================================
1   2   3   4   5  6A  6B    7    8   9   10  11  12  13   14  15   16   17  18
                                     12Z  AVG MX 2MIN
DY MAX MIN AVG DEP HDD CDD  WTR  SNW DPTH SPD SPD DIR MIN PSBL S-S WX    SPD DR
================================================================================

 1  71  38  55  11  10   0 0.18  0.0    0 12.6 28 290   M    M   1 13     35 290
 2  60  28  44   0  21   0 0.00  0.0    0  6.1 20 310   M    M   0        27 280
 3  63  32  48   4  17   0 0.00  0.0    0 10.7 21 210   M    M   0        27 210
 4  67  42  55  11  10   0 0.00  0.0    0 13.0 24 180   M    M   3        33 180
 5  57  52  55  10  10   0 0.00  0.0    0 17.4 25 170   M    M  10        33 180
 6  74  45  60  15   5   0 0.37  0.0    0 22.2 41 300   M    M   9 13     53 280
 7  60  39  50   5  15   0 0.05  0.0    0  8.2 24 310   M    M   1 13     33 300
 8  69  32  51   5  14   0 0.00  0.0    0  8.1 24 180   M    M   0        30 190
 9  77  44  61  15   4   0 0.97  0.0    0 11.5 26 140   M    M   2 13     34 200
10  57  38  48   2  17   0    T  0.0    0 13.1 22  20   M    M   2        28  20
11  48  30  39  -7  26   0 0.55    M    0  9.0 18  90   M    M   9 13     22 110
12  49  27  38  -9  27   0 0.07  0.0    0  7.0 18 170   M    M   6 1      23 160
13  42  32  37 -10  28   0 0.01    M    0 12.4 21 340   M    M  10 1      27 310
14  37  28  33 -14  32   0 0.00  0.0    0  8.8 15 360   M    M  10        18 360
15  49  25  37 -11  28   0 0.00  0.0    0  5.8 12 180   M    M   5        16 120
16  61  43  52   4  13   0 0.00  0.0    0 12.2 21 170   M    M  10        23 160
17  74  53  64  16   1   0 0.15  0.0    0 10.5 20 190   M    M  10 1      27 190
18  74  47  61  13   4   0 0.00  0.0    0  4.5 13  60   M    M   1        16  10
19  81  52  67  18   0   2 0.00  0.0    0 10.4 21 190   M    M   2        31 230
20  86  62  74  25   0   9 0.00  0.0    0 10.5 22 210   M    M   1 8      30 220
21  83  53  68  19   0   3 0.01  0.0    0  8.8 26  80   M    M   3 3      33  80
22  58  47  53   4  12   0 0.06  0.0    0 13.7 25  70   M    M  10 13     30  60
23  76  49  63  13   2   0 0.00  0.0    0 16.6 28 170   M    M   3 8      34 170
24  70  54  62  12   3   0 1.36  0.0    0 13.9 33 160   M    M   5 13     51 150
25  55  47  51   1  14   0 0.05  0.0    0  9.1 17 250   M    M   8 1      23 290
26  70  42  56   6   9   0 0.70  0.0    0  6.5 28 140   M    M   6 123    36 120
27  60  52  56   5   9   0 0.22  0.0    0  7.1 16 130   M    M   9 13     20 120
================================================================================
SM 1728 1133       331  14  4.75     0.0 289.7          M      136
================================================================================
AV 64.0 42.0                              10.7 FASTST   M    M   5    MAX(MPH)
                                 MISC ---->  # 41 300               # 53  280
================================================================================
NOTES:
# LAST OF SEVERAL OCCURRENCES

COLUMN 17 PEAK WIND IN M.P.H.

PRELIMINARY LOCAL CLIMATOLOGICAL DATA (WS FORM: F-6) , PAGE 2

                                          STATION:  HIGHFILL ARKANSAS
                                          MONTH:    MARCH
                                          YEAR:     2017
                                          LATITUDE:   36 16 N
                                          LONGITUDE:  94 19 W

[TEMPERATURE DATA]      [PRECIPITATION DATA]       SYMBOLS USED IN COLUMN 16

AVERAGE MONTHLY: 53.0   TOTAL FOR MONTH:   4.75    1 = FOG OR MIST
DPTR FM NORMAL:   5.8   DPTR FM NORMAL:    1.36    2 = FOG REDUCING VISIBILITY
HIGHEST:    86 ON 20    GRTST 24HR  1.36 ON 24-24      TO 1/4 MILE OR LESS
LOWEST:     25 ON 15                               3 = THUNDER
                        SNOW, ICE PELLETS, HAIL    4 = ICE PELLETS
                        TOTAL MONTH:   0.0 INCH    5 = HAIL
                        GRTST 24HR     0.0         6 = FREEZING RAIN OR DRIZZLE
                        GRTST DEPTH:   0           7 = DUSTSTORM OR SANDSTORM:
                                                       VSBY 1/2 MILE OR LESS
                                                   8 = SMOKE OR HAZE
[NO. OF DAYS WITH]      [WEATHER - DAYS WITH]      9 = BLOWING SNOW
                                                   X = TORNADO
MAX 32 OR BELOW:   0    0.01 INCH OR MORE:  14
MAX 90 OR ABOVE:   0    0.10 INCH OR MORE:   8
MIN 32 OR BELOW:   8    0.50 INCH OR MORE:   4
MIN  0 OR BELOW:   0    1.00 INCH OR MORE:   1

[HDD (BASE 65) ]
TOTAL THIS MO.   331    CLEAR  (SCALE 0-3)  12
DPTR FM NORMAL  -150    PTCLDY (SCALE 4-7)   6
TOTAL FM JUL 1  2717    CLOUDY (SCALE 8-10)  9
DPTR FM NORMAL -1170

[CDD (BASE 65) ]
TOTAL THIS MO.    14
DPTR FM NORMAL    14    [PRESSURE DATA]
TOTAL FM JAN 1    24    HIGHEST SLP M ON M
DPTR FM NORMAL    24    LOWEST  SLP 29.57 ON  1

[REMARKS]
