000
CXUS54 KTSA 260840
CF6XNA
PRELIMINARY LOCAL CLIMATOLOGICAL DATA (WS FORM: F-6)

                                          STATION:   HIGHFILL ARKANSAS
                                          MONTH:     MAY
                                          YEAR:      2015
                                          LATITUDE:   36 16 N
                                          LONGITUDE:  94 19 W

  TEMPERATURE IN F:       :PCPN:    SNOW:  WIND      :SUNSHINE: SKY     :PK WND
================================================================================
1   2   3   4   5  6A  6B    7    8   9   10  11  12  13   14  15   16   17  18
                                     12Z  AVG MX 2MIN
DY MAX MIN AVG DEP HDD CDD  WTR  SNW DPTH SPD SPD DIR MIN PSBL S-S WX    SPD DR
================================================================================

 1  75  43  59  -2   6   0 0.00  0.0    0  2.3  7 150   M    M   0         M  M
 2  77  46  62   1   3   0 0.00  0.0    M  5.2 12 190   M    M   0         M  M
 3  80  54  67   6   0   2 0.00  0.0    0  9.2 22 180   M    M   0        27 200
 4  80  60  70   8   0   5    T  0.0    0  8.1 17 180   M    M   2        23 190
 5  81  54  68   6   0   3    T  0.0    0 10.4 24 150   M    M   3        31 190
 6  79  59  69   7   0   4 0.72  0.0    M 13.6 26 160   M    M   5 1      33 170
 7  80  62  71   9   0   6 0.68  0.0    0  9.7 28 200   M    M   2 13     37 200
 8  75  64  70   7   0   5 1.20  0.0    0  6.1 15 250   M    M   8 13     19 250
 9  77  63  70   7   0   5 0.47  0.0    0  9.5 29 160   M    M   6 13     36 170
10  74  60  67   4   0   2 1.04  0.0    M 12.7 32 140   M    M   5 13     40 140
11  67  50  59  -4   6   0    T  0.0    0  7.8 14 280   M    M   1        24 280
12  69  45  57  -7   8   0 0.00  0.0    0  5.1 17 340   M    M   0        23 340
13  71  45  58  -6   7   0 0.12    M    0  8.1 24 130   M    M   7        28 130
14  79  58  69   5   0   4 0.04  0.0    0 10.6 22 190   M    M   6 1      29 190
15  81  63  72   8   0   7    T  0.0    0  8.2 21 180   M    M   2 1      29 150
16  83  67  75  11   0  10    T  0.0    M 12.5 23 170   M    M   5 13     31 180
17  76  62  69   4   0   4 0.70  0.0    M  9.6 33 270   M    M   3 13     45 280
18  82  59  71   6   0   6 0.17  0.0    0  3.0  8  20   M    M   5 123     M  M
19  76  56  66   1   0   1 0.72  0.0    0  8.8 22 110   M    M   3 1      28 110
20  67  52  60  -6   5   0 0.06  0.0    0  9.5 17 270   M    M   8 1      23 270
21  64  47  56 -10   9   0 0.00  0.0    0  7.0 17  40   M    M   5        22  40
22  68  46  57  -9   8   0    T    M    0  6.0 16 130   M    M   4        20 120
23  77  57  67   1   0   2 0.32  0.0    0  9.9 18 150   M    M   9 13     17 160
24  70  62  66   0   0   1 3.30  0.0    0  7.9 25 170   M    M  10 1      33 180
25  82  57  70   3   0   5 0.34  0.0    0 10.0 25 130   M    M   5 123    34 120
================================================================================
SM 1890 1391        52  72  9.88     0.0 210.8          M      104
================================================================================
AV 75.6 55.6                               8.4 FASTST   M    M   4    MAX(MPH)
                                 MISC ---->  # 33 270               # 45  280
================================================================================
NOTES:
# LAST OF SEVERAL OCCURRENCES

COLUMN 17 PEAK WIND IN M.P.H.

PRELIMINARY LOCAL CLIMATOLOGICAL DATA (WS FORM: F-6) , PAGE 2

                                          STATION:  HIGHFILL ARKANSAS
                                          MONTH:    MAY
                                          YEAR:     2015
                                          LATITUDE:   36 16 N
                                          LONGITUDE:  94 19 W

[TEMPERATURE DATA]      [PRECIPITATION DATA]       SYMBOLS USED IN COLUMN 16

AVERAGE MONTHLY: 65.6   TOTAL FOR MONTH:   9.88    1 = FOG OR MIST
DPTR FM NORMAL:   1.8   DPTR FM NORMAL:    5.21    2 = FOG REDUCING VISIBILITY
HIGHEST:    83 ON 16    GRTST 24HR  3.30 ON 24-24      TO 1/4 MILE OR LESS
LOWEST:     43 ON  1                               3 = THUNDER
                        SNOW, ICE PELLETS, HAIL    4 = ICE PELLETS
                        TOTAL MONTH:   0.0 INCH    5 = HAIL
                        GRTST 24HR     0.0         6 = FREEZING RAIN OR DRIZZLE
                        GRTST DEPTH:   0           7 = DUSTSTORM OR SANDSTORM:
                                                       VSBY 1/2 MILE OR LESS
                                                   8 = SMOKE OR HAZE
[NO. OF DAYS WITH]      [WEATHER - DAYS WITH]      9 = BLOWING SNOW
                                                   X = TORNADO
MAX 32 OR BELOW:   0    0.01 INCH OR MORE:  14
MAX 90 OR ABOVE:   0    0.10 INCH OR MORE:  12
MIN 32 OR BELOW:   0    0.50 INCH OR MORE:   7
MIN  0 OR BELOW:   0    1.00 INCH OR MORE:   3

[HDD (BASE 65) ]
TOTAL THIS MO.    52    CLEAR  (SCALE 0-3)   8
DPTR FM NORMAL   -30    PTCLDY (SCALE 4-7)  14
TOTAL FM JUL 1  4049    CLOUDY (SCALE 8-10)  3
DPTR FM NORMAL  -257

[CDD (BASE 65) ]
TOTAL THIS MO.    72
DPTR FM NORMAL    21    [PRESSURE DATA]
TOTAL FM JAN 1   102    HIGHEST SLP M ON M
DPTR FM NORMAL    30    LOWEST  SLP 29.73 ON 25

[REMARKS]
