000
CXUS51 KPBZ 290804
CF6ZZV
PRELIMINARY LOCAL CLIMATOLOGICAL DATA (WS FORM: F-6)

                                          STATION:   ZANESVILLE OH
                                          MONTH:     AUGUST
                                          YEAR:      2016
                                          LATITUDE:   39 56 N
                                          LONGITUDE:  81 54 W

  TEMPERATURE IN F:       :PCPN:    SNOW:  WIND      :SUNSHINE: SKY     :PK WND
================================================================================
1   2   3   4   5  6A  6B    7    8   9   10  11  12  13   14  15   16   17  18
                                     12Z  AVG MX 2MIN
DY MAX MIN AVG DEP HDD CDD  WTR  SNW DPTH SPD SPD DIR MIN PSBL S-S WX    SPD DR
================================================================================

 1  90  68  79   6   0  14 0.00    M    M  3.2 15 200   M    M   3 1      17 190
 2  89  68  79   6   0  14 0.00    M    M  2.5  9  30   M    M   1 1      14 110
 3  90  64  77   4   0  12    T    M    M  4.1 16 110   M    M   2        23 100
 4  87  71  79   6   0  14 0.00    M    M  5.5 13 120   M    M   8        20 130
 5  89  67  78   5   0  13 0.00    M    M  5.4 12 200   M    M   3        16 200
 6  86  65  76   4   0  11    T    M    M  4.9 13 310   M    M   5 1      17 360
 7  88  57  73   1   0   8 0.00    M    M  2.8  9  30   M    M   2        17  40
 8  87  65  76   4   0  11 0.00    M    M  5.0 14  50   M    M   0        17  60
 9  90  65  78   6   0  13 0.16    M    M  4.2 14 160   M    M   6 13     17 170
10  88  74  81   9   0  16 0.06    M    M  4.1 14 200   M    M   5 13     17 200
11  88  75  82  10   0  17 0.81    M    M  3.1 14 200   M    M   3 138    16 200
12  92  75  84  12   0  19 0.00    M    M  4.7 12 200   M    M   5        16 220
13  92  75  84  12   0  19 0.02    M    M  8.1 21 200   M    M   6 3      27 200
14  80  71  76   4   0  11 0.47    M    M  4.3  7 240   M    M   9 13      M  M
15  84  71  78   6   0  13 0.10    M    M  3.8 16 150   M    M   2 1      21 130
16  88  70  79   7   0  14 0.69    M    M  7.3 23 300   M    M   3 18     30 310
17  78  70  74   2   0   9 0.20    M    M  3.9 10 220   M    M   7 1      14 210
18  85  70  78   6   0  13 0.00    M    M  4.1 13 270   M    M   7 1      17 280
19  85  66  76   4   0  11 0.00    M    M  3.3 10 210   M    M   2 18     14 200
20  85  67  76   4   0  11 0.11    M    M  7.0 16 190   M    M   6 12     22 170
21  79  62  71  -1   0   6 0.10    M    M  7.0 16 310   M    M   6 1      24 260
22  78  56  67  -4   0   2 0.00    M    M  2.5  9 290   M    M   1        13 290
23  81  54  68  -3   0   3 0.00    M    M  1.5  9 220   M    M   0        12 180
24  85  58  72   1   0   7 0.00    M    M  5.8 15 210   M    M   1        18 180
25  90  71  81  10   0  16 0.05    M    M  6.3 14 240   M    M   4 13     19 230
26  90  70  80   9   0  15 0.00    M    M  2.3  9 350   M    M   2 12     12 330
27  92  68  80   9   0  15 0.00    M    M  3.1 18 290   M    M   0        21 320
28  92  67  80  10   0  15 0.00    M    M  3.3 13 360   M    M   0        17  10
================================================================================
SM 2428 1880         0 342  2.77    M    123.1          M       99
================================================================================
AV 86.7 67.1                               4.4 FASTST   M    M   4    MAX(MPH)
                                 MISC ---->  # 23 300               # 30  310
================================================================================
NOTES:
# LAST OF SEVERAL OCCURRENCES

COLUMN 17 PEAK WIND IN M.P.H.

PRELIMINARY LOCAL CLIMATOLOGICAL DATA (WS FORM: F-6) , PAGE 2

                                          STATION:  ZANESVILLE OH
                                          MONTH:    AUGUST
                                          YEAR:     2016
                                          LATITUDE:   39 56 N
                                          LONGITUDE:  81 54 W

[TEMPERATURE DATA]      [PRECIPITATION DATA]       SYMBOLS USED IN COLUMN 16

AVERAGE MONTHLY: 76.9   TOTAL FOR MONTH:   2.77    1 = FOG OR MIST
DPTR FM NORMAL:   5.0   DPTR FM NORMAL:   -0.14    2 = FOG REDUCING VISIBILITY
HIGHEST:    92 ON 28,27 GRTST 24HR  0.89 ON 16-17      TO 1/4 MILE OR LESS
LOWEST:     54 ON 23                               3 = THUNDER
                        SNOW, ICE PELLETS, HAIL    4 = ICE PELLETS
                        TOTAL MONTH:    M          5 = HAIL
                        GRTST 24HR    M  ON   M    6 = FREEZING RAIN OR DRIZZLE
                        GRTST DEPTH:  M  ON   M    7 = DUSTSTORM OR SANDSTORM:
                                                       VSBY 1/2 MILE OR LESS
                                                   8 = SMOKE OR HAZE
[NO. OF DAYS WITH]      [WEATHER - DAYS WITH]      9 = BLOWING SNOW
                                                   X = TORNADO
MAX 32 OR BELOW:   0    0.01 INCH OR MORE:  11
MAX 90 OR ABOVE:   9    0.10 INCH OR MORE:   8
MIN 32 OR BELOW:   0    0.50 INCH OR MORE:   2
MIN  0 OR BELOW:   0    1.00 INCH OR MORE:   0

[HDD (BASE 65) ]
TOTAL THIS MO.     0    CLEAR  (SCALE 0-3)  15
DPTR FM NORMAL    -1    PTCLDY (SCALE 4-7)  12
TOTAL FM JUL 1     0    CLOUDY (SCALE 8-10)  1
DPTR FM NORMAL    -4

[CDD (BASE 65) ]
TOTAL THIS MO.   342
DPTR FM NORMAL   141    [PRESSURE DATA]
TOTAL FM JAN 1  1119    HIGHEST SLP M ON M
DPTR FM NORMAL   457    LOWEST  SLP 29.73 ON 21

[REMARKS]
