000
CXUS52 KCAE 012103
CLAAGS


CLIMATE REPORT
NATIONAL WEATHER SERVICE COLUMBIA SC
332 PM EST MON JAN 1 2018

...................................

...THE AUGUSTA REGIONAL BUSH FIELD GA CLIMATE SUMMARY FOR THE YEAR OF 2017...

CLIMATE NORMAL PERIOD 1981 TO 2010
CLIMATE RECORD PERIOD 1873 TO 2017

WEATHER         OBSERVED          NORMAL  DEPART  LAST YEAR`S
                 VALUE   DATE(S)  VALUE   FROM    VALUE  DATE(S)
                                          NORMAL
................................................................
TEMPERATURE (F)
RECORD
 HIGH             108   08/10/2007
                        08/21/1983
 LOW                    01/21/1985
HIGHEST            98   08/16        MM      MM      102  07/03
                        07/20
                        07/07
LOWEST             23   12/16        MM      MM       20  01/19
                        03/16
AVG. MAXIMUM     80.3              76.9     3.4     78.6
AVG. MINIMUM     55.1              51.0     4.1     53.5
MEAN             67.7              63.9     3.8     66.0
DAYS MAX >= 90    121              82.0    39.0      104
DAYS MAX <= 32      0               0.3    -0.3        0
DAYS MIN <= 32     29              51.2   -22.2       41
DAYS MIN <= 0       0               0.0     0.0        0

PRECIPITATION (INCHES)
RECORD
 MAXIMUM        73.82   1929
 MINIMUM        28.05   1933
TOTALS          44.96             43.57    1.39    38.27
DAILY AVG.       0.12              0.12    0.00     0.10
DAYS >= .01       102             104.8    -2.8       91
DAYS >= .10        61              67.9    -6.9       59
DAYS >= .50        31              28.6     2.4       24
DAYS >= 1.00       14              12.4     1.6       10
GREATEST
 24 HR. TOTAL    4.10   09/11


SNOWFALL (INCHES)
RECORDS
 TOTAL           14.0   1973
 24 HR TOTAL       MM
 SNOW DEPTH        14   02/10/1973
TOTALS              T               0.9    -0.9      0.5
 LIQUID EQUIV      MM              0.10      MM     0.05
SINCE 7/1         0.0               0.1    -0.1      0.0
 LIQUID 7/1      0.00              0.00    0.00     0.00
SNOWDEPTH AVG.      0                MM      MM        0
DAYS >= TRACE       1               0.4     0.6        1
DAYS >= 1.0         0               0.3    -0.3        0
GREATEST
 SNOW DEPTH         0   MM
 24 HR TOTAL      0.0   MM


DEGREE_DAYS
HEATING TOTAL    1606              2470    -864     1989
 SINCE 7/1        836               975    -139       MM
COOLING TOTAL    2703              2088     615     2516
 SINCE 1/1       2703              2089     614     2516


.....................................................

WIND (MPH)
AVERAGE WIND SPEED              5.2
RESULTANT WIND SPEED/DIRECTION   1/241
HIGHEST WIND SPEED/DIRECTION    48/330    DATE  07/15
HIGHEST GUST SPEED/DIRECTION    61/330    DATE  07/15

SKY COVER
POSSIBLE SUNSHINE (PERCENT)   MM
AVERAGE SKY COVER           0.30
NUMBER OF DAYS FAIR          215
NUMBER OF DAYS PC            117
NUMBER OF DAYS CLOUDY         33

AVERAGE RH (PERCENT)     68

WEATHER CONDITIONS. NUMBER OF DAYS WITH
THUNDERSTORM              0     MIXED PRECIP               0
HEAVY RAIN               48     RAIN                      59
LIGHT RAIN              143     FREEZING RAIN              0
LT FREEZING RAIN          0     HAIL                       0
HEAVY SNOW                0     SNOW                       0
LIGHT SNOW                1     SLEET                      1
FOG                     239     FOG W/VIS <= 1/4 MILE     72
HAZE                     85

-  INDICATES NEGATIVE NUMBERS.
R  INDICATES RECORD WAS SET OR TIED.
MM INDICATES DATA IS MISSING.
T  INDICATES TRACE AMOUNT.

$$
