000
CXUS51 KBGM 050114 CCA
CLAAVP

CLIMATE REPORT...CORRECTED
NATIONAL WEATHER SERVICE BINGHAMTON NY
815 PM EST WED JAN 4 2017

...................................

...THE AVOCA PA CLIMATE SUMMARY FOR THE YEAR OF 2016...

CLIMATE NORMAL PERIOD 1981 TO 2010
CLIMATE RECORD PERIOD 1901 TO 2016

WEATHER         OBSERVED          NORMAL  DEPART  LAST YEAR`S
                 VALUE   DATE(S)  VALUE   FROM    VALUE  DATE(S)
                                          NORMAL
................................................................
TEMPERATURE (F)
RECORD
 HIGH             103   07/09/1936
 LOW              -21   01/21/1994
HIGHEST            97   07/23        59      38       95  09/08
LOWEST             -6   02/14        40     -46       -9  02/24
AVG. MAXIMUM     62.4              58.8     3.6     61.3
AVG. MINIMUM     42.5              40.1     2.4     41.5
MEAN             52.5              49.4     3.1     51.4
DAYS MAX >= 90     22               6.3    15.7       13
DAYS MAX <= 32     26              36.2   -10.2       38
DAYS MIN <= 32    114             123.6    -9.6      112
DAYS MIN <= 0       1               2.9    -1.9        8

PRECIPITATION (INCHES)
RECORD
 MAXIMUM        60.00   2011
 MINIMUM        26.22   1963
TOTALS          31.30             38.26   -6.96    31.18
DAILY AVG.       0.09              0.10   -0.01     0.09
DAYS >= .01       130             139.2    -9.2      131
DAYS >= .10        77              78.0    -1.0       74
DAYS >= .50        17              23.4    -6.4       16
DAYS >= 1.00        5               7.8    -2.8        5
GREATEST
 24 HR. TOTAL    2.62   07/30 TO 07/31

SNOWFALL (INCHES)
RECORDS
 TOTAL           80.2   1994
 24 HR TOTAL     18.7   03/13/1993 TO 03/13/1993
TOTALS           26.8              46.2   -19.4     38.9
SINCE 7/1        12.6              10.4     2.2      0.8
DAYS >= TRACE      58              33.0    25.0       67
DAYS >= 1.0        11              12.5    -1.5       13
GREATEST
 24 HR TOTAL      3.2   11/19 TO 11/19

DEGREE_DAYS
HEATING TOTAL    5442              6255    -813     5712
 SINCE 7/1       2012              2378    -366     1536
COOLING TOTAL     999               579     420      929
 SINCE 1/1        999               580     419      929

FREEZE DATES
RECORD
 EARLIEST     09/21/1956
 LATEST       05/25/1956
EARLIEST                        10/15
LATEST                          04/26
..................................................

WIND (MPH)
AVERAGE WIND SPEED              6.6
RESULTANT WIND SPEED/DIRECTION   2/281
HIGHEST WIND SPEED/DIRECTION    37/310    DATE  04/03
HIGHEST GUST SPEED/DIRECTION    48/320    DATE  04/03

SKY COVER
POSSIBLE SUNSHINE (PERCENT)   MM
AVERAGE SKY COVER           0.50
NUMBER OF DAYS FAIR          148
NUMBER OF DAYS PC            129
NUMBER OF DAYS CLOUDY         89

AVERAGE RH (PERCENT)     65

WEATHER CONDITIONS. NUMBER OF DAYS WITH
THUNDERSTORM              0     MIXED PRECIP               0
HEAVY RAIN               39     RAIN                      61
LIGHT RAIN              151     FREEZING RAIN              2
LT FREEZING RAIN          4     HAIL                       0
HEAVY SNOW                6     SNOW                      12
LIGHT SNOW               53     SLEET                      0
FOG                     150     FOG W/VIS <= 1/4 MILE     18
HAZE                     70

-  INDICATES NEGATIVE NUMBERS.
R  INDICATES RECORD WAS SET OR TIED.
MM INDICATES DATA IS MISSING.
T  INDICATES TRACE AMOUNT.

&&
2ND WARMEST YEAR WITH AVERAGE TEMPERATURE
CORRECTED SNOWFALL TOTALS AND SNOWFALL DAYS
$$
