000
CXUS55 KGLD 021724
CLAITR

CLIMATE REPORT
NATIONAL WEATHER SERVICE GOODLAND
1003 AM MST TUE JAN 2 2018

...................................

...THE BURLINGTON CLIMATE SUMMARY FOR THE YEAR OF 2017...

CLIMATE NORMAL PERIOD 1981 TO 2010
CLIMATE RECORD PERIOD 1896 TO 2018

WEATHER         OBSERVED          NORMAL  DEPART  LAST YEAR`S
                 VALUE   DATE(S)  VALUE   FROM    VALUE  DATE(S)
                                          NORMAL
................................................................
TEMPERATURE (F)
RECORD
 HIGH             112   06/15/1952
 LOW              -25   01/04/1959
HIGHEST           100   07/10       102      -2      104  06/21
                        07/06
LOWEST             -9   01/06        -9       0      -15  12/17
AVG. MAXIMUM     67.3              64.4     2.9     68.4
AVG. MINIMUM     37.8              36.4     1.4     38.1
MEAN             52.5              50.4     2.1     53.3
DAYS MAX >= 90     41              37.7     3.3       58
DAYS MAX <= 32     18              24.0    -6.0       12
DAYS MIN <= 32    147             162.5   -15.5      147
DAYS MIN <= 0       6               4.0     2.0        5

PRECIPITATION (INCHES)
RECORD
 MAXIMUM        30.85   2009
 MINIMUM         6.18   1954
TOTALS          25.24             17.46    7.78
DAYS >= .01        75                MM      MM       65
DAYS >= .10        51                MM      MM       36
DAYS >= .50        15                MM      MM       12
DAYS >= 1.00        6                MM      MM        5
GREATEST
 24 HR. TOTAL    2.25                               2.47

.................................................................



-  INDICATES NEGATIVE NUMBERS.
R  INDICATES RECORD WAS SET OR TIED.
MM INDICATES DATA IS MISSING.
T  INDICATES TRACE AMOUNT.

$$
