000
CXUS53 KEAX 011605 CCA
CLAMCI

CLIMATE REPORT.....CORRECTED PRODUCT IDENTIFIER
NATIONAL WEATHER SERVICE KANSAS CITY/PLEASANT HILL MO
137 AM CST THU JAN 1 2015

...................................

...THE KANSAS CITY INTERNATIONAL MO CLIMATE SUMMARY FOR THE YEAR OF 2014...

CLIMATE NORMAL PERIOD 1981 TO 2010
CLIMATE RECORD PERIOD 1888 TO 2014

WEATHER         OBSERVED          NORMAL  DEPART  LAST YEAR`S
                 VALUE   DATE(S)  VALUE   FROM    VALUE
                                          NORMAL
.............................................................
TEMPERATURE (F)
RECORD
 HIGH             113   08/14/1936
 LOW              -23   12/23/1989
                        12/22/1989
HIGHEST            97   08/23        99      -2
LOWEST            -11   01/06         0     -11
AVG. MAXIMUM     62.7              64.7    -2.0
AVG. MINIMUM     42.4              44.6    -2.2
MEAN             52.5              54.6    -2.1
DAYS MAX >= 90     21              30.2    -9.2
DAYS MAX <= 32     42              27.0    15.0
DAYS MIN <= 32    123             108.2    14.8      122
DAYS MIN <= 0      11               5.2     5.8

PRECIPITATION (INCHES)
RECORD
 MAXIMUM        60.25   1961
 MINIMUM        20.93   1953
TOTALS          40.04             38.86    1.18
DAILY AVG.       0.11              0.11    0.00
DAYS >= .01       106             104.8     1.2
DAYS >= .10        57              64.1    -7.1
DAYS >= .50        26              25.6     0.4
DAYS >= 1.00       11              10.0     1.0
GREATEST
 24 HR. TOTAL    3.47   MM

SNOWFALL (INCHES)
RECORDS
 TOTAL           63.0   1960
 24 HR TOTAL     20.0   03/23/1912 TO 03/23/1912
TOTALS           23.5              18.8     4.7
DAYS >= TRACE      35              14.6    20.4
DAYS >= 1.0         8               5.9     2.1
GREATEST
 SNOW DEPTH        10   02/08
                        02/06
                        02/07
 24 HR TOTAL      7.5   MM

DEGREE_DAYS
HEATING TOTAL    5656              5133     523
COOLING TOTAL    1263              1360     -97
..............................................................

WIND (MPH)
AVERAGE WIND SPEED              10.6
HIGHEST WIND SPEED/DIRECTION    47/100    DATE  06/05
HIGHEST GUST SPEED/DIRECTION    58/230    DATE  04/27

SKY COVER
POSSIBLE SUNSHINE (PERCENT)    0
AVERAGE SKY COVER           0.60
NUMBER OF DAYS FAIR           85
NUMBER OF DAYS PC            185
NUMBER OF DAYS CLOUDY         95

AVERAGE RH (PERCENT)     66

WEATHER CONDITIONS. NUMBER OF DAYS WITH
THUNDERSTORM              0     MIXED PRECIP               0
HEAVY RAIN               31     RAIN                      50
LIGHT RAIN              119     FREEZING RAIN              0
LT FREEZING RAIN          7     HAIL                       7
HEAVY SNOW                2     SNOW                       5
LIGHT SNOW               40     SLEET                      5
FOG                     144     FOG W/VIS <= 1/4 MILE     14
HAZE                     99

-  INDICATES NEGATIVE NUMBERS.
R  INDICATES RECORD WAS SET OR TIED.
MM INDICATES DATA IS MISSING.
T  INDICATES TRACE AMOUNT.

$$
