000
CXUS53 KEAX 020235
CLAMCI

CLIMATE REPORT
NATIONAL WEATHER SERVICE KANSAS CITY/PLEASANT HILL MO
831 PM CST FRI JAN 1 2016

...................................

...THE KANSAS CITY INTERNATIONAL MO CLIMATE SUMMARY FOR THE YEAR OF 2015...

CLIMATE NORMAL PERIOD 1981 TO 2010
CLIMATE RECORD PERIOD 1888 TO 2015

WEATHER         OBSERVED          NORMAL  DEPART  LAST YEAR`S
                 VALUE   DATE(S)  VALUE   FROM    VALUE
                                          NORMAL
.............................................................
TEMPERATURE (F)
RECORD
 HIGH             113   08/14/1936
 LOW              -23   12/23/1989
                        12/22/1989
HIGHEST            96   07/14        99      -3
LOWEST             -3   01/08         0      -3
                        01/07
AVG. MAXIMUM     65.9              64.7     1.2
AVG. MINIMUM     45.6              44.6     1.0
MEAN             55.8              54.6     1.2
DAYS MAX >= 90     29              30.2    -1.2
DAYS MAX <= 32     26              27.0    -1.0
DAYS MIN <= 32     94             108.2   -14.2      123
DAYS MIN <= 0       3               5.2    -2.2

PRECIPITATION (INCHES)
RECORD
 MAXIMUM        60.25   1961
 MINIMUM        20.93   1953
TOTALS          46.59             38.86    7.73
DAILY AVG.       0.13              0.11    0.02
DAYS >= .01       118             104.8    13.2
DAYS >= .10        76              64.1    11.9
DAYS >= .50        30              25.6     4.4
DAYS >= 1.00       11              10.0     1.0
GREATEST
 24 HR. TOTAL    4.28   MM

SNOWFALL (INCHES)
RECORDS
 TOTAL           63.0   1960
 24 HR TOTAL     20.0   03/23/1912 TO 03/23/1912
TOTALS           13.6              18.8    -5.2
DAYS >= TRACE      25              14.6    10.4
DAYS >= 1.0         5               5.9    -0.9
GREATEST
 SNOW DEPTH         3   02/01
 24 HR TOTAL      2.5   MM

DEGREE_DAYS
HEATING TOTAL    4578              5133    -555
COOLING TOTAL    1370              1360      10
..............................................................

WIND (MPH)
AVERAGE WIND SPEED              10.0
HIGHEST WIND SPEED/DIRECTION    44/010    DATE  06/26
HIGHEST GUST SPEED/DIRECTION    54/210    DATE  11/11

SKY COVER
POSSIBLE SUNSHINE (PERCENT)   MM
AVERAGE SKY COVER           0.60
NUMBER OF DAYS FAIR           97
NUMBER OF DAYS PC            157
NUMBER OF DAYS CLOUDY        111

AVERAGE RH (PERCENT)     70

WEATHER CONDITIONS. NUMBER OF DAYS WITH
THUNDERSTORM             64     MIXED PRECIP               0
HEAVY RAIN               33     RAIN                      55
LIGHT RAIN              130     FREEZING RAIN              2
LT FREEZING RAIN          9     HAIL                       2
HEAVY SNOW                0     SNOW                       4
LIGHT SNOW               24     SLEET                      3
FOG                     162     FOG W/VIS <= 1/4 MILE     12
HAZE                     97

-  INDICATES NEGATIVE NUMBERS.
R  INDICATES RECORD WAS SET OR TIED.
MM INDICATES DATA IS MISSING.
T  INDICATES TRACE AMOUNT.

$$
