872
CXUS53 KEAX 020239 RRA
CLAOJC

CLIMATE REPORT
NATIONAL WEATHER SERVICE KANSAS CITY/PLEASANT HILL MO
831 PM CST FRI JAN 1 2016

...................................

...THE JOHNSON COUNTY EXECUTIVE KS CLIMATE SUMMARY FOR THE YEAR OF 2015...

CLIMATE NORMAL PERIOD 1981 TO 2010
CLIMATE RECORD PERIOD 9999 TO 9999

WEATHER         OBSERVED          NORMAL  DEPART
                 VALUE   DATE(S)  VALUE   FROM
                                          NORMAL
................................................
TEMPERATURE (F)
HIGHEST            97   07/14        98      -1
LOWEST              0   01/08         2      -2
                        01/07
AVG. MAXIMUM     65.9              64.8     1.1
AVG. MINIMUM     46.4              45.5     0.9
MEAN             56.1              55.2     0.9
DAYS MAX >= 90     25              33.2    -8.2
DAYS MAX <= 32     25              22.5     2.5
DAYS MIN <= 32     91              98.5    -7.5
DAYS MIN <= 0       2               3.1    -1.1

PRECIPITATION (INCHES)
TOTALS          47.15             40.04    7.11
DAILY AVG.       0.13              0.11    0.02
DAYS >= .01       109             100.3     8.7
DAYS >= .10        75              65.0    10.0
DAYS >= .50        28              25.7     2.3
DAYS >= 1.00       14              11.4     2.6
GREATEST
 24 HR. TOTAL    2.75   MM

DEGREE_DAYS
HEATING TOTAL    4449              4935    -486
COOLING TOTAL    1359              1348      11
.................................................

WIND (MPH)
AVERAGE WIND SPEED              8.5
HIGHEST WIND SPEED/DIRECTION    53/360    DATE  06/26
HIGHEST GUST SPEED/DIRECTION    64/360    DATE  06/26

SKY COVER
POSSIBLE SUNSHINE (PERCENT)   MM
AVERAGE SKY COVER           0.30
NUMBER OF DAYS FAIR          219
NUMBER OF DAYS PC             93
NUMBER OF DAYS CLOUDY         53

AVERAGE RH (PERCENT)     70

WEATHER CONDITIONS. NUMBER OF DAYS WITH
THUNDERSTORM             63     MIXED PRECIP               0
HEAVY RAIN               36     RAIN                      56
LIGHT RAIN              116     FREEZING RAIN              3
LT FREEZING RAIN          6     HAIL                       0
HEAVY SNOW                0     SNOW                       5
LIGHT SNOW               22     SLEET                      0
FOG                     159     FOG W/VIS <= 1/4 MILE     14
HAZE                     40

-  INDICATES NEGATIVE NUMBERS.
R  INDICATES RECORD WAS SET OR TIED.
MM INDICATES DATA IS MISSING.
T  INDICATES TRACE AMOUNT.

$$
