000
CXUS53 KPAH 010646
CLAPAH

SDFCLMPEA 000
TTAA00 KPAH 010645


CLIMATE REPORT
NATIONAL WEATHER SERVICE PADUCAH KY
1243 AM CST FRI JAN 1 2016

...................................

...THE PADUCAH KY CLIMATE SUMMARY FOR THE YEAR OF 2015...

CLIMATE NORMAL PERIOD 1981 TO 2010
CLIMATE RECORD PERIOD 1937 TO 2015

WEATHER         OBSERVED          NORMAL  DEPART  LAST YEAR`S
                 VALUE   DATE(S)  VALUE   FROM    VALUE  DATE(S)
                                          NORMAL
................................................................
TEMPERATURE (F)
RECORD
 HIGH             108   06/29/2012
                        07/17/1942
                        07/17/1942
 LOW              -15   01/20/1985
HIGHEST            96   09/05                         97  08/24
                        07/29
LOWEST            -10   02/19                          2  01/29
                                                          01/06
                                                          01/24
AVG. MAXIMUM     69.1              68.5     0.6     67.2
AVG. MINIMUM     48.3              47.3     1.0     46.5
MEAN             58.7              57.9     0.8     56.8
DAYS MAX >= 90     44              42.5     1.5       46
DAYS MAX <= 32     18              11.2     6.8       21
DAYS MAX >= 95      5
DAYS MAX >= 100     0
DAYS MIN <= 32     79              82.2    -3.2      101
DAYS MIN <= 0       4               1.1     2.9        0

PRECIPITATION (INCHES)
RECORD
 MAXIMUM        74.85   2011
 MINIMUM        28.20   1963
TOTALS          59.17             49.08   10.09    46.84
DAILY AVG.       0.16              0.13    0.03     0.13
DAYS >= .01       112             110.2     1.8      116
DAYS >= .10        78              74.1     3.9       77
DAYS >= .50        36              32.4     3.6       35
DAYS >= 1.00       21              13.7     7.3       10
DAYS >= 0.25       62                                 52
DAYS >= 2.00        6                                  2
GREATEST
 24 HR. TOTAL    3.42
 STORM TOTAL       MM
 (MM/DD(HH))

SNOWFALL (INCHES)
RECORDS
 TOTAL           37.7   1960
 24 HR TOTAL     14.0   12/22/2004 TO 12/22/2004
TOTALS           25.6               9.1    16.5     16.3
 LIQUID EQUIV    2.56
SINCE 7/1         0.0               2.3    -2.3      3.0
SNOWDEPTH AVG.      0                                  0
DAYS >= TRACE      17               7.2     9.8       28
DAYS >= 1.0         4               2.8     1.2        5
GREATEST
 SNOW DEPTH        11   02/18                          6  02/03
                                                          02/02
 24 HR TOTAL     10.8   MM
 STORM TOTAL       MM
 (MM/DD(HH))

DEGREE_DAYS
HEATING TOTAL    3838              4131    -293     4564
 SINCE 7/1         MM              1631      MM

FREEZE DATES
RECORD
 EARLIEST     10/01/1984
 LATEST       04/28/1992
EARLIEST                        10/26
LATEST                          04/04
.................................................................

WIND (MPH)
AVERAGE WIND SPEED              6.4
HIGHEST WIND SPEED/DIRECTION    37/260    DATE  12/23
HIGHEST GUST SPEED/DIRECTION    54/280    DATE  12/23

SKY COVER
POSSIBLE SUNSHINE (PERCENT)   MM
AVERAGE SKY COVER           0.30
NUMBER OF DAYS FAIR          212
NUMBER OF DAYS PC             93
NUMBER OF DAYS CLOUDY         60

AVERAGE RH (PERCENT)     70

WEATHER CONDITIONS. NUMBER OF DAYS WITH
THUNDERSTORM              0     MIXED PRECIP               0
HEAVY RAIN               52     RAIN                      65
LIGHT RAIN              130     FREEZING RAIN              3
LT FREEZING RAIN          4     HAIL                       0
HEAVY SNOW                2     SNOW                       4
LIGHT SNOW               15     SLEET                      4
FOG                     210     FOG W/VIS <= 1/4 MILE     31
HAZE                     96

-  INDICATES NEGATIVE NUMBERS.
R  INDICATES RECORD WAS SET OR TIED.
MM INDICATES DATA IS MISSING.
T  INDICATES TRACE AMOUNT.

$$
