000
CDUS41 KBTV 210558
CLI1V4


CLIMATE REPORT
NATIONAL WEATHER SERVICE BURLINGTON VT
157 AM EDT THU AUG 21 2014


...................................

...THE ST. JOHNSBURY VT CLIMATE SUMMARY FOR AUGUST 20 2014...

CLIMATE NORMAL PERIOD 1981 TO 2010
CLIMATE RECORD PERIOD 1894 TO 2014


WEATHER ITEM   OBSERVED TIME   RECORD YEAR NORMAL DEPARTURE LAST
                VALUE   (LST)  VALUE       VALUE  FROM      YEAR
                                                  NORMAL
..................................................................
TEMPERATURE (F)
 YESTERDAY
  MAXIMUM         78    200 PM  95    1916  78      0       83
  MINIMUM         50        MM  39    1923  57     -7       57
  AVERAGE         64                        68     -4       70

PRECIPITATION (IN)
  YESTERDAY        0.00          2.32 2006   0.13  -0.13     0.00
  MONTH TO DATE    1.52                      3.02  -1.50     1.36
  SINCE JUN 1     11.48                     11.15   0.33    11.42
  SINCE JAN 1     27.18                     24.56   2.62    23.80

DEGREE DAYS
 HEATING
  YESTERDAY        1                         1      0        0
  MONTH TO DATE   31                        19     12       39
  SINCE JUN 1    118                       106     12      161
  SINCE JUL 1     49                        34     15       48

 COOLING
  YESTERDAY        0                         4     -4        5
  MONTH TO DATE   32                        88    -56       25
  SINCE JUN 1    190                       347   -157      297
  SINCE JAN 1    194                       365   -171      313
..................................................................


WIND (MPH)
  HIGHEST WIND SPEED    MM   HIGHEST WIND DIRECTION    MM
  HIGHEST GUST SPEED    MM   HIGHEST GUST DIRECTION    MM
  AVERAGE WIND SPEED    MM


SKY COVER
  AVERAGE SKY COVER 0.0


WEATHER CONDITIONS
 THE FOLLOWING WEATHER WAS RECORDED YESTERDAY.
  NO SIGNIFICANT WEATHER WAS OBSERVED.


RELATIVE HUMIDITY (PERCENT)
 HIGHEST   100           100 AM
 LOWEST     42           200 PM
 AVERAGE    71

..........................................................


THE ST. JOHNSBURY VT CLIMATE NORMALS FOR TODAY
                         NORMAL    RECORD    YEAR
 MAXIMUM TEMPERATURE (F)   78        96      1916
 MINIMUM TEMPERATURE (F)   56        37      1934


SUNRISE AND SUNSET
AUGUST 21 2014........SUNRISE   558 AM EDT   SUNSET   744 PM EDT
AUGUST 22 2014........SUNRISE   559 AM EDT   SUNSET   742 PM EDT


-  INDICATES NEGATIVE NUMBERS.
R  INDICATES RECORD WAS SET OR TIED.
MM INDICATES DATA IS MISSING.
T  INDICATES TRACE AMOUNT.




$$
