000
CDUS41 KBTV 050539
CLI1V4


CLIMATE REPORT
NATIONAL WEATHER SERVICE BURLINGTON VT
137 AM EDT THU MAY 5 2016


...................................

...THE ST. JOHNSBURY VT CLIMATE SUMMARY FOR MAY 4 2016...

CLIMATE NORMAL PERIOD 1981 TO 2010
CLIMATE RECORD PERIOD 1894 TO 2016


WEATHER ITEM   OBSERVED TIME   RECORD YEAR NORMAL DEPARTURE LAST
                VALUE   (LST)  VALUE       VALUE  FROM      YEAR
                                                  NORMAL
..................................................................
TEMPERATURE (F)
 YESTERDAY
  MAXIMUM         52        MM  91    1944  65    -13       83
  MINIMUM         39        MM  21    1986  40     -1       41
  AVERAGE         46                        52     -6       62

PRECIPITATION (IN)
  YESTERDAY        0.07          1.13 1983   0.11  -0.04     0.00
  MONTH TO DATE    0.88                      0.41   0.47     0.00
  SINCE MAR 1      5.68                      5.78  -0.10     3.79
  SINCE JAN 1     10.42                     10.46  -0.04     8.35

DEGREE DAYS
 HEATING
  YESTERDAY       19                        13      6        3
  MONTH TO DATE   79                        54     25       32
  SINCE MAR 1   1743                      1749     -6     2009
  SINCE JUL 1   6628                      7473   -845     8074

 COOLING
  YESTERDAY        0                         0      0        0
  MONTH TO DATE    0                         0      0        0
  SINCE MAR 1      0                         1     -1        0
  SINCE JAN 1      0                         1     -1        0
..................................................................


WIND (MPH)
  HIGHEST WIND SPEED    MM   HIGHEST WIND DIRECTION    MM
  HIGHEST GUST SPEED    MM   HIGHEST GUST DIRECTION    MM
  AVERAGE WIND SPEED    MM


SKY COVER
  AVERAGE SKY COVER 0.0


WEATHER CONDITIONS
 THE FOLLOWING WEATHER WAS RECORDED YESTERDAY.
  NO SIGNIFICANT WEATHER WAS OBSERVED.


RELATIVE HUMIDITY (PERCENT)
 HIGHEST    93           800 PM
 LOWEST     63          1200 PM
 AVERAGE    78

..........................................................


THE ST. JOHNSBURY VT CLIMATE NORMALS FOR TODAY
                         NORMAL    RECORD    YEAR
 MAXIMUM TEMPERATURE (F)   65        91      1944
 MINIMUM TEMPERATURE (F)   40        22      1911


SUNRISE AND SUNSET
MAY  5 2016...........SUNRISE   533 AM EDT   SUNSET   758 PM EDT
MAY  6 2016...........SUNRISE   531 AM EDT   SUNSET   759 PM EDT


-  INDICATES NEGATIVE NUMBERS.
R  INDICATES RECORD WAS SET OR TIED.
MM INDICATES DATA IS MISSING.
T  INDICATES TRACE AMOUNT.




$$
