000
CDUS41 KBTV 220521
CLI1V4


CLIMATE REPORT
NATIONAL WEATHER SERVICE BURLINGTON VT
1219 AM EST MON JAN 22 2018


...................................

...THE ST. JOHNSBURY VT CLIMATE SUMMARY FOR JANUARY 21 2018...

CLIMATE NORMAL PERIOD 1981 TO 2010
CLIMATE RECORD PERIOD 1894 TO 2018


WEATHER ITEM   OBSERVED TIME   RECORD YEAR NORMAL DEPARTURE LAST
                VALUE   (LST)  VALUE       VALUE  FROM      YEAR
                                                  NORMAL
..................................................................
TEMPERATURE (F)
 YESTERDAY
  MAXIMUM         40        MM  53    2006  27     13       38
  MINIMUM         32        MM -22    1936   6     26       32
  AVERAGE         36                        16     20       35

PRECIPITATION (IN)
  YESTERDAY        0.00          1.12 1979   0.08  -0.08     0.00
  MONTH TO DATE    2.60                      1.69   0.91     0.94
  SINCE DEC 1      5.53                      4.77   0.76     4.51
  SINCE JAN 1      2.60                      1.69   0.91     0.94

DEGREE DAYS
 HEATING
  YESTERDAY       29                        49    -20       30
  MONTH TO DATE 1053                      1012     41      867
  SINCE DEC 1   2535                      2309    226     2128
  SINCE JUL 1   4008                      3965     43     3588

 COOLING
  YESTERDAY        0                         0      0        0
  MONTH TO DATE    0                         0      0        0
  SINCE DEC 1      0                         0      0        0
  SINCE JAN 1      0                         0      0        0
..................................................................


WIND (MPH)
  HIGHEST WIND SPEED    MM   HIGHEST WIND DIRECTION    MM
  HIGHEST GUST SPEED    MM   HIGHEST GUST DIRECTION    MM
  AVERAGE WIND SPEED    MM


SKY COVER
  AVERAGE SKY COVER 0.0


WEATHER CONDITIONS
 THE FOLLOWING WEATHER WAS RECORDED YESTERDAY.
  NO SIGNIFICANT WEATHER WAS OBSERVED.


RELATIVE HUMIDITY (PERCENT)
 HIGHEST    85          1100 PM
 LOWEST     59           300 PM
 AVERAGE    72

..........................................................


THE ST. JOHNSBURY VT CLIMATE NORMALS FOR TODAY
                         NORMAL    RECORD    YEAR
 MAXIMUM TEMPERATURE (F)   27        53      1910
 MINIMUM TEMPERATURE (F)    6       -28      1984


SUNRISE AND SUNSET
JANUARY 22 2018.......SUNRISE   716 AM EST   SUNSET   444 PM EST
JANUARY 23 2018.......SUNRISE   715 AM EST   SUNSET   445 PM EST


-  INDICATES NEGATIVE NUMBERS.
R  INDICATES RECORD WAS SET OR TIED.
MM INDICATES DATA IS MISSING.
T  INDICATES TRACE AMOUNT.




$$
