000
CDUS41 KBTV 230523
CLI1V4


CLIMATE REPORT
NATIONAL WEATHER SERVICE BURLINGTON VT
120 AM EDT SUN JUL 23 2017


...................................

...THE ST. JOHNSBURY VT CLIMATE SUMMARY FOR JULY 22 2017...

CLIMATE NORMAL PERIOD 1981 TO 2010
CLIMATE RECORD PERIOD 1894 TO 2017


WEATHER ITEM   OBSERVED TIME   RECORD YEAR NORMAL DEPARTURE LAST
                VALUE   (LST)  VALUE       VALUE  FROM      YEAR
                                                  NORMAL
..................................................................
TEMPERATURE (F)
 YESTERDAY
  MAXIMUM         83    233 PM  97    1918  81      2       90
  MINIMUM         59   1159 PM  41    1914  59      0       66
  AVERAGE         71                        70      1       78

PRECIPITATION (IN)
  YESTERDAY        0.00          1.00 1957   0.13  -0.13     0.66
  MONTH TO DATE    3.40                      2.83   0.57     4.67
  SINCE JUN 1      9.50                      6.84   2.66     9.30
  SINCE JAN 1     26.40                     20.25   6.15    21.88

DEGREE DAYS
 HEATING
  YESTERDAY        0                         0      0        0
  MONTH TO DATE   11                        10      1       16
  SINCE JUN 1    116                        82     34      107
  SINCE JUL 1     11                        10      1       16

 COOLING
  YESTERDAY        6                         5      1       13
  MONTH TO DATE  102                       125    -23      107
  SINCE JUN 1    174                       215    -41      168
  SINCE JAN 1    187                       233    -46      211
..................................................................


WIND (MPH)
  HIGHEST WIND SPEED    MM   HIGHEST WIND DIRECTION    MM
  HIGHEST GUST SPEED    MM   HIGHEST GUST DIRECTION    MM
  AVERAGE WIND SPEED    MM


SKY COVER
  AVERAGE SKY COVER 0.0


WEATHER CONDITIONS
 THE FOLLOWING WEATHER WAS RECORDED YESTERDAY.
  NO SIGNIFICANT WEATHER WAS OBSERVED.


RELATIVE HUMIDITY (PERCENT)
 HIGHEST   100           100 AM
 LOWEST     45          1100 AM
 AVERAGE    73

..........................................................


THE ST. JOHNSBURY VT CLIMATE NORMALS FOR TODAY
                         NORMAL    RECORD    YEAR
 MAXIMUM TEMPERATURE (F)   81        97      1918
 MINIMUM TEMPERATURE (F)   59        42      1977


SUNRISE AND SUNSET
JULY 23 2017..........SUNRISE   526 AM EDT   SUNSET   823 PM EDT
JULY 24 2017..........SUNRISE   527 AM EDT   SUNSET   822 PM EDT


-  INDICATES NEGATIVE NUMBERS.
R  INDICATES RECORD WAS SET OR TIED.
MM INDICATES DATA IS MISSING.
T  INDICATES TRACE AMOUNT.




$$
