538
CDUS41 KBTV 220613
CLI1V4


CLIMATE REPORT
NATIONAL WEATHER SERVICE BURLINGTON VT
211 AM EDT FRI SEP 22 2017


...................................

...THE ST. JOHNSBURY VT CLIMATE SUMMARY FOR SEPTEMBER 21 2017...

CLIMATE NORMAL PERIOD 1981 TO 2010
CLIMATE RECORD PERIOD 1894 TO 2017


WEATHER ITEM   OBSERVED TIME   RECORD YEAR NORMAL DEPARTURE LAST
                VALUE   (LST)  VALUE       VALUE  FROM      YEAR
                                                  NORMAL
..................................................................
TEMPERATURE (F)
 YESTERDAY
  MAXIMUM         79        MM  87    1965  69     10       79
  MINIMUM         51        MM  26    1929  47      4       53
  AVERAGE         65                        58      7       66

PRECIPITATION (IN)
  YESTERDAY        0.01          2.26 1938   0.12  -0.11     0.00
  MONTH TO DATE    2.90                      2.24   0.66     1.14
  SINCE SEP 1      2.90                      2.24   0.66     1.14
  SINCE JAN 1     32.44                     28.00   4.44    29.08

DEGREE DAYS
 HEATING
  YESTERDAY        0                         8     -8        0
  MONTH TO DATE   89                        98     -9       51
  SINCE SEP 1     89                        98     -9       51
  SINCE JUL 1    180                       148     32       78

 COOLING
  YESTERDAY        0                         1     -1        1
  MONTH TO DATE   28                        32     -4       49
  SINCE SEP 1     28                        32     -4       49
  SINCE JAN 1    290                       430   -140      457
..................................................................


WIND (MPH)
  HIGHEST WIND SPEED    MM   HIGHEST WIND DIRECTION    MM
  HIGHEST GUST SPEED    MM   HIGHEST GUST DIRECTION    MM
  AVERAGE WIND SPEED    MM


SKY COVER
  AVERAGE SKY COVER 0.0


WEATHER CONDITIONS
 THE FOLLOWING WEATHER WAS RECORDED YESTERDAY.
  NO SIGNIFICANT WEATHER WAS OBSERVED.


RELATIVE HUMIDITY (PERCENT)
 HIGHEST   100          1200 AM
 LOWEST     39           300 PM
 AVERAGE    70

..........................................................


THE ST. JOHNSBURY VT CLIMATE NORMALS FOR TODAY
                         NORMAL    RECORD    YEAR
 MAXIMUM TEMPERATURE (F)   68        90      1957
 MINIMUM TEMPERATURE (F)   47        27      1904


SUNRISE AND SUNSET
SEPTEMBER 22 2017.....SUNRISE   635 AM EDT   SUNSET   645 PM EDT
SEPTEMBER 23 2017.....SUNRISE   637 AM EDT   SUNSET   643 PM EDT


-  INDICATES NEGATIVE NUMBERS.
R  INDICATES RECORD WAS SET OR TIED.
MM INDICATES DATA IS MISSING.
T  INDICATES TRACE AMOUNT.




$$
