000
CDUS41 KBTV 250600
CLI1V4


CLIMATE REPORT
NATIONAL WEATHER SERVICE BURLINGTON VT
135 AM EDT THU MAY 25 2017


...................................

...THE ST. JOHNSBURY VT CLIMATE SUMMARY FOR MAY 24 2017...

CLIMATE NORMAL PERIOD 1981 TO 2010
CLIMATE RECORD PERIOD 1894 TO 2017


WEATHER ITEM   OBSERVED TIME   RECORD YEAR NORMAL DEPARTURE LAST
                VALUE   (LST)  VALUE       VALUE  FROM      YEAR
                                                  NORMAL
..................................................................
TEMPERATURE (F)
 YESTERDAY
  MAXIMUM         74        MM  91    1975  71      3       77
  MINIMUM         47        MM  24    1903  47      0       46
  AVERAGE         61                        59      2       62

PRECIPITATION (IN)
  YESTERDAY        0.00          1.40 2004   0.12  -0.12     0.37
  MONTH TO DATE    3.64                      2.55   1.09     3.01
  SINCE MAR 1      9.96                      7.92   2.04     7.81
  SINCE JAN 1     15.70                     12.60   3.10    12.55

DEGREE DAYS
 HEATING
  YESTERDAY        4                         7     -3        3
  MONTH TO DATE  314                       244     70      288
  SINCE MAR 1   2108                      1939    169     1952
  SINCE JUL 1   7121                      7663   -542     6837

 COOLING
  YESTERDAY        0                         1     -1        0
  MONTH TO DATE   12                         7      5        0
  SINCE MAR 1     13                         8      5        0
  SINCE JAN 1     13                         8      5        0
..................................................................


WIND (MPH)
  HIGHEST WIND SPEED    MM   HIGHEST WIND DIRECTION    MM
  HIGHEST GUST SPEED    MM   HIGHEST GUST DIRECTION    MM
  AVERAGE WIND SPEED    MM


SKY COVER
  AVERAGE SKY COVER 0.0


WEATHER CONDITIONS
 THE FOLLOWING WEATHER WAS RECORDED YESTERDAY.
  NO SIGNIFICANT WEATHER WAS OBSERVED.


RELATIVE HUMIDITY (PERCENT)
 HIGHEST   100           300 AM
 LOWEST     35           300 PM
 AVERAGE    68

..........................................................


THE ST. JOHNSBURY VT CLIMATE NORMALS FOR TODAY
                         NORMAL    RECORD    YEAR
 MAXIMUM TEMPERATURE (F)   71        90      2010
                                             2007
 MINIMUM TEMPERATURE (F)   47        24      1956


SUNRISE AND SUNSET
MAY 25 2017...........SUNRISE   511 AM EDT   SUNSET   819 PM EDT
MAY 26 2017...........SUNRISE   510 AM EDT   SUNSET   820 PM EDT


-  INDICATES NEGATIVE NUMBERS.
R  INDICATES RECORD WAS SET OR TIED.
MM INDICATES DATA IS MISSING.
T  INDICATES TRACE AMOUNT.




$$
