421
CDUS41 KBTV 300549
CLI1V4


CLIMATE REPORT
NATIONAL WEATHER SERVICE BURLINGTON VT
145 AM EDT THU MAR 30 2017


...................................

...THE ST. JOHNSBURY VT CLIMATE SUMMARY FOR MARCH 29 2017...

CLIMATE NORMAL PERIOD 1981 TO 2010
CLIMATE RECORD PERIOD 1894 TO 2017


WEATHER ITEM   OBSERVED TIME   RECORD YEAR NORMAL DEPARTURE LAST
                VALUE   (LST)  VALUE       VALUE  FROM      YEAR
                                                  NORMAL
..................................................................
TEMPERATURE (F)
 YESTERDAY
  MAXIMUM         39        MM  82    1946  47     -8       42
  MINIMUM         34        MM -10    1974  26      8       26
  AVERAGE         37                        36      1       34

PRECIPITATION (IN)
  YESTERDAY        0.00          1.05 1899   0.09  -0.09     0.01
  MONTH TO DATE    3.02                      2.34   0.68     2.48
  SINCE MAR 1      3.02                      2.34   0.68     2.48
  SINCE JAN 1      8.76                      7.02   1.74     7.22

DEGREE DAYS
 HEATING
  YESTERDAY       28                        29     -1       31
  MONTH TO DATE 1187                      1020    167      892
  SINCE MAR 1   1187                      1020    167      892
  SINCE JUL 1   6200                      6744   -544     5777

 COOLING
  YESTERDAY        0                         0      0        0
  MONTH TO DATE    0                         0      0        0
  SINCE MAR 1      0                         0      0        0
  SINCE JAN 1      0                         0      0        0
..................................................................


WIND (MPH)
  HIGHEST WIND SPEED    MM   HIGHEST WIND DIRECTION    MM
  HIGHEST GUST SPEED    MM   HIGHEST GUST DIRECTION    MM
  AVERAGE WIND SPEED    MM


SKY COVER
  AVERAGE SKY COVER 0.0


WEATHER CONDITIONS
 THE FOLLOWING WEATHER WAS RECORDED YESTERDAY.
  NO SIGNIFICANT WEATHER WAS OBSERVED.


RELATIVE HUMIDITY (PERCENT)
 HIGHEST   100          1200 AM
 LOWEST     56           900 PM
 AVERAGE    78

..........................................................


THE ST. JOHNSBURY VT CLIMATE NORMALS FOR TODAY
                         NORMAL    RECORD    YEAR
 MAXIMUM TEMPERATURE (F)   48        79      1998
 MINIMUM TEMPERATURE (F)   26         5      1915


SUNRISE AND SUNSET
MARCH 30 2017.........SUNRISE   632 AM EDT   SUNSET   713 PM EDT
MARCH 31 2017.........SUNRISE   631 AM EDT   SUNSET   714 PM EDT


-  INDICATES NEGATIVE NUMBERS.
R  INDICATES RECORD WAS SET OR TIED.
MM INDICATES DATA IS MISSING.
T  INDICATES TRACE AMOUNT.




$$
