000
CDUS41 KBTV 290527
CLI1V4


CLIMATE REPORT
NATIONAL WEATHER SERVICE BURLINGTON VT
123 AM EDT SUN MAR 29 2015


...................................

...THE ST. JOHNSBURY VT CLIMATE SUMMARY FOR MARCH 28 2015...

CLIMATE NORMAL PERIOD 1981 TO 2010
CLIMATE RECORD PERIOD 1894 TO 2015


WEATHER ITEM   OBSERVED TIME   RECORD YEAR NORMAL DEPARTURE LAST
                VALUE   (LST)  VALUE       VALUE  FROM      YEAR
                                                  NORMAL
..................................................................
TEMPERATURE (F)
 YESTERDAY
  MAXIMUM         34        MM  78    1945  47    -13       40
  MINIMUM         17        MM   1    1956  25     -8       29
  AVERAGE         26                        36    -10       35

PRECIPITATION (IN)
  YESTERDAY        0.00          0.86 1919   0.09  -0.09     0.21
  MONTH TO DATE    1.31                      2.25  -0.94     2.26
  SINCE MAR 1      1.31                      2.25  -0.94     2.26
  SINCE JAN 1      5.87                      6.93  -1.06     7.39

DEGREE DAYS
 HEATING
  YESTERDAY       39                        29     10       30
  MONTH TO DATE 1168                       991    177     1335
  SINCE MAR 1   1168                       991    177     1335
  SINCE JUL 1   7233                      6715    518     7367

 COOLING
  YESTERDAY        0                         0      0        0
  MONTH TO DATE    0                         0      0        0
  SINCE MAR 1      0                         0      0        0
  SINCE JAN 1      0                         0      0        0
..................................................................


WIND (MPH)
  HIGHEST WIND SPEED    MM   HIGHEST WIND DIRECTION    MM
  HIGHEST GUST SPEED    MM   HIGHEST GUST DIRECTION    MM
  AVERAGE WIND SPEED    MM


SKY COVER
  AVERAGE SKY COVER 0.0


WEATHER CONDITIONS
 THE FOLLOWING WEATHER WAS RECORDED YESTERDAY.
  NO SIGNIFICANT WEATHER WAS OBSERVED.


RELATIVE HUMIDITY (PERCENT)
 HIGHEST    69          1200 AM
 LOWEST     39           800 PM
 AVERAGE    54

..........................................................


THE ST. JOHNSBURY VT CLIMATE NORMALS FOR TODAY
                         NORMAL    RECORD    YEAR
 MAXIMUM TEMPERATURE (F)   47        82      1946
 MINIMUM TEMPERATURE (F)   26       -10      1974


SUNRISE AND SUNSET
MARCH 29 2015.........SUNRISE   635 AM EDT   SUNSET   711 PM EDT
MARCH 30 2015.........SUNRISE   633 AM EDT   SUNSET   713 PM EDT


-  INDICATES NEGATIVE NUMBERS.
R  INDICATES RECORD WAS SET OR TIED.
MM INDICATES DATA IS MISSING.
T  INDICATES TRACE AMOUNT.




$$
