000
CDUS43 KUNR 260833
CLI2WX


CLIMATE REPORT
NATIONAL WEATHER SERVICE RAPID CITY SD
132 AM MST SUN FEB 26 2017


...................................

...THE BUFFALO SD CLIMATE SUMMARY FOR FEBRUARY 25 2017...

CLIMATE NORMAL PERIOD 1981 TO 2010
CLIMATE RECORD PERIOD 9999 TO 9999


WEATHER ITEM   OBSERVED TIME   NORMAL DEPARTURE LAST
                VALUE   (LST)  VALUE  FROM      YEAR
                                      NORMAL
......................................................
TEMPERATURE (F)
 YESTERDAY
  MAXIMUM         36    317 PM  37     -1       45
  MINIMUM         17   1159 PM  16      1       14
  AVERAGE         27            26      1       30

PRECIPITATION (IN)
  YESTERDAY        0.00          0.00   0.00     0.00
  MONTH TO DATE    0.04          0.24  -0.20     0.27
  SINCE DEC 1      1.24          0.82   0.42     0.90
  SINCE JAN 1      0.07          0.53  -0.46     0.44

DEGREE DAYS
 HEATING
  YESTERDAY       38            39     -1       35
  MONTH TO DATE  870          1044   -174      776
  SINCE DEC 1   3944          3785    159     3224
  SINCE JUL 1   5234          5683   -449     4686

 COOLING
  YESTERDAY        0             0      0        0
  MONTH TO DATE    0             0      0        0
  SINCE DEC 1      0             0      0        0
  SINCE JAN 1      0             0      0        0
......................................................


WIND (MPH)
  HIGHEST WIND SPEED    30   HIGHEST WIND DIRECTION     W (260)
  HIGHEST GUST SPEED    40   HIGHEST GUST DIRECTION    SW (240)
  AVERAGE WIND SPEED    12.7




RELATIVE HUMIDITY (PERCENT)
 HIGHEST    96           600 AM
 LOWEST     43          1200 PM
 AVERAGE    70

..........................................................




SUNRISE AND SUNSET
FEBRUARY 26 2017......SUNRISE   637 AM MST   SUNSET   537 PM MST
FEBRUARY 27 2017......SUNRISE   636 AM MST   SUNSET   539 PM MST


-  INDICATES NEGATIVE NUMBERS.
R  INDICATES RECORD WAS SET OR TIED.
MM INDICATES DATA IS MISSING.
T  INDICATES TRACE AMOUNT.




$$
