000
CDUS43 KUNR 280833
CLI2WX


CLIMATE REPORT
NATIONAL WEATHER SERVICE RAPID CITY SD
231 AM MDT MON JUL 28 2014


...................................

...THE BUFFALO SD CLIMATE SUMMARY FOR JULY 27 2014...

CLIMATE NORMAL PERIOD 1981 TO 2010
CLIMATE RECORD PERIOD 9999 TO 9999


WEATHER ITEM   OBSERVED TIME   RECORD YEAR NORMAL DEPARTURE LAST
                VALUE   (LST)  VALUE       VALUE  FROM      YEAR
                                                  NORMAL
..................................................................
TEMPERATURE (F)
 YESTERDAY
  MAXIMUM         79    326 PM              86     -7       77
  MINIMUM         50    311 AM              59     -9       46
  AVERAGE         65                        72     -7       62

PRECIPITATION (IN)
  YESTERDAY        0.00         MM      MM   0.06  -0.06     0.00
  MONTH TO DATE    0.91                      1.82  -0.91     0.98
  SINCE JUN 1      6.45                      4.45   2.00     2.68
  SINCE JAN 1     10.79                     10.49   0.30     6.84

DEGREE DAYS
 HEATING
  YESTERDAY        0                         0      0        3
  MONTH TO DATE   16                        21     -5       10
  SINCE JUN 1    151                       135     16       99
  SINCE JUL 1     16                        21     -5       10

 COOLING
  YESTERDAY        0                         8     -8        0
  MONTH TO DATE  141                       177    -36      210
  SINCE JUN 1    157                       239    -82      256
  SINCE JAN 1    187                       245    -58      266
..................................................................


WIND (MPH)
  HIGHEST WIND SPEED    18   HIGHEST WIND DIRECTION    NW (320)
  HIGHEST GUST SPEED    24   HIGHEST GUST DIRECTION    NW (310)
  AVERAGE WIND SPEED    10.1




RELATIVE HUMIDITY (PERCENT)
 HIGHEST    86          1000 PM
 LOWEST     39           400 PM
 AVERAGE    63

..........................................................




SUNRISE AND SUNSET
JULY 28 2014..........SUNRISE   533 AM MDT   SUNSET   827 PM MDT
JULY 29 2014..........SUNRISE   534 AM MDT   SUNSET   826 PM MDT


-  INDICATES NEGATIVE NUMBERS.
R  INDICATES RECORD WAS SET OR TIED.
MM INDICATES DATA IS MISSING.
T  INDICATES TRACE AMOUNT.




$$
