000
CDUS43 KUNR 190831
CLI2WX


CLIMATE REPORT
NATIONAL WEATHER SERVICE RAPID CITY SD
130 AM MST SUN NOV 19 2017


...................................

...THE BUFFALO SD CLIMATE SUMMARY FOR NOVEMBER 18 2017...

CLIMATE NORMAL PERIOD 1981 TO 2010
CLIMATE RECORD PERIOD 9999 TO 9999


WEATHER ITEM   OBSERVED TIME   NORMAL DEPARTURE LAST
                VALUE   (LST)  VALUE  FROM      YEAR
                                      NORMAL
......................................................
TEMPERATURE (F)
 YESTERDAY
  MAXIMUM         45    131 PM  41      4       36
  MINIMUM         24    745 AM  20      4       18
  AVERAGE         35            30      5       27

PRECIPITATION (IN)
  YESTERDAY        0.00          0.00   0.00     0.00
  MONTH TO DATE    0.13          0.29  -0.16     0.07
  SINCE SEP 1      2.95          2.07   0.88     2.28
  SINCE JAN 1     14.47         14.21   0.26     9.96

DEGREE DAYS
 HEATING
  YESTERDAY       30            35     -5       38
  MONTH TO DATE  614           542     72      299
  SINCE SEP 1   1378          1391    -13      876
  SINCE JUL 1   1389          1443    -54      906

 COOLING
  YESTERDAY        0             0      0        0
  MONTH TO DATE    0             0      0        0
  SINCE SEP 1     93            42     51       42
  SINCE JAN 1    743           513    230      734
......................................................


WIND (MPH)
  HIGHEST WIND SPEED    35   HIGHEST WIND DIRECTION     W (290)
  HIGHEST GUST SPEED    41   HIGHEST GUST DIRECTION     W (290)
  AVERAGE WIND SPEED    14.0




RELATIVE HUMIDITY (PERCENT)
 HIGHEST    88           700 AM
 LOWEST     43           100 PM
 AVERAGE    66

..........................................................




SUNRISE AND SUNSET
NOVEMBER 19 2017......SUNRISE   659 AM MST   SUNSET   420 PM MST
NOVEMBER 20 2017......SUNRISE   701 AM MST   SUNSET   419 PM MST


-  INDICATES NEGATIVE NUMBERS.
R  INDICATES RECORD WAS SET OR TIED.
MM INDICATES DATA IS MISSING.
T  INDICATES TRACE AMOUNT.




$$
