000
CDUS43 KUNR 230838
CLI2WX


CLIMATE REPORT
NATIONAL WEATHER SERVICE RAPID CITY SD
237 AM MDT THU MAR 23 2017


...................................

...THE BUFFALO SD CLIMATE SUMMARY FOR MARCH 22 2017...

CLIMATE NORMAL PERIOD 1981 TO 2010
CLIMATE RECORD PERIOD 9999 TO 9999


WEATHER ITEM   OBSERVED TIME   NORMAL DEPARTURE LAST
                VALUE   (LST)  VALUE  FROM      YEAR
                                      NORMAL
......................................................
TEMPERATURE (F)
 YESTERDAY
  MAXIMUM         61    434 PM  46     15       56
  MINIMUM         28    257 AM  24      4       32
  AVERAGE         45            35     10       44

PRECIPITATION (IN)
  YESTERDAY        0.00          0.02  -0.02     0.02
  MONTH TO DATE    0.43          0.53  -0.10     0.02
  SINCE MAR 1      0.43          0.53  -0.10     0.02
  SINCE JAN 1      0.73          1.10  -0.37     0.68

DEGREE DAYS
 HEATING
  YESTERDAY       20            30    -10       21
  MONTH TO DATE  688           749    -61      501
  SINCE MAR 1    688           749    -61      501
  SINCE JUL 1   6039          6546   -507     5279

 COOLING
  YESTERDAY        0             0      0        0
  MONTH TO DATE    0             0      0        0
  SINCE MAR 1      0             0      0        0
  SINCE JAN 1      0             0      0        0
......................................................


WIND (MPH)
  HIGHEST WIND SPEED    33   HIGHEST WIND DIRECTION    SE (140)
  HIGHEST GUST SPEED    39   HIGHEST GUST DIRECTION    SE (140)
  AVERAGE WIND SPEED    14.5




RELATIVE HUMIDITY (PERCENT)
 HIGHEST    92           400 AM
 LOWEST     44           300 PM
 AVERAGE    68

..........................................................




SUNRISE AND SUNSET
MARCH 23 2017.........SUNRISE   651 AM MDT   SUNSET   711 PM MDT
MARCH 24 2017.........SUNRISE   649 AM MDT   SUNSET   712 PM MDT


-  INDICATES NEGATIVE NUMBERS.
R  INDICATES RECORD WAS SET OR TIED.
MM INDICATES DATA IS MISSING.
T  INDICATES TRACE AMOUNT.




$$
