000
CDUS43 KUNR 200836
CLI2WX


CLIMATE REPORT
NATIONAL WEATHER SERVICE RAPID CITY SD
135 AM MST SAT JAN 20 2018


...................................

...THE BUFFALO SD CLIMATE SUMMARY FOR JANUARY 19 2018...

CLIMATE NORMAL PERIOD 1981 TO 2010
CLIMATE RECORD PERIOD 9999 TO 9999


WEATHER ITEM   OBSERVED TIME   NORMAL DEPARTURE LAST
                VALUE   (LST)  VALUE  FROM      YEAR
                                      NORMAL
......................................................
TEMPERATURE (F)
 YESTERDAY
  MAXIMUM         44    303 AM  31     13       37
  MINIMUM         30    938 AM  10     20       21
  AVERAGE         37            21     16       29

PRECIPITATION (IN)
  YESTERDAY        0.01          0.00   0.01     0.00
  MONTH TO DATE    0.21          0.17   0.04     0.00
  SINCE DEC 1      0.75          0.46   0.29     1.17
  SINCE JAN 1      0.21          0.17   0.04     0.00

DEGREE DAYS
 HEATING
  YESTERDAY       28            44    -16       36
  MONTH TO DATE  923           853     70     1063
  SINCE DEC 1   2239          2215     24     2618
  SINCE JUL 1   3907          4113   -206     3908

 COOLING
  YESTERDAY        0             0      0        0
  MONTH TO DATE    0             0      0        0
  SINCE DEC 1      0             0      0        0
  SINCE JAN 1      0             0      0        0
......................................................


WIND (MPH)
  HIGHEST WIND SPEED    24   HIGHEST WIND DIRECTION     N (340)
  HIGHEST GUST SPEED    29   HIGHEST GUST DIRECTION    NW (330)
  AVERAGE WIND SPEED     7.0




RELATIVE HUMIDITY (PERCENT)
 HIGHEST    92           600 PM
 LOWEST     57           200 AM
 AVERAGE    75

..........................................................




SUNRISE AND SUNSET
JANUARY 20 2018.......SUNRISE   727 AM MST   SUNSET   444 PM MST
JANUARY 21 2018.......SUNRISE   726 AM MST   SUNSET   445 PM MST


-  INDICATES NEGATIVE NUMBERS.
R  INDICATES RECORD WAS SET OR TIED.
MM INDICATES DATA IS MISSING.
T  INDICATES TRACE AMOUNT.




$$
