000
CDUS43 KUNR 100832
CLI2WX


CLIMATE REPORT
NATIONAL WEATHER SERVICE RAPID CITY SD
232 AM MDT THU JUL 10 2014


...................................

...THE BUFFALO SD CLIMATE SUMMARY FOR JULY 9 2014...

CLIMATE NORMAL PERIOD 1981 TO 2010
CLIMATE RECORD PERIOD 9999 TO 9999


WEATHER ITEM   OBSERVED TIME   RECORD YEAR NORMAL DEPARTURE LAST
                VALUE   (LST)  VALUE       VALUE  FROM      YEAR
                                                  NORMAL
..................................................................
TEMPERATURE (F)
 YESTERDAY
  MAXIMUM         83    242 PM              84     -1       80
  MINIMUM         54    423 AM              57     -3       54
  AVERAGE         69                        70     -1       67

PRECIPITATION (IN)
  YESTERDAY        0.00         MM      MM   0.07  -0.07     0.00
  MONTH TO DATE    0.00                      0.63  -0.63     0.65
  SINCE JUN 1      5.54                      3.26   2.28     2.35
  SINCE JAN 1      9.88                      9.30   0.58     6.51

DEGREE DAYS
 HEATING
  YESTERDAY        0                         1     -1        0
  MONTH TO DATE    4                         9     -5        0
  SINCE JUN 1    139                       123     16       89
  SINCE JUL 1      4                         9     -5        0

 COOLING
  YESTERDAY        4                         6     -2        2
  MONTH TO DATE   37                        47    -10       63
  SINCE JUN 1     53                       109    -56      109
  SINCE JAN 1     83                       115    -32      119
..................................................................


WIND (MPH)
  HIGHEST WIND SPEED    20   HIGHEST WIND DIRECTION    SE (140)
  HIGHEST GUST SPEED    27   HIGHEST GUST DIRECTION    SE (130)
  AVERAGE WIND SPEED    10.2




RELATIVE HUMIDITY (PERCENT)
 HIGHEST    89           400 AM
 LOWEST     33          1200 PM
 AVERAGE    61

..........................................................




SUNRISE AND SUNSET
JULY 10 2014..........SUNRISE   515 AM MDT   SUNSET   843 PM MDT
JULY 11 2014..........SUNRISE   516 AM MDT   SUNSET   843 PM MDT


-  INDICATES NEGATIVE NUMBERS.
R  INDICATES RECORD WAS SET OR TIED.
MM INDICATES DATA IS MISSING.
T  INDICATES TRACE AMOUNT.




$$
