000
CDUS43 KUNR 290832
CLI2WX


CLIMATE REPORT
NATIONAL WEATHER SERVICE RAPID CITY SD
231 AM MDT SAT APR 29 2017


...................................

...THE BUFFALO SD CLIMATE SUMMARY FOR APRIL 28 2017...

CLIMATE NORMAL PERIOD 1981 TO 2010
CLIMATE RECORD PERIOD 9999 TO 9999


WEATHER ITEM   OBSERVED TIME   NORMAL DEPARTURE LAST
                VALUE   (LST)  VALUE  FROM      YEAR
                                      NORMAL
......................................................
TEMPERATURE (F)
 YESTERDAY
  MAXIMUM         52    318 PM  60     -8       40
  MINIMUM         30    455 AM  35     -5       34
  AVERAGE         41            48     -7       37

PRECIPITATION (IN)
  YESTERDAY        0.00          0.08  -0.08     0.02
  MONTH TO DATE    3.20          1.38   1.82     2.15
  SINCE MAR 1      4.71          2.15   2.56     2.40
  SINCE JAN 1      5.01          2.72   2.29     3.06

DEGREE DAYS
 HEATING
  YESTERDAY       24            17      7       28
  MONTH TO DATE  540           617    -77      520
  SINCE MAR 1   1380          1623   -243     1261
  SINCE JUL 1   6731          7420   -689     6039

 COOLING
  YESTERDAY        0             0      0        0
  MONTH TO DATE    0             0      0        0
  SINCE MAR 1      0             0      0        0
  SINCE JAN 1      0             0      0        0
......................................................


WIND (MPH)
  HIGHEST WIND SPEED    20   HIGHEST WIND DIRECTION     E (70)
  HIGHEST GUST SPEED    23   HIGHEST GUST DIRECTION     E (70)
  AVERAGE WIND SPEED     9.3




RELATIVE HUMIDITY (PERCENT)
 HIGHEST    85           400 AM
 LOWEST     30           300 PM
 AVERAGE    58

..........................................................




SUNRISE AND SUNSET
APRIL 29 2017.........SUNRISE   545 AM MDT   SUNSET   759 PM MDT
APRIL 30 2017.........SUNRISE   543 AM MDT   SUNSET   800 PM MDT


-  INDICATES NEGATIVE NUMBERS.
R  INDICATES RECORD WAS SET OR TIED.
MM INDICATES DATA IS MISSING.
T  INDICATES TRACE AMOUNT.




$$
