000
CDUS43 KUNR 240844
CLI2WX


CLIMATE REPORT
NATIONAL WEATHER SERVICE RAPID CITY SD
242 AM MDT THU JUL 24 2014


...................................

...THE BUFFALO SD CLIMATE SUMMARY FOR JULY 23 2014...

CLIMATE NORMAL PERIOD 1981 TO 2010
CLIMATE RECORD PERIOD 9999 TO 9999


WEATHER ITEM   OBSERVED TIME   RECORD YEAR NORMAL DEPARTURE LAST
                VALUE   (LST)  VALUE       VALUE  FROM      YEAR
                                                  NORMAL
..................................................................
TEMPERATURE (F)
 YESTERDAY
  MAXIMUM         87    326 PM              86      1       87
  MINIMUM         59    433 AM              58      1       57
  AVERAGE         73                        72      1       72

PRECIPITATION (IN)
  YESTERDAY        0.00         MM      MM   0.06  -0.06     0.07
  MONTH TO DATE    0.82                      1.57  -0.75     0.96
  SINCE JUN 1      6.36                      4.20   2.16     2.66
  SINCE JAN 1     10.70                     10.24   0.46     6.82

DEGREE DAYS
 HEATING
  YESTERDAY        0                         0      0        0
  MONTH TO DATE   16                        21     -5        2
  SINCE JUN 1    151                       135     16       91
  SINCE JUL 1     16                        21     -5        2

 COOLING
  YESTERDAY        8                         8      0        7
  MONTH TO DATE  124                       145    -21      202
  SINCE JUN 1    140                       207    -67      248
  SINCE JAN 1    170                       213    -43      258
..................................................................


WIND (MPH)
  HIGHEST WIND SPEED    29   HIGHEST WIND DIRECTION    SE (130)
  HIGHEST GUST SPEED    36   HIGHEST GUST DIRECTION    SE (130)
  AVERAGE WIND SPEED    13.4




RELATIVE HUMIDITY (PERCENT)
 HIGHEST    93           600 AM
 LOWEST     42           200 PM
 AVERAGE    68

..........................................................




SUNRISE AND SUNSET
JULY 24 2014..........SUNRISE   529 AM MDT   SUNSET   832 PM MDT
JULY 25 2014..........SUNRISE   530 AM MDT   SUNSET   831 PM MDT


-  INDICATES NEGATIVE NUMBERS.
R  INDICATES RECORD WAS SET OR TIED.
MM INDICATES DATA IS MISSING.
T  INDICATES TRACE AMOUNT.




$$
