000
CDUS43 KUNR 200833
CLI2WX


CLIMATE REPORT
NATIONAL WEATHER SERVICE RAPID CITY SD
232 AM MDT MON OCT 20 2014


...................................

...THE BUFFALO SD CLIMATE SUMMARY FOR OCTOBER 19 2014...

CLIMATE NORMAL PERIOD 1981 TO 2010
CLIMATE RECORD PERIOD 9999 TO 9999


WEATHER ITEM   OBSERVED TIME   RECORD YEAR NORMAL DEPARTURE LAST
                VALUE   (LST)  VALUE       VALUE  FROM      YEAR
                                                  NORMAL
..................................................................
TEMPERATURE (F)
 YESTERDAY
  MAXIMUM         71    317 PM              56     15       60
  MINIMUM         40    951 PM              33      7       37
  AVERAGE         56                        44     12       49

PRECIPITATION (IN)
  YESTERDAY        0.00         MM      MM   0.03  -0.03     0.00
  MONTH TO DATE    0.03                      0.27  -0.24     0.50
  SINCE SEP 1      2.11                      1.35   0.76     2.67
  SINCE JAN 1     16.48                     13.49   2.99    12.15

DEGREE DAYS
 HEATING
  YESTERDAY        9                        21    -12       16
  MONTH TO DATE  278                       333    -55      387
  SINCE SEP 1    506                       572    -66      504
  SINCE JUL 1    557                       624    -67      516

 COOLING
  YESTERDAY        0                         0      0        0
  MONTH TO DATE    0                         0      0        0
  SINCE SEP 1     55                        41     14      100
  SINCE JAN 1    420                       512    -92      587
..................................................................


WIND (MPH)
  HIGHEST WIND SPEED    23   HIGHEST WIND DIRECTION    NW (320)
  HIGHEST GUST SPEED    31   HIGHEST GUST DIRECTION    NW (320)
  AVERAGE WIND SPEED     8.5




RELATIVE HUMIDITY (PERCENT)
 HIGHEST    71          1200 AM
 LOWEST     26           300 PM
 AVERAGE    49

..........................................................




SUNRISE AND SUNSET
OCTOBER 20 2014.......SUNRISE   717 AM MDT   SUNSET   600 PM MDT
OCTOBER 21 2014.......SUNRISE   719 AM MDT   SUNSET   558 PM MDT


-  INDICATES NEGATIVE NUMBERS.
R  INDICATES RECORD WAS SET OR TIED.
MM INDICATES DATA IS MISSING.
T  INDICATES TRACE AMOUNT.




$$
