000
CDUS43 KABR 061043
CLI8D3


CLIMATE REPORT
NATIONAL WEATHER SERVICE ABERDEEN SD
442 AM CST FRI MAR 6 2015


...................................

...THE SISSETON SD CLIMATE SUMMARY FOR MARCH 5 2015...

CLIMATE NORMAL PERIOD 1981 TO 2010
CLIMATE RECORD PERIOD 1900 TO 2015


WEATHER ITEM   OBSERVED TIME   RECORD YEAR NORMAL DEPARTURE LAST
                VALUE   (LST)  VALUE       VALUE  FROM      YEAR
                                                  NORMAL
..................................................................
TEMPERATURE (F)
 YESTERDAY
  MAXIMUM         23    516 PM  72    2000  34    -11       21
  MINIMUM        -11    614 AM -13    2003  17    -28       12
  AVERAGE          6                        25    -19       17

PRECIPITATION (IN)
  YESTERDAY        0.00          1.41 1935   0.04  -0.04     0.00
  MONTH TO DATE    0.14                      0.19  -0.05     0.09
  SINCE MAR 1      0.14                      0.19  -0.05     0.09
  SINCE JAN 1      1.02                      1.05  -0.03     0.71

SNOWFALL (IN)
  YESTERDAY        0.0
  MONTH TO DATE    3.1
  SINCE OCT 1     26.2
  SINCE JUL 1     26.2
  SNOW DEPTH       3

DEGREE DAYS
 HEATING
  YESTERDAY       59                        40     19       48
  MONTH TO DATE  269                       204     65      296
  SINCE MAR 1    269                       204     65      296
  SINCE JUL 1   6538                      6463     75     7113

 COOLING
  YESTERDAY        0                         0      0        0
  MONTH TO DATE    0                         0      0        0
  SINCE MAR 1      0                         0      0        0
  SINCE JAN 1      0                         0      0        0
..................................................................


WIND (MPH)
  HIGHEST WIND SPEED    20   HIGHEST WIND DIRECTION    SW (220)
  HIGHEST GUST SPEED    23   HIGHEST GUST DIRECTION    SW (220)
  AVERAGE WIND SPEED     9.6


SKY COVER
  POSSIBLE SUNSHINE  MM
  AVERAGE SKY COVER 0.0


WEATHER CONDITIONS
 THE FOLLOWING WEATHER WAS RECORDED YESTERDAY.
  NO SIGNIFICANT WEATHER WAS OBSERVED.


RELATIVE HUMIDITY (PERCENT)
 HIGHEST    79           700 AM
 LOWEST     56           200 PM
 AVERAGE    68

..........................................................


THE SISSETON SD CLIMATE NORMALS FOR TODAY
                         NORMAL    RECORD    YEAR
 MAXIMUM TEMPERATURE (F)   34        71      1987
 MINIMUM TEMPERATURE (F)   17       -12      1989


SUNRISE AND SUNSET
MARCH  6 2015.........SUNRISE   658 AM CST   SUNSET   621 PM CST
MARCH  7 2015.........SUNRISE   656 AM CST   SUNSET   623 PM CST


-  INDICATES NEGATIVE NUMBERS.
R  INDICATES RECORD WAS SET OR TIED.
MM INDICATES DATA IS MISSING.
T  INDICATES TRACE AMOUNT.




$$
