000
CDUS43 KABR 271034
CLI8D3


CLIMATE REPORT
NATIONAL WEATHER SERVICE ABERDEEN SD
534 AM CDT THU JUL 27 2017


...................................

...THE SISSETON SD CLIMATE SUMMARY FOR JULY 26 2017...

CLIMATE NORMAL PERIOD 1981 TO 2010
CLIMATE RECORD PERIOD 1900 TO 2017


WEATHER ITEM   OBSERVED TIME   RECORD YEAR NORMAL DEPARTURE LAST
                VALUE   (LST)  VALUE       VALUE  FROM      YEAR
                                                  NORMAL
..................................................................
TEMPERATURE (F)
 YESTERDAY
  MAXIMUM         85    418 PM 104    1976  83      2       83
  MINIMUM         61   1154 PM  48    1937  60      1       67
  AVERAGE         73                        72      1       75

PRECIPITATION (IN)
  YESTERDAY        0.00          1.48 1972   0.10  -0.10     0.05
  MONTH TO DATE    0.68                      3.06  -2.38     4.79
  SINCE JUN 1      3.24                      6.80  -3.56     5.91
  SINCE JAN 1      7.41                     13.78  -6.37    10.95

DEGREE DAYS
 HEATING
  YESTERDAY        0                         0      0        0
  MONTH TO DATE    0                         3     -3       13
  SINCE JUN 1     26                        65    -39       40
  SINCE JUL 1      0                         3     -3       13

 COOLING
  YESTERDAY        8                         7      1       10
  MONTH TO DATE  210                       171     39      177
  SINCE JUN 1    356                       265     91      344
  SINCE JAN 1    372                       288     84      381
..................................................................


WIND (MPH)
  HIGHEST WIND SPEED    16   HIGHEST WIND DIRECTION     N (20)
  HIGHEST GUST SPEED    19   HIGHEST GUST DIRECTION     N (10)
  AVERAGE WIND SPEED     6.2


SKY COVER
  POSSIBLE SUNSHINE  MM
  AVERAGE SKY COVER 0.0


WEATHER CONDITIONS
 THE FOLLOWING WEATHER WAS RECORDED YESTERDAY.
  NO SIGNIFICANT WEATHER WAS OBSERVED.


RELATIVE HUMIDITY (PERCENT)
 HIGHEST    93          1200 AM
 LOWEST     44           300 PM
 AVERAGE    69

..........................................................


THE SISSETON SD CLIMATE NORMALS FOR TODAY
                         NORMAL    RECORD    YEAR
 MAXIMUM TEMPERATURE (F)   83       103      1959
 MINIMUM TEMPERATURE (F)   60        46      2013


SUNRISE AND SUNSET
JULY 27 2017..........SUNRISE   606 AM CDT   SUNSET   902 PM CDT
JULY 28 2017..........SUNRISE   607 AM CDT   SUNSET   901 PM CDT


-  INDICATES NEGATIVE NUMBERS.
R  INDICATES RECORD WAS SET OR TIED.
MM INDICATES DATA IS MISSING.
T  INDICATES TRACE AMOUNT.




$$
