000
CDUS43 KABR 311039
CLI8D3


CLIMATE REPORT
NATIONAL WEATHER SERVICE ABERDEEN SD
438 AM CST SAT JAN 31 2015


...................................

...THE SISSETON SD CLIMATE SUMMARY FOR JANUARY 30 2015...

CLIMATE NORMAL PERIOD 1981 TO 2010
CLIMATE RECORD PERIOD 1900 TO 2015


WEATHER ITEM   OBSERVED TIME   RECORD YEAR NORMAL DEPARTURE LAST
                VALUE   (LST)  VALUE       VALUE  FROM      YEAR
                                                  NORMAL
..................................................................
TEMPERATURE (F)
 YESTERDAY
  MAXIMUM         40    255 PM  49    2012  24     16       16
                                      1992
  MINIMUM         12    333 AM -25    2004   4      8       -6
  AVERAGE         26                        14     12        5

PRECIPITATION (IN)
  YESTERDAY        0.00          0.11 2011   0.01  -0.01     0.09
  MONTH TO DATE    0.47                      0.42   0.05     0.50
  SINCE DEC 1      1.07                      0.81   0.26     1.64
  SINCE JAN 1      0.47                      0.42   0.05     0.50

SNOWFALL (IN)
  YESTERDAY        0.0
  MONTH TO DATE    4.4
  SINCE OCT 1     17.5
  SINCE JUL 1     17.5
  SNOW DEPTH       0

DEGREE DAYS
 HEATING
  YESTERDAY       39                        51    -12       60
  MONTH TO DATE 1379                      1556   -177     1629
  SINCE DEC 1   2709                      3044   -335     3376
  SINCE JUL 1   4689                      4895   -206     5208

 COOLING
  YESTERDAY        0                         0      0        0
  MONTH TO DATE    0                         0      0        0
  SINCE DEC 1      0                         0      0        0
  SINCE JAN 1      0                         0      0        0
..................................................................


WIND (MPH)
  HIGHEST WIND SPEED    22   HIGHEST WIND DIRECTION     S (190)
  HIGHEST GUST SPEED    27   HIGHEST GUST DIRECTION     S (190)
  AVERAGE WIND SPEED    10.8


SKY COVER
  POSSIBLE SUNSHINE  MM
  AVERAGE SKY COVER 0.0


WEATHER CONDITIONS
 THE FOLLOWING WEATHER WAS RECORDED YESTERDAY.
  NO SIGNIFICANT WEATHER WAS OBSERVED.


RELATIVE HUMIDITY (PERCENT)
 HIGHEST    96           700 AM
 LOWEST     64           200 PM
 AVERAGE    80

..........................................................


THE SISSETON SD CLIMATE NORMALS FOR TODAY
                         NORMAL    RECORD    YEAR
 MAXIMUM TEMPERATURE (F)   24        46      2012
                                             1989
 MINIMUM TEMPERATURE (F)    4       -28      1982


SUNRISE AND SUNSET
JANUARY 31 2015.......SUNRISE   751 AM CST   SUNSET   532 PM CST
FEBRUARY  1 2015......SUNRISE   750 AM CST   SUNSET   534 PM CST


-  INDICATES NEGATIVE NUMBERS.
R  INDICATES RECORD WAS SET OR TIED.
MM INDICATES DATA IS MISSING.
T  INDICATES TRACE AMOUNT.




$$
