000
CDUS43 KABR 021026
CLI8D3


CLIMATE REPORT
NATIONAL WEATHER SERVICE ABERDEEN SD
526 AM CDT THU OCT 2 2014


...................................

...THE SISSETON SD CLIMATE SUMMARY FOR OCTOBER 1 2014...

CLIMATE NORMAL PERIOD 1981 TO 2010
CLIMATE RECORD PERIOD 1900 TO 2014


WEATHER ITEM   OBSERVED TIME   RECORD YEAR NORMAL DEPARTURE LAST
                VALUE   (LST)  VALUE       VALUE  FROM      YEAR
                                                  NORMAL
..................................................................
TEMPERATURE (F)
 YESTERDAY
  MAXIMUM         73    147 PM  90    1992  65      8       72
  MINIMUM         46   1053 PM  22    2003  41      5       45
  AVERAGE         60                        53      7       59

PRECIPITATION (IN)
  YESTERDAY        0.00          2.32 2009   0.10  -0.10     0.00
  MONTH TO DATE    0.00                      0.10  -0.10     0.00
  SINCE SEP 1      0.84                      2.64  -1.80     2.64
  SINCE JAN 1     21.80                     19.38   2.42    21.31

DEGREE DAYS
 HEATING
  YESTERDAY        5                        12     -7        6
  MONTH TO DATE    5                        12     -7        6
  SINCE SEP 1    171                       214    -43      103
  SINCE JUL 1    208                       257    -49      152

 COOLING
  YESTERDAY        0                         0      0        0
  MONTH TO DATE    0                         0      0        0
  SINCE SEP 1     42                        44     -2       90
  SINCE JAN 1    442                       523    -81      625
..................................................................


WIND (MPH)
  HIGHEST WIND SPEED    20   HIGHEST WIND DIRECTION    NW (310)
  HIGHEST GUST SPEED    26   HIGHEST GUST DIRECTION    SW (210)
  AVERAGE WIND SPEED     9.5


SKY COVER
  POSSIBLE SUNSHINE  MM
  AVERAGE SKY COVER 0.0


WEATHER CONDITIONS
 THE FOLLOWING WEATHER WAS RECORDED YESTERDAY.
  NO SIGNIFICANT WEATHER WAS OBSERVED.


RELATIVE HUMIDITY (PERCENT)
 HIGHEST   100          1100 PM
 LOWEST     49           200 PM
 AVERAGE    75

..........................................................


THE SISSETON SD CLIMATE NORMALS FOR TODAY
                         NORMAL    RECORD    YEAR
 MAXIMUM TEMPERATURE (F)   65        93      1953
 MINIMUM TEMPERATURE (F)   40        14      1974


SUNRISE AND SUNSET
OCTOBER  2 2014.......SUNRISE   728 AM CDT   SUNSET   706 PM CDT
OCTOBER  3 2014.......SUNRISE   729 AM CDT   SUNSET   704 PM CDT


-  INDICATES NEGATIVE NUMBERS.
R  INDICATES RECORD WAS SET OR TIED.
MM INDICATES DATA IS MISSING.
T  INDICATES TRACE AMOUNT.




$$
