504
CDUS43 KABR 192240
CLI8D3


CLIMATE REPORT
NATIONAL WEATHER SERVICE ABERDEEN SD
539 PM CDT TUE SEP 19 2017


...................................

...THE SISSETON SD CLIMATE SUMMARY FOR SEPTEMBER 19 2017...
VALID TODAY AS OF 0500 PM LOCAL TIME.

CLIMATE NORMAL PERIOD 1981 TO 2010
CLIMATE RECORD PERIOD 1900 TO 2017


WEATHER ITEM   OBSERVED TIME   RECORD YEAR NORMAL DEPARTURE LAST
                VALUE   (LST)  VALUE       VALUE  FROM      YEAR
                                                  NORMAL
..................................................................
TEMPERATURE (F)
 TODAY
  MAXIMUM         76    359 PM  97    1984  71      5       80
  MINIMUM         62    136 AM  30    1937  46              49
  AVERAGE         69                        58     11       65

PRECIPITATION (IN)
  TODAY            0.00          1.14 1986   0.10  -0.10     0.00
  MONTH TO DATE    0.73                      1.56  -0.83     1.85
  SINCE SEP 1      0.73                      1.56  -0.83     1.85
  SINCE JAN 1     13.45                     18.30  -4.85    17.29

DEGREE DAYS
 HEATING
  TODAY            0                         8     -8        0
  MONTH TO DATE   58                        95    -37       45
  SINCE SEP 1     58                        95    -37       45
  SINCE JUL 1     72                       138    -66       72

 COOLING
  TODAY            4                         1      3        0
  MONTH TO DATE   71                        38     33       37
  SINCE SEP 1     71                        38     33       37
  SINCE JAN 1    539                       517     22      618
..................................................................


WIND (MPH)
  HIGHEST WIND SPEED    29   HIGHEST WIND DIRECTION    SE (150)
  HIGHEST GUST SPEED    39   HIGHEST GUST DIRECTION    SE (140)
  AVERAGE WIND SPEED    15.8


SKY COVER
  POSSIBLE SUNSHINE  MM
  AVERAGE SKY COVER 0.0


WEATHER CONDITIONS
 THE FOLLOWING WEATHER WAS RECORDED TODAY.
  NO SIGNIFICANT WEATHER WAS OBSERVED.


RELATIVE HUMIDITY (PERCENT)
 HIGHEST   100           100 AM
 LOWEST     73           100 PM
 AVERAGE    87

..........................................................


THE SISSETON SD CLIMATE NORMALS FOR TOMORROW
                         NORMAL    RECORD    YEAR
 MAXIMUM TEMPERATURE (F)   71        91      1941
 MINIMUM TEMPERATURE (F)   45        28      1973


SUNRISE AND SUNSET
SEPTEMBER 19 2017.....SUNRISE   712 AM CDT   SUNSET   731 PM CDT
SEPTEMBER 20 2017.....SUNRISE   713 AM CDT   SUNSET   729 PM CDT


-  INDICATES NEGATIVE NUMBERS.
R  INDICATES RECORD WAS SET OR TIED.
MM INDICATES DATA IS MISSING.
T  INDICATES TRACE AMOUNT.




$$
