000
CDUS46 KMFR 030037
CLIAAT


CLIMATE REPORT
NATIONAL WEATHER SERVICE MEDFORD, OR
537 PM PDT TUE SEP 2 2014


...................................

...THE ALTURAS CA CLIMATE SUMMARY FOR SEPTEMBER 2 2014...
VALID TODAY AS OF 0500 PM LOCAL TIME.

CLIMATE NORMAL PERIOD 1981 TO 2010
CLIMATE RECORD PERIOD 1905 TO 2014


WEATHER ITEM   OBSERVED TIME   RECORD YEAR NORMAL DEPARTURE LAST
                VALUE   (LST)  VALUE       VALUE  FROM      YEAR
                                                  NORMAL
..................................................................
TEMPERATURE (F)
 TODAY
  MAXIMUM         90    308 PM 103    1955  82      8       77
  MINIMUM         37    445 AM  24    1973  39     -2       60
  AVERAGE         64                        60      4       69

PRECIPITATION (IN)
  TODAY            0.00          0.42 1985   0.02  -0.02     0.04
  MONTH TO DATE    0.00                      0.03  -0.03     0.08
  SINCE SEP 1      0.00                      0.03  -0.03     0.08
  SINCE JAN 1      6.28                      9.17  -2.89     5.23

SNOWFALL (IN)
  TODAY           MM                        MM     MM       MM
  MONTH TO DATE   MM                        MM     MM       MM
  SINCE JUL 1     MM                        MM     MM       MM
  SNOW DEPTH      MM

DEGREE DAYS
 HEATING
  TODAY            1                         5     -4        0
  MONTH TO DATE    4                        10     -6        0
  SINCE SEP 1      4                        10     -6        0
  SINCE JUL 1     29                       121    -92       70

 COOLING
  TODAY            0                         1     -1        4
  MONTH TO DATE    0                         2     -2        4
  SINCE SEP 1      0                         2     -2        4
  SINCE JAN 1    368                       153    215      259
..................................................................


WIND (MPH)
  HIGHEST WIND SPEED    21   HIGHEST WIND DIRECTION     W (270)
  HIGHEST GUST SPEED    26   HIGHEST GUST DIRECTION     W (280)
  AVERAGE WIND SPEED     5.0


SKY COVER
  POSSIBLE SUNSHINE  MM
  AVERAGE SKY COVER 0.0


WEATHER CONDITIONS
 THE FOLLOWING WEATHER WAS RECORDED TODAY.
  NO SIGNIFICANT WEATHER WAS OBSERVED.


RELATIVE HUMIDITY (PERCENT)
 HIGHEST    60           500 AM
 LOWEST     11           300 PM
 AVERAGE    36

..........................................................


THE ALTURAS CA CLIMATE NORMALS FOR TOMORROW
                         NORMAL    RECORD    YEAR
 MAXIMUM TEMPERATURE (F)   82       105      1955
 MINIMUM TEMPERATURE (F)   39        27      1971


SUNRISE AND SUNSET
SEPTEMBER  2 2014.....SUNRISE   630 AM PDT   SUNSET   733 PM PDT
SEPTEMBER  3 2014.....SUNRISE   631 AM PDT   SUNSET   732 PM PDT


-  INDICATES NEGATIVE NUMBERS.
R  INDICATES RECORD WAS SET OR TIED.
MM INDICATES DATA IS MISSING.
T  INDICATES TRACE AMOUNT.




$$
