000
CDUS46 KMFR 051226
CLIAAT


CLIMATE REPORT
NATIONAL WEATHER SERVICE MEDFORD, OR
415 AM PST THU MAR 5 2015


...................................

...THE ALTURAS CA CLIMATE SUMMARY FOR MARCH 4 2015...

CLIMATE NORMAL PERIOD 1981 TO 2010
CLIMATE RECORD PERIOD 1905 TO 2015


WEATHER ITEM   OBSERVED TIME   RECORD YEAR NORMAL DEPARTURE LAST
                VALUE   (LST)  VALUE       VALUE  FROM      YEAR
                                                  NORMAL
..................................................................
TEMPERATURE (F)
 YESTERDAY
  MAXIMUM         56    448 PM  71    1934  50      6       52
  MINIMUM         12    622 AM   1    1976  24    -12       33
  AVERAGE         34                        37     -3       43

PRECIPITATION (IN)
  YESTERDAY        0.00          0.75 1944   0.04  -0.04     0.06
  MONTH TO DATE    0.00                      0.19  -0.19     0.49
  SINCE OCT 1      5.64                      7.80  -2.16     2.72
  SINCE JAN 1      1.13                      3.29  -2.16     2.09

SNOWFALL (IN)
  YESTERDAY       MM                        MM     MM       MM
  MONTH TO DATE   MM                        MM     MM       MM
  SINCE JUL 1     MM                        MM     MM        0.0
  SNOW DEPTH      MM

DEGREE DAYS
 HEATING
  YESTERDAY       31                        28      3       22
  MONTH TO DATE  121                       112      9       87
  SINCE MAR 1    121                       112      9       87
  SINCE JUL 1   3748                      4979  -1231     4852

 COOLING
  YESTERDAY        0                         0      0        0
  MONTH TO DATE    0                         0      0        0
  SINCE MAR 1      0                         0      0        0
  SINCE JAN 1      0                         0      0        0
..................................................................


WIND (MPH)
  HIGHEST WIND SPEED     7   HIGHEST WIND DIRECTION     E (100)
  HIGHEST GUST SPEED     9   HIGHEST GUST DIRECTION    SE (130)
  AVERAGE WIND SPEED     1.3


SKY COVER
  POSSIBLE SUNSHINE  MM
  AVERAGE SKY COVER 0.0


WEATHER CONDITIONS
 THE FOLLOWING WEATHER WAS RECORDED YESTERDAY.
  FOG
  HAZE


RELATIVE HUMIDITY (PERCENT)
 HIGHEST    88           300 AM
 LOWEST     14           400 PM
 AVERAGE    51

..........................................................


THE ALTURAS CA CLIMATE NORMALS FOR TODAY
                         NORMAL    RECORD    YEAR
 MAXIMUM TEMPERATURE (F)   50        68      1987
 MINIMUM TEMPERATURE (F)   24        -5      1976


SUNRISE AND SUNSET
MARCH  5 2015.........SUNRISE   631 AM PST   SUNSET   557 PM PST
MARCH  6 2015.........SUNRISE   629 AM PST   SUNSET   559 PM PST


-  INDICATES NEGATIVE NUMBERS.
R  INDICATES RECORD WAS SET OR TIED.
MM INDICATES DATA IS MISSING.
T  INDICATES TRACE AMOUNT.




$$
