000
CDUS46 KMFR 270851
CLIAAT


CLIMATE REPORT
NATIONAL WEATHER SERVICE MEDFORD, OR
1250 AM PST THU NOV 27 2014


...................................

...THE ALTURAS CA CLIMATE SUMMARY FOR NOVEMBER 26 2014...

CLIMATE NORMAL PERIOD 1981 TO 2010
CLIMATE RECORD PERIOD 1905 TO 2014


WEATHER ITEM   OBSERVED TIME   RECORD YEAR NORMAL DEPARTURE LAST
                VALUE   (LST)  VALUE       VALUE  FROM      YEAR
                                                  NORMAL
..................................................................
TEMPERATURE (F)
 YESTERDAY
  MAXIMUM         48    348 PM  70    1950  44      4       59
  MINIMUM         22    629 AM  -6    1985  21      1       19
  AVERAGE         35                        33      2       39

PRECIPITATION (IN)
  YESTERDAY        0.00          1.00 1989   0.05  -0.05     0.00
  MONTH TO DATE    0.65                      1.56  -0.91     0.29
  SINCE SEP 1      2.46                      3.09  -0.63     0.97
  SINCE JAN 1      8.74                     12.23  -3.49     6.12

SNOWFALL (IN)
  YESTERDAY       MM                        MM     MM       MM
  MONTH TO DATE   MM                        MM     MM       MM
  SINCE JUL 1     MM                        MM     MM        0.0
  SNOW DEPTH      MM

DEGREE DAYS
 HEATING
  YESTERDAY       30                        32     -2       26
  MONTH TO DATE  644                       735    -91      679
  SINCE SEP 1   1165                      1567   -402     1564
  SINCE JUL 1   1190                      1678   -488     1634

 COOLING
  YESTERDAY        0                         0      0        0
  MONTH TO DATE    0                         0      0        0
  SINCE SEP 1     12                         5      7       25
  SINCE JAN 1    380                       156    224      280
..................................................................


WIND (MPH)
  HIGHEST WIND SPEED     8   HIGHEST WIND DIRECTION     W (270)
  HIGHEST GUST SPEED    10   HIGHEST GUST DIRECTION     W (280)
  AVERAGE WIND SPEED     0.7


SKY COVER
  POSSIBLE SUNSHINE  MM
  AVERAGE SKY COVER 0.1


WEATHER CONDITIONS
 THE FOLLOWING WEATHER WAS RECORDED YESTERDAY.
  FOG


RELATIVE HUMIDITY (PERCENT)
 HIGHEST   100           300 AM
 LOWEST     65          1100 AM
 AVERAGE    83

..........................................................


THE ALTURAS CA CLIMATE NORMALS FOR TODAY
                         NORMAL    RECORD    YEAR
 MAXIMUM TEMPERATURE (F)   44        65      1963
 MINIMUM TEMPERATURE (F)   21        -5      1931


SUNRISE AND SUNSET
NOVEMBER 27 2014......SUNRISE   705 AM PST   SUNSET   435 PM PST
NOVEMBER 28 2014......SUNRISE   706 AM PST   SUNSET   434 PM PST


-  INDICATES NEGATIVE NUMBERS.
R  INDICATES RECORD WAS SET OR TIED.
MM INDICATES DATA IS MISSING.
T  INDICATES TRACE AMOUNT.




$$
