000
CDUS46 KMFR 010841
CLIAAT


CLIMATE REPORT
NATIONAL WEATHER SERVICE MEDFORD, OR
141 AM PDT WED OCT 1 2014


...................................

...THE ALTURAS CA CLIMATE SUMMARY FOR SEPTEMBER 30 2014...

CLIMATE NORMAL PERIOD 1981 TO 2010
CLIMATE RECORD PERIOD 1905 TO 2014


WEATHER ITEM   OBSERVED TIME   RECORD YEAR NORMAL DEPARTURE LAST
                VALUE   (LST)  VALUE       VALUE  FROM      YEAR
                                                  NORMAL
..................................................................
TEMPERATURE (F)
 YESTERDAY
  MAXIMUM         65    348 PM  93    2010  73     -8       66
  MINIMUM         41    922 PM  15    1950  31     10       48
  AVERAGE         53                        52      1       57

PRECIPITATION (IN)
  YESTERDAY        0.00          0.73 1971   0.02  -0.02      T
  MONTH TO DATE    0.36                      0.52  -0.16     0.51
  SINCE SEP 1      0.36                      0.52  -0.16     0.51
  SINCE JAN 1      6.64                      9.66  -3.02     5.66

SNOWFALL (IN)
  YESTERDAY       MM                        MM     MM       MM
  MONTH TO DATE   MM                        MM     MM       MM
  SINCE JUL 1     MM                        MM     MM       MM
  SNOW DEPTH      MM

DEGREE DAYS
 HEATING
  YESTERDAY       12                        13     -1        8
  MONTH TO DATE  116                       264   -148      225
  SINCE SEP 1    116                       266   -150      225
  SINCE JUL 1    141                       377   -236      295

 COOLING
  YESTERDAY        0                         0      0        0
  MONTH TO DATE   12                         5      7       25
  SINCE SEP 1     12                         5      7       25
  SINCE JAN 1    380                       156    224      280
..................................................................


WIND (MPH)
  HIGHEST WIND SPEED    22   HIGHEST WIND DIRECTION    NW (300)
  HIGHEST GUST SPEED    26   HIGHEST GUST DIRECTION    NW (310)
  AVERAGE WIND SPEED     7.5


SKY COVER
  POSSIBLE SUNSHINE  MM
  AVERAGE SKY COVER 0.4


WEATHER CONDITIONS
 THE FOLLOWING WEATHER WAS RECORDED YESTERDAY.
  NO SIGNIFICANT WEATHER WAS OBSERVED.


RELATIVE HUMIDITY (PERCENT)
 HIGHEST    77           600 AM
 LOWEST     24           300 PM
 AVERAGE    51

..........................................................


THE ALTURAS CA CLIMATE NORMALS FOR TODAY
                         NORMAL    RECORD    YEAR
 MAXIMUM TEMPERATURE (F)   72        91      2010
 MINIMUM TEMPERATURE (F)   31        17      1950


SUNRISE AND SUNSET
OCTOBER  1 2014.......SUNRISE   659 AM PDT   SUNSET   644 PM PDT
OCTOBER  2 2014.......SUNRISE   700 AM PDT   SUNSET   642 PM PDT


-  INDICATES NEGATIVE NUMBERS.
R  INDICATES RECORD WAS SET OR TIED.
MM INDICATES DATA IS MISSING.
T  INDICATES TRACE AMOUNT.




$$
