000
CDUS46 KMFR 170837
CLIAAT


CLIMATE REPORT
NATIONAL WEATHER SERVICE MEDFORD, OR
1236 AM PST TUE JAN 17 2017


...................................

...THE ALTURAS CA CLIMATE SUMMARY FOR JANUARY 16 2017...

CLIMATE NORMAL PERIOD 1981 TO 2010
CLIMATE RECORD PERIOD 1905 TO 2017


WEATHER ITEM   OBSERVED TIME   RECORD YEAR NORMAL DEPARTURE LAST
                VALUE   (LST)  VALUE       VALUE  FROM      YEAR
                                                  NORMAL
..................................................................
TEMPERATURE (F)
 YESTERDAY
  MAXIMUM         38    417 PM  62    1961  42     -4       41
  MINIMUM          9    611 AM -27    1917  18     -9       29
  AVERAGE         24                        30     -6       35

PRECIPITATION (IN)
  YESTERDAY        0.00          0.50 1952   0.04  -0.04     0.05
  MONTH TO DATE    2.97                      1.01   1.96     0.57
  SINCE OCT 1      6.72                      5.52   1.20     6.55
  SINCE JAN 1      2.97                      1.01   1.96     0.57

SNOWFALL (IN)
  YESTERDAY       MM                        MM     MM       MM
  MONTH TO DATE   MM                        MM     MM       MM
  SINCE JUL 1     MM                        MM     MM       MM
  SNOW DEPTH      MM

DEGREE DAYS
 HEATING
  YESTERDAY       41                        35      6       30
  MONTH TO DATE  694                       572    122      595
  SINCE DEC 1   1853                      1672    181     1704
  SINCE JUL 1   3361                      3482   -121     3231

 COOLING
  YESTERDAY        0                         0      0        0
  MONTH TO DATE    0                         0      0        0
  SINCE DEC 1      0                         0      0        0
  SINCE JAN 1      0                         0      0        0
..................................................................


WIND (MPH)
  HIGHEST WIND SPEED     8   HIGHEST WIND DIRECTION     E (90)
  HIGHEST GUST SPEED    12   HIGHEST GUST DIRECTION    SE (150)
  AVERAGE WIND SPEED     2.1


SKY COVER
  POSSIBLE SUNSHINE  MM
  AVERAGE SKY COVER 0.0


WEATHER CONDITIONS
 THE FOLLOWING WEATHER WAS RECORDED YESTERDAY.
  FOG


RELATIVE HUMIDITY (PERCENT)
 HIGHEST    92          1000 AM
 LOWEST     59           300 PM
 AVERAGE    76

..........................................................


THE ALTURAS CA CLIMATE NORMALS FOR TODAY
                         NORMAL    RECORD    YEAR
 MAXIMUM TEMPERATURE (F)   42        63      1961
 MINIMUM TEMPERATURE (F)   18       -31      1917


SUNRISE AND SUNSET
JANUARY 17 2017.......SUNRISE   725 AM PST   SUNSET   500 PM PST
JANUARY 18 2017.......SUNRISE   725 AM PST   SUNSET   501 PM PST


-  INDICATES NEGATIVE NUMBERS.
R  INDICATES RECORD WAS SET OR TIED.
MM INDICATES DATA IS MISSING.
T  INDICATES TRACE AMOUNT.




$$
