000
CDUS46 KMFR 220835
CLIAAT


CLIMATE REPORT
NATIONAL WEATHER SERVICE MEDFORD, OR
135 AM PDT TUE AUG 22 2017


...................................

...THE ALTURAS CA CLIMATE SUMMARY FOR AUGUST 21 2017...

CLIMATE NORMAL PERIOD 1981 TO 2010
CLIMATE RECORD PERIOD 1905 TO 2017


WEATHER ITEM   OBSERVED TIME   RECORD YEAR NORMAL DEPARTURE LAST
                VALUE   (LST)  VALUE       VALUE  FROM      YEAR
                                                  NORMAL
..................................................................
TEMPERATURE (F)
 YESTERDAY
  MAXIMUM         93    418 PM 102    1967  85      8       94
  MINIMUM         48    607 AM  31    1918  42      6       47
  AVERAGE         71                        64      7       71

PRECIPITATION (IN)
  YESTERDAY        0.00          0.55 2013   0.02  -0.02      T
  MONTH TO DATE    0.13                      0.24  -0.11      T
  SINCE OCT 1     15.23                     13.53   1.70    13.42
  SINCE JAN 1     11.48                      9.02   2.46     7.44

SNOWFALL (IN)
  YESTERDAY       MM                        MM     MM       MM
  MONTH TO DATE   MM                        MM     MM       MM
  SINCE JUL 1     MM                        MM     MM       MM
  SNOW DEPTH      MM

DEGREE DAYS
 HEATING
  YESTERDAY        0                         3     -3        0
  MONTH TO DATE    0                        33    -33        7
  SINCE JUN 1    110                       254   -144      165
  SINCE JUL 1      1                        74    -73       47

 COOLING
  YESTERDAY        6                         1      5        6
  MONTH TO DATE  121                        46     75       88
  SINCE JUN 1    382                       141    241      248
  SINCE JAN 1    382                       141    241      248
..................................................................


WIND (MPH)
  HIGHEST WIND SPEED    15   HIGHEST WIND DIRECTION     W (270)
  HIGHEST GUST SPEED    21   HIGHEST GUST DIRECTION     W (270)
  AVERAGE WIND SPEED     3.4


SKY COVER
  POSSIBLE SUNSHINE  MM
  AVERAGE SKY COVER 0.0


WEATHER CONDITIONS
 THE FOLLOWING WEATHER WAS RECORDED YESTERDAY.
  NO SIGNIFICANT WEATHER WAS OBSERVED.


RELATIVE HUMIDITY (PERCENT)
 HIGHEST    71           300 AM
 LOWEST     11           200 PM
 AVERAGE    41

..........................................................


THE ALTURAS CA CLIMATE NORMALS FOR TODAY
                         NORMAL    RECORD    YEAR
 MAXIMUM TEMPERATURE (F)   85       100      1967
 MINIMUM TEMPERATURE (F)   42        30      1973


SUNRISE AND SUNSET
AUGUST 22 2017........SUNRISE   619 AM PDT   SUNSET   751 PM PDT
AUGUST 23 2017........SUNRISE   620 AM PDT   SUNSET   749 PM PDT


-  INDICATES NEGATIVE NUMBERS.
R  INDICATES RECORD WAS SET OR TIED.
MM INDICATES DATA IS MISSING.
T  INDICATES TRACE AMOUNT.




$$
