960
CDUS46 KMFR 280835
CLIAAT


CLIMATE REPORT
NATIONAL WEATHER SERVICE MEDFORD, OR
135 AM PDT SUN AUG 28 2016


...................................

...THE ALTURAS CA CLIMATE SUMMARY FOR AUGUST 27 2016...

CLIMATE NORMAL PERIOD 1981 TO 2010
CLIMATE RECORD PERIOD 1905 TO 2016


WEATHER ITEM   OBSERVED TIME   RECORD YEAR NORMAL DEPARTURE LAST
                VALUE   (LST)  VALUE       VALUE  FROM      YEAR
                                                  NORMAL
..................................................................
TEMPERATURE (F)
 YESTERDAY
  MAXIMUM         88    350 PM 100    1915  84      4       90
  MINIMUM         41    540 AM  30    1995  41      0       48
  AVERAGE         65                        62      3       69

PRECIPITATION (IN)
  YESTERDAY        0.00          0.53 1942   0.01  -0.01     0.00
  MONTH TO DATE    T                         0.30  -0.30     0.27
  SINCE OCT 1     13.42                     13.59  -0.17    11.35
  SINCE JAN 1      7.44                      9.08  -1.64     6.84

SNOWFALL (IN)
  YESTERDAY       MM                        MM     MM       MM
  MONTH TO DATE   MM                        MM     MM       MM
  SINCE JUL 1     MM                        MM     MM       MM
  SNOW DEPTH      MM

DEGREE DAYS
 HEATING
  YESTERDAY        0                         4     -4        0
  MONTH TO DATE   15                        53    -38        5
  SINCE JUN 1    173                       274   -101       58
  SINCE JUL 1     55                        94    -39       28

 COOLING
  YESTERDAY        0                         1     -1        4
  MONTH TO DATE   91                        52     39       77
  SINCE JUN 1    251                       147    104      311
  SINCE JAN 1    251                       147    104      311
..................................................................


WIND (MPH)
  HIGHEST WIND SPEED    21   HIGHEST WIND DIRECTION     W (280)
  HIGHEST GUST SPEED    27   HIGHEST GUST DIRECTION     W (270)
  AVERAGE WIND SPEED     7.2


SKY COVER
  POSSIBLE SUNSHINE  MM
  AVERAGE SKY COVER 0.0


WEATHER CONDITIONS
 THE FOLLOWING WEATHER WAS RECORDED YESTERDAY.
  NO SIGNIFICANT WEATHER WAS OBSERVED.


RELATIVE HUMIDITY (PERCENT)
 HIGHEST    57           500 AM
 LOWEST     13           200 PM
 AVERAGE    35

..........................................................


THE ALTURAS CA CLIMATE NORMALS FOR TODAY
                         NORMAL    RECORD    YEAR
 MAXIMUM TEMPERATURE (F)   83       103      1915
 MINIMUM TEMPERATURE (F)   40        25      1905


SUNRISE AND SUNSET
AUGUST 28 2016........SUNRISE   625 AM PDT   SUNSET   741 PM PDT
AUGUST 29 2016........SUNRISE   626 AM PDT   SUNSET   739 PM PDT


-  INDICATES NEGATIVE NUMBERS.
R  INDICATES RECORD WAS SET OR TIED.
MM INDICATES DATA IS MISSING.
T  INDICATES TRACE AMOUNT.




$$
