000
CDUS41 KPHI 280628
CLIABE


CLIMATE REPORT
NATIONAL WEATHER SERVICE MOUNT HOLLY NJ
228 AM EDT SAT MAY 28 2016


...................................

...THE ALLENTOWN PA CLIMATE SUMMARY FOR MAY 27 2016...

CLIMATE NORMAL PERIOD 1981 TO 2010
CLIMATE RECORD PERIOD 1922 TO 2016


WEATHER ITEM   OBSERVED TIME   RECORD YEAR NORMAL DEPARTURE LAST
                VALUE   (LST)  VALUE       VALUE  FROM      YEAR
                                                  NORMAL
..................................................................
TEMPERATURE (F)
 YESTERDAY
  MAXIMUM         90    350 PM  91    1991  75     15       88
                                      1965
  MINIMUM         66    456 AM  38    1972  52     14       63
  AVERAGE         78                        63     15       76

PRECIPITATION (IN)
  YESTERDAY        0.17          1.34 1946   0.14   0.03     0.13
  MONTH TO DATE    3.26                      3.56  -0.30     0.22
  SINCE MAR 1      6.01                     10.51  -4.50     6.46
  SINCE JAN 1     15.04                     16.24  -1.20    11.01

SNOWFALL (IN)
  YESTERDAY        0.0           0.0    MM   0.0    0.0      0.0
  MONTH TO DATE    0.0                       0.0    0.0      0.0
  SINCE MAR 1      0.3                       5.9   -5.6     17.8
  SINCE JUL 1     36.2                      32.9    3.3     50.1
  SNOW DEPTH       0

DEGREE DAYS
 HEATING
  YESTERDAY        0                         4     -4        0
  MONTH TO DATE  194                       185      9       81
  SINCE MAR 1   1199                      1446   -247     1447
  SINCE JUL 1   4656                      5755  -1099     5928

 COOLING
  YESTERDAY       13                         2     11       11
  MONTH TO DATE   29                        28      1       91
  SINCE MAR 1     38                        33      5       91
  SINCE JAN 1     38                        33      5       91
..................................................................


WIND (MPH)
  HIGHEST WIND SPEED    16   HIGHEST WIND DIRECTION     S (200)
  HIGHEST GUST SPEED    21   HIGHEST GUST DIRECTION    SW (210)
  AVERAGE WIND SPEED     5.6


SKY COVER
  POSSIBLE SUNSHINE  MM
  AVERAGE SKY COVER 0.2


WEATHER CONDITIONS
 THE FOLLOWING WEATHER WAS RECORDED YESTERDAY.
  RAIN
  LIGHT RAIN
  FOG
  HAZE


RELATIVE HUMIDITY (PERCENT)
 HIGHEST    93           500 AM
 LOWEST     44           400 PM
 AVERAGE    69

..........................................................


THE ALLENTOWN PA CLIMATE NORMALS FOR TODAY
                         NORMAL    RECORD    YEAR
 MAXIMUM TEMPERATURE (F)   75        93      1941
 MINIMUM TEMPERATURE (F)   52        38      1997


SUNRISE AND SUNSET
MAY 28 2016...........SUNRISE   535 AM EDT   SUNSET   824 PM EDT
MAY 29 2016...........SUNRISE   534 AM EDT   SUNSET   825 PM EDT


-  INDICATES NEGATIVE NUMBERS.
R  INDICATES RECORD WAS SET OR TIED.
MM INDICATES DATA IS MISSING.
T  INDICATES TRACE AMOUNT.




$$
