284
CDUS41 KPHI 250546
CLIABE


CLIMATE REPORT
NATIONAL WEATHER SERVICE MOUNT HOLLY NJ
144 AM EDT MON SEP 25 2017


...................................

...THE ALLENTOWN PA CLIMATE SUMMARY FOR SEPTEMBER 24 2017...

CLIMATE NORMAL PERIOD 1981 TO 2010
CLIMATE RECORD PERIOD 1922 TO 2017


WEATHER ITEM   OBSERVED TIME   RECORD YEAR NORMAL DEPARTURE LAST
                VALUE   (LST)  VALUE       VALUE  FROM      YEAR
                                                  NORMAL
..................................................................
TEMPERATURE (F)
 YESTERDAY
  MAXIMUM         92R   232 PM  92    1970  72     20       75
  MINIMUM         62    617 AM  31    1963  50     12       51
  AVERAGE         77                        61     16       63

PRECIPITATION (IN)
  YESTERDAY        0.00          2.04 1975   0.18  -0.18     0.02
  MONTH TO DATE    3.80                      3.57   0.23     1.03
  SINCE SEP 1      3.80                      3.57   0.23     1.03
  SINCE JAN 1     42.94                     33.34   9.60    27.44

SNOWFALL (IN)
  YESTERDAY        0.0           0.0  2002   0.0    0.0      0.0
                                      2001
  MONTH TO DATE    0.0                       0.0    0.0      0.0
  SINCE SEP 1      0.0                       0.0    0.0      0.0
  SINCE JUL 1      0.0                       0.0    0.0      0.0
  SNOW DEPTH       0

DEGREE DAYS
 HEATING
  YESTERDAY        0                         5     -5        2
  MONTH TO DATE   37                        64    -27        4
  SINCE SEP 1     37                        64    -27        4
  SINCE JUL 1     41                        75    -34        4

 COOLING
  YESTERDAY       12                         1     11        0
  MONTH TO DATE  107                        66     41      176
  SINCE SEP 1    107                        66     41      176
  SINCE JAN 1    915                       745    170     1208
..................................................................


WIND (MPH)
  HIGHEST WIND SPEED    12   HIGHEST WIND DIRECTION     E (90)
  HIGHEST GUST SPEED    14   HIGHEST GUST DIRECTION    NE (60)
  AVERAGE WIND SPEED     2.4


SKY COVER
  POSSIBLE SUNSHINE  MM
  AVERAGE SKY COVER 0.0


WEATHER CONDITIONS
 THE FOLLOWING WEATHER WAS RECORDED YESTERDAY.
  NO SIGNIFICANT WEATHER WAS OBSERVED.


RELATIVE HUMIDITY (PERCENT)
 HIGHEST    90           300 AM
 LOWEST     41           400 PM
 AVERAGE    66

..........................................................


THE ALLENTOWN PA CLIMATE NORMALS FOR TODAY
                         NORMAL    RECORD    YEAR
 MAXIMUM TEMPERATURE (F)   71        92      1970
 MINIMUM TEMPERATURE (F)   49        33      1963


SUNRISE AND SUNSET
SEPTEMBER 25 2017.....SUNRISE   652 AM EDT   SUNSET   653 PM EDT
SEPTEMBER 26 2017.....SUNRISE   653 AM EDT   SUNSET   652 PM EDT


-  INDICATES NEGATIVE NUMBERS.
R  INDICATES RECORD WAS SET OR TIED.
MM INDICATES DATA IS MISSING.
T  INDICATES TRACE AMOUNT.




$$
