000
CDUS41 KPHI 300628
CLIABE


CLIMATE REPORT
NATIONAL WEATHER SERVICE MOUNT HOLLY NJ
227 AM EDT SAT MAY 30 2015


...................................

...THE ALLENTOWN PA CLIMATE SUMMARY FOR MAY 29 2015...

CLIMATE NORMAL PERIOD 1981 TO 2010
CLIMATE RECORD PERIOD 1922 TO 2015


WEATHER ITEM   OBSERVED TIME   RECORD YEAR NORMAL DEPARTURE LAST
                VALUE   (LST)  VALUE       VALUE  FROM      YEAR
                                                  NORMAL
..................................................................
TEMPERATURE (F)
 YESTERDAY
  MAXIMUM         89    234 PM  95    1969  75     14       59
  MINIMUM         55    503 AM  38    1949  53      2       53
  AVERAGE         72                        64      8       56

PRECIPITATION (IN)
  YESTERDAY        0.00          2.90 1990   0.14  -0.14     0.00
  MONTH TO DATE    0.22                      3.84  -3.62     4.27
  SINCE MAR 1      6.46                     10.79  -4.33    13.31
  SINCE JAN 1     11.01                     16.52  -5.51    22.30

SNOWFALL (IN)
  YESTERDAY        0.0           0.0    MM   0.0    0.0      0.0
  MONTH TO DATE    0.0                       0.0    0.0      0.0
  SINCE MAR 1     17.8                       5.9   11.9      1.4
  SINCE JUL 1     50.1                      32.9   17.2     68.1
  SNOW DEPTH       0

DEGREE DAYS
 HEATING
  YESTERDAY        0                         3     -3        9
  MONTH TO DATE   81                       192   -111      130
  SINCE MAR 1   1447                      1453     -6     1554
  SINCE JUL 1   5928                      5762    166     6152

 COOLING
  YESTERDAY        7                         2      5        0
  MONTH TO DATE  109                        32     77       30
  SINCE MAR 1    109                        37     72       37
  SINCE JAN 1    109                        37     72       37
..................................................................


WIND (MPH)
  HIGHEST WIND SPEED    14   HIGHEST WIND DIRECTION    SE (150)
  HIGHEST GUST SPEED    17   HIGHEST GUST DIRECTION    SE (130)
  AVERAGE WIND SPEED     5.4


SKY COVER
  POSSIBLE SUNSHINE  MM
  AVERAGE SKY COVER 0.1


WEATHER CONDITIONS
 THE FOLLOWING WEATHER WAS RECORDED YESTERDAY.
  NO SIGNIFICANT WEATHER WAS OBSERVED.


RELATIVE HUMIDITY (PERCENT)
 HIGHEST    86           400 AM
 LOWEST     32           100 PM
 AVERAGE    59

..........................................................


THE ALLENTOWN PA CLIMATE NORMALS FOR TODAY
                         NORMAL    RECORD    YEAR
 MAXIMUM TEMPERATURE (F)   76        94      1987
 MINIMUM TEMPERATURE (F)   53        36      1949


SUNRISE AND SUNSET
MAY 30 2015...........SUNRISE   534 AM EDT   SUNSET   825 PM EDT
MAY 31 2015...........SUNRISE   534 AM EDT   SUNSET   826 PM EDT


-  INDICATES NEGATIVE NUMBERS.
R  INDICATES RECORD WAS SET OR TIED.
MM INDICATES DATA IS MISSING.
T  INDICATES TRACE AMOUNT.




$$
