407
CDUS41 KPHI 230547
CLIABE


CLIMATE REPORT
NATIONAL WEATHER SERVICE MOUNT HOLLY NJ
1247 AM EST THU NOV 23 2017


...................................

...THE ALLENTOWN PA CLIMATE SUMMARY FOR NOVEMBER 22 2017...

CLIMATE NORMAL PERIOD 1981 TO 2010
CLIMATE RECORD PERIOD 1922 TO 2017


WEATHER ITEM   OBSERVED TIME   RECORD YEAR NORMAL DEPARTURE LAST
                VALUE   (LST)  VALUE       VALUE  FROM      YEAR
                                                  NORMAL
..................................................................
TEMPERATURE (F)
 YESTERDAY
  MAXIMUM         54   1041 AM  73    1931  50      4       44
  MINIMUM         33   1154 PM  15    2014  31      2       32
  AVERAGE         44                        40      4       38

PRECIPITATION (IN)
  YESTERDAY        0.01          2.17 1952   0.13  -0.12     0.00
  MONTH TO DATE    1.51                      2.47  -0.96     0.60
  SINCE SEP 1      9.12                     10.97  -1.85     5.25
  SINCE JAN 1     48.26                     40.74   7.52    31.66

SNOWFALL (IN)
  YESTERDAY       MM             0.5  1989   0.1   MM        0.0
  MONTH TO DATE    T                         0.3   -0.3       T
  SINCE SEP 1      T                         0.3   -0.3       T
  SINCE JUL 1      T                         0.3   -0.3       T
  SNOW DEPTH       0

DEGREE DAYS
 HEATING
  YESTERDAY       21                        24     -3       27
  MONTH TO DATE  463                       459      4      392
  SINCE SEP 1    715                       959   -244      730
  SINCE JUL 1    719                       970   -251      730

 COOLING
  YESTERDAY        0                         0      0        0
  MONTH TO DATE    0                         0      0        0
  SINCE SEP 1    196                        78    118      191
  SINCE JAN 1   1004                       757    247     1223
..................................................................


WIND (MPH)
  HIGHEST WIND SPEED    23   HIGHEST WIND DIRECTION    NW (320)
  HIGHEST GUST SPEED    31   HIGHEST GUST DIRECTION    NW (310)
  AVERAGE WIND SPEED     8.2


SKY COVER
  POSSIBLE SUNSHINE  MM
  AVERAGE SKY COVER 0.6


WEATHER CONDITIONS
 THE FOLLOWING WEATHER WAS RECORDED YESTERDAY.
  LIGHT RAIN
  HAZE


RELATIVE HUMIDITY (PERCENT)
 HIGHEST    89           500 AM
 LOWEST     49           500 PM
 AVERAGE    69

..........................................................


THE ALLENTOWN PA CLIMATE NORMALS FOR TODAY
                         NORMAL    RECORD    YEAR
 MAXIMUM TEMPERATURE (F)   49        72      1931
 MINIMUM TEMPERATURE (F)   31        16      2000
                                             1964


SUNRISE AND SUNSET
NOVEMBER 23 2017......SUNRISE   658 AM EST   SUNSET   438 PM EST
NOVEMBER 24 2017......SUNRISE   659 AM EST   SUNSET   438 PM EST


-  INDICATES NEGATIVE NUMBERS.
R  INDICATES RECORD WAS SET OR TIED.
MM INDICATES DATA IS MISSING.
T  INDICATES TRACE AMOUNT.




$$
