000
CDUS41 KPHI 270628
CLIABE


CLIMATE REPORT
NATIONAL WEATHER SERVICE MOUNT HOLLY NJ
128 AM EST MON FEB 27 2017


...................................

...THE ALLENTOWN PA CLIMATE SUMMARY FOR FEBRUARY 26 2017...

CLIMATE NORMAL PERIOD 1981 TO 2010
CLIMATE RECORD PERIOD 1922 TO 2017


WEATHER ITEM   OBSERVED TIME   RECORD YEAR NORMAL DEPARTURE LAST
                VALUE   (LST)  VALUE       VALUE  FROM      YEAR
                                                  NORMAL
..................................................................
TEMPERATURE (F)
 YESTERDAY
  MAXIMUM         42   1207 AM  65    1976  43     -1       37
  MINIMUM         24   1104 PM   4    1970  24      0       25
  AVERAGE         33                        33      0       31

PRECIPITATION (IN)
  YESTERDAY        0.00          0.95 1962   0.10  -0.10      T
  MONTH TO DATE    1.70                      2.51  -0.81     5.83
  SINCE DEC 1      7.52                      9.12  -1.60    13.20
  SINCE JAN 1      5.09                      5.54  -0.45     9.00

SNOWFALL (IN)
  YESTERDAY        0.0           3.5  1934   0.3   -0.3       T
  MONTH TO DATE    7.1                      10.5   -3.4      3.6
  SINCE DEC 1     10.0                      25.7  -15.7     35.9
  SINCE JUL 1     10.0                      26.4  -16.4     35.9
  SNOW DEPTH       0

DEGREE DAYS
 HEATING
  YESTERDAY       32                        32      0       34
  MONTH TO DATE  674                       896   -222      817
  SINCE DEC 1   2554                      3066   -512     2504
  SINCE JUL 1   3459                      4246   -787     3386

 COOLING
  YESTERDAY        0                         0      0        0
  MONTH TO DATE    0                         0      0        0
  SINCE DEC 1      0                         0      0        0
  SINCE JAN 1      0                         0      0        0
..................................................................


WIND (MPH)
  HIGHEST WIND SPEED    24   HIGHEST WIND DIRECTION     W (290)
  HIGHEST GUST SPEED    34   HIGHEST GUST DIRECTION    NW (300)
  AVERAGE WIND SPEED    11.6


SKY COVER
  POSSIBLE SUNSHINE  MM
  AVERAGE SKY COVER 0.6


WEATHER CONDITIONS
 THE FOLLOWING WEATHER WAS RECORDED YESTERDAY.
  NO SIGNIFICANT WEATHER WAS OBSERVED.


RELATIVE HUMIDITY (PERCENT)
 HIGHEST    58          1100 PM
 LOWEST     37           400 PM
 AVERAGE    48

..........................................................


THE ALLENTOWN PA CLIMATE NORMALS FOR TODAY
                         NORMAL    RECORD    YEAR
 MAXIMUM TEMPERATURE (F)   43        72      1997
 MINIMUM TEMPERATURE (F)   24        -2      1963


SUNRISE AND SUNSET
FEBRUARY 27 2017......SUNRISE   638 AM EST   SUNSET   551 PM EST
FEBRUARY 28 2017......SUNRISE   637 AM EST   SUNSET   552 PM EST


-  INDICATES NEGATIVE NUMBERS.
R  INDICATES RECORD WAS SET OR TIED.
MM INDICATES DATA IS MISSING.
T  INDICATES TRACE AMOUNT.




$$
