000
CDUS41 KPHI 112137 CCA
CLIABE

CLIMATE REPORT
NATIONAL WEATHER SERVICE MOUNT HOLLY NJ
532 PM EDT FRI JUL 11 2014


...................................

...THE ALLENTOWN PA CLIMATE SUMMARY FOR JULY 11 2014...
VALID TODAY AS OF 0500 PM LOCAL TIME.

CLIMATE NORMAL PERIOD 1981 TO 2010
CLIMATE RECORD PERIOD 1922 TO 2014


WEATHER ITEM   OBSERVED TIME   RECORD YEAR NORMAL DEPARTURE LAST
                VALUE   (LST)  VALUE       VALUE  FROM      YEAR
                                                  NORMAL
..................................................................
TEMPERATURE (F)
 TODAY
  MAXIMUM         86    247 PM 100    1936  84      2       86
  MINIMUM         63    352 AM  50    1996  63      0       68
  AVERAGE         75                        74      1       77

PRECIPITATION (IN)
  TODAY            0.00          1.17 1950   0.17  -0.17      T
  MONTH TO DATE    1.06                      1.71  -0.65     1.27
  SINCE JUN 1      6.46                      6.02   0.44     8.10
  SINCE JAN 1     28.76                     22.84   5.92    21.65

SNOWFALL (IN)
  TODAY            0.0           0.0  2002   0.0    0.0      0.0
                                      2001
  MONTH TO DATE    0.0                       0.0    0.0      0.0
  SINCE JUN 1      0.0                       0.0    0.0      0.0
  SINCE JUL 1      0.0                       0.0    0.0      0.0
  SNOW DEPTH       0

DEGREE DAYS
 HEATING
  TODAY            0                         0      0        0
  MONTH TO DATE    0                         0      0        0
  SINCE JUN 1      4                        33    -29        9
  SINCE JUL 1      0                         0      0        0

 COOLING
  TODAY           10                         9      1       12
  MONTH TO DATE  121                        91     30      151
  SINCE JUN 1    303                       246     57      342
  SINCE JAN 1    342                       291     51      414
..................................................................


WIND (MPH)
  HIGHEST WIND SPEED    13   HIGHEST WIND DIRECTION    NE (60)
  HIGHEST GUST SPEED    17   HIGHEST GUST DIRECTION     E (80)
  AVERAGE WIND SPEED     4.5


SKY COVER
  POSSIBLE SUNSHINE  MM
  AVERAGE SKY COVER 0.3


WEATHER CONDITIONS
 THE FOLLOWING WEATHER WAS RECORDED TODAY.
  FOG



RELATIVE HUMIDITY (PERCENT)
 HIGHEST   100           400 AM
 LOWEST     40           300 PM
 AVERAGE    70

..........................................................


THE ALLENTOWN PA CLIMATE NORMALS FOR TOMORROW
                         NORMAL    RECORD    YEAR
 MAXIMUM TEMPERATURE (F)   84        98      1966
 MINIMUM TEMPERATURE (F)   63        48      2002
                                             1945


SUNRISE AND SUNSET
JULY 11 2014..........SUNRISE   541 AM EDT   SUNSET   834 PM EDT
JULY 12 2014..........SUNRISE   541 AM EDT   SUNSET   833 PM EDT


-  INDICATES NEGATIVE NUMBERS.
R  INDICATES RECORD WAS SET OR TIED.
MM INDICATES DATA IS MISSING.
T  INDICATES TRACE AMOUNT.




$$

HAZE REMOVED.
