000
CDUS41 KPHI 200627
CLIABE


CLIMATE REPORT
NATIONAL WEATHER SERVICE MOUNT HOLLY NJ
226 AM EDT MON OCT 20 2014


...................................

...THE ALLENTOWN PA CLIMATE SUMMARY FOR OCTOBER 19 2014...

CLIMATE NORMAL PERIOD 1981 TO 2010
CLIMATE RECORD PERIOD 1922 TO 2014


WEATHER ITEM   OBSERVED TIME   RECORD YEAR NORMAL DEPARTURE LAST
                VALUE   (LST)  VALUE       VALUE  FROM      YEAR
                                                  NORMAL
..................................................................
TEMPERATURE (F)
 YESTERDAY
  MAXIMUM         53    333 PM  82    1963  63    -10       62
  MINIMUM         36   1152 PM  24    1974  40     -4       37
  AVERAGE         45                        51     -6       50

PRECIPITATION (IN)
  YESTERDAY        0.00          3.67 1996   0.12  -0.12     0.07
  MONTH TO DATE    2.22                      2.55  -0.33     2.37
  SINCE SEP 1      3.75                      7.17  -3.42     4.45
  SINCE JAN 1     37.74                     36.94   0.80    39.29

SNOWFALL (IN)
  YESTERDAY        0.0           1.2  1972   0.0    0.0      0.0
  MONTH TO DATE    0.0                       0.0    0.0      0.0
  SINCE SEP 1      0.0                       0.0    0.0      0.0
  SINCE JUL 1      0.0                       0.0    0.0      0.0
  SNOW DEPTH       0

DEGREE DAYS
 HEATING
  YESTERDAY       20                        14      6       15
  MONTH TO DATE  140                       208    -68       90
  SINCE SEP 1    215                       312    -97      210
  SINCE JUL 1    219                       323   -104      214

 COOLING
  YESTERDAY        0                         0      0        0
  MONTH TO DATE   12                         3      9       24
  SINCE SEP 1    120                        74     46      102
  SINCE JAN 1    807                       753     54      927
..................................................................


WIND (MPH)
  HIGHEST WIND SPEED    24   HIGHEST WIND DIRECTION     N (340)
  HIGHEST GUST SPEED    32   HIGHEST GUST DIRECTION    NW (300)
  AVERAGE WIND SPEED    10.0


SKY COVER
  POSSIBLE SUNSHINE  MM
  AVERAGE SKY COVER 0.4


WEATHER CONDITIONS
 THE FOLLOWING WEATHER WAS RECORDED YESTERDAY.
  NO SIGNIFICANT WEATHER WAS OBSERVED.


RELATIVE HUMIDITY (PERCENT)
 HIGHEST    66           400 AM
 LOWEST     35           300 PM
 AVERAGE    51

..........................................................


THE ALLENTOWN PA CLIMATE NORMALS FOR TODAY
                         NORMAL    RECORD    YEAR
 MAXIMUM TEMPERATURE (F)   62        78      1936
 MINIMUM TEMPERATURE (F)   40        24      1972


SUNRISE AND SUNSET
OCTOBER 20 2014.......SUNRISE   718 AM EDT   SUNSET   614 PM EDT
OCTOBER 21 2014.......SUNRISE   719 AM EDT   SUNSET   613 PM EDT


-  INDICATES NEGATIVE NUMBERS.
R  INDICATES RECORD WAS SET OR TIED.
MM INDICATES DATA IS MISSING.
T  INDICATES TRACE AMOUNT.




$$
